{"id":22437,"date":"2024-08-01T15:59:39","date_gmt":"2024-08-01T13:59:39","guid":{"rendered":"https:\/\/ebrexperience.cat\/events\/terres-travel-festival\/"},"modified":"2024-08-07T15:41:22","modified_gmt":"2024-08-07T13:41:22","slug":"terres-travel-festival","status":"publish","type":"ajde_events","link":"https:\/\/ebrexperience.cat\/es\/events\/terres-travel-festival\/","title":{"rendered":"Terres Travel Festival"},"content":{"rendered":"\n<p>Terres Travel Festival, quiere reunir producciones que incentiven la magia del viaje -especialmente el descubrimiento de entornos naturales- y que promuevan el desarrollo sostenible.&#13;\nLa octava edici\u00f3n se celebrar\u00e1 del 13 al 21 de septiembre.&#13;\nBienvenido a terres<\/p>\n\n<p>Con <strong>terres LAB<\/strong>, queremos explorar las tendencias m\u00e1s innovadoras en la representaci\u00f3n audiovisual de la experiencia del viaje.<\/p>\n\n<p>El festival tiene lugar en Tortosa, la mayor ciudad de las Terres de l&#8217;Ebre. El 35% de la regi\u00f3n se encuentra protegida por 2 parques naturales: el Delta del Ebro y Els Ports. Su patrimonio natural disfruta del amparo del sello RESERVA DE LA BIOSFERA de la UNESCO.<\/p>\n\n<p>Filmsn\u00f3madas es una productora situada en las Terres de l&#8217;Ebre. Desde 2008 hemos producido m\u00e1s de 50 documentales, spots de publicidad y filmes promocionales de regiones y ciudades.<\/p>\n\n<p>Nuestro festival ha recibido el distintivo <a href=\"http:\/\/www.effe.eu\/festival\/terres-catalunya-international-eco-tourism-film-festival\"><strong>EFFE<\/strong><\/a>\u00a0por su vocaci\u00f3n de vertebraci\u00f3n territorial y el impulso al fomento de la creatividad.<\/p>\n\n<p><a href=\"http:\/\/ebrexperience.cat\/agenda\">Otros eventos<\/a><\/p>\n","protected":false},"author":96,"featured_media":22426,"menu_order":0,"comment_status":"closed","ping_status":"closed","template":"","meta":{"_acf_changed":false},"tags":[],"event_type":[253],"event_type_2":[],"event_type_3":[],"class_list":["post-22437","ajde_events","type-ajde_events","status-publish","has-post-thumbnail","hentry","event_type-tortosa-es"],"acf":[],"yoast_head":"<!-- This site is optimized with the Yoast SEO plugin v27.5 - https:\/\/yoast.com\/product\/yoast-seo-wordpress\/ -->\n<title>Terres Travel Festival - Ebrexperience<\/title>\n<meta name=\"robots\" content=\"index, follow, max-snippet:-1, max-image-preview:large, max-video-preview:-1\" \/>\n<link rel=\"canonical\" href=\"https:\/\/ebrexperience.cat\/es\/events\/terres-travel-festival\/\" \/>\n<meta property=\"og:locale\" content=\"es_ES\" \/>\n<meta property=\"og:type\" content=\"article\" \/>\n<meta property=\"og:title\" content=\"Terres Travel Festival - Ebrexperience\" \/>\n<meta property=\"og:description\" content=\"Terres Travel Festival, quiere reunir producciones que incentiven la magia del viaje -especialmente el descubrimiento de entornos naturales- y que promuevan el desarrollo sostenible.&#013; La octava edici\u00f3n se celebrar\u00e1 del 13 al 21 de septiembre.&#013; Bienvenido a terres Con terres LAB, queremos explorar las tendencias m\u00e1s innovadoras en la representaci\u00f3n audiovisual de la experiencia del &hellip;\" \/>\n<meta property=\"og:url\" content=\"https:\/\/ebrexperience.cat\/es\/events\/terres-travel-festival\/\" \/>\n<meta property=\"og:site_name\" content=\"Ebrexperience\" \/>\n<meta property=\"article:publisher\" content=\"https:\/\/www.facebook.com\/EbreXperience\/\" \/>\n<meta property=\"article:modified_time\" content=\"2024-08-07T13:41:22+00:00\" \/>\n<meta property=\"og:image\" content=\"https:\/\/ebrexperience.cat\/wp-content\/uploads\/2024\/08\/teres_travel.jpg\" \/>\n\t<meta property=\"og:image:width\" content=\"685\" \/>\n\t<meta property=\"og:image:height\" content=\"589\" \/>\n\t<meta property=\"og:image:type\" content=\"image\/jpeg\" \/>\n<meta name=\"twitter:card\" content=\"summary_large_image\" \/>\n<meta name=\"twitter:site\" content=\"@ebrexperience\" \/>\n<meta name=\"twitter:label1\" content=\"Tiempo de lectura\" \/>\n\t<meta name=\"twitter:data1\" content=\"1 minuto\" \/>\n<script type=\"application\/ld+json\" class=\"yoast-schema-graph\">{\"@context\":\"https:\\\/\\\/schema.org\",\"@graph\":[{\"@type\":\"WebPage\",\"@id\":\"https:\\\/\\\/ebrexperience.cat\\\/es\\\/events\\\/terres-travel-festival\\\/\",\"url\":\"https:\\\/\\\/ebrexperience.cat\\\/es\\\/events\\\/terres-travel-festival\\\/\",\"name\":\"Terres Travel Festival - Ebrexperience\",\"isPartOf\":{\"@id\":\"https:\\\/\\\/ebrexperience.cat\\\/#website\"},\"primaryImageOfPage\":{\"@id\":\"https:\\\/\\\/ebrexperience.cat\\\/es\\\/events\\\/terres-travel-festival\\\/#primaryimage\"},\"image\":{\"@id\":\"https:\\\/\\\/ebrexperience.cat\\\/es\\\/events\\\/terres-travel-festival\\\/#primaryimage\"},\"thumbnailUrl\":\"https:\\\/\\\/ebrexperience.cat\\\/wp-content\\\/uploads\\\/2024\\\/08\\\/teres_travel.jpg\",\"datePublished\":\"2024-08-01T13:59:39+00:00\",\"dateModified\":\"2024-08-07T13:41:22+00:00\",\"breadcrumb\":{\"@id\":\"https:\\\/\\\/ebrexperience.cat\\\/es\\\/events\\\/terres-travel-festival\\\/#breadcrumb\"},\"inLanguage\":\"es\",\"potentialAction\":[{\"@type\":\"ReadAction\",\"target\":[\"https:\\\/\\\/ebrexperience.cat\\\/es\\\/events\\\/terres-travel-festival\\\/\"]}]},{\"@type\":\"ImageObject\",\"inLanguage\":\"es\",\"@id\":\"https:\\\/\\\/ebrexperience.cat\\\/es\\\/events\\\/terres-travel-festival\\\/#primaryimage\",\"url\":\"https:\\\/\\\/ebrexperience.cat\\\/wp-content\\\/uploads\\\/2024\\\/08\\\/teres_travel.jpg\",\"contentUrl\":\"https:\\\/\\\/ebrexperience.cat\\\/wp-content\\\/uploads\\\/2024\\\/08\\\/teres_travel.jpg\",\"width\":685,\"height\":589,\"caption\":\"Terres Travel Festival\"},{\"@type\":\"BreadcrumbList\",\"@id\":\"https:\\\/\\\/ebrexperience.cat\\\/es\\\/events\\\/terres-travel-festival\\\/#breadcrumb\",\"itemListElement\":[{\"@type\":\"ListItem\",\"position\":1,\"name\":\"Portada\",\"item\":\"https:\\\/\\\/ebrexperience.cat\\\/es\\\/\"},{\"@type\":\"ListItem\",\"position\":2,\"name\":\"Events\",\"item\":\"https:\\\/\\\/ebrexperience.cat\\\/events\\\/\"},{\"@type\":\"ListItem\",\"position\":3,\"name\":\"Terres Travel Festival\"}]},{\"@type\":\"WebSite\",\"@id\":\"https:\\\/\\\/ebrexperience.cat\\\/#website\",\"url\":\"https:\\\/\\\/ebrexperience.cat\\\/\",\"name\":\"Ebrexperience\",\"description\":\"\",\"publisher\":{\"@id\":\"https:\\\/\\\/ebrexperience.cat\\\/#organization\"},\"potentialAction\":[{\"@type\":\"SearchAction\",\"target\":{\"@type\":\"EntryPoint\",\"urlTemplate\":\"https:\\\/\\\/ebrexperience.cat\\\/?s={search_term_string}\"},\"query-input\":{\"@type\":\"PropertyValueSpecification\",\"valueRequired\":true,\"valueName\":\"search_term_string\"}}],\"inLanguage\":\"es\"},{\"@type\":\"Organization\",\"@id\":\"https:\\\/\\\/ebrexperience.cat\\\/#organization\",\"name\":\"Ebrexperience\",\"url\":\"https:\\\/\\\/ebrexperience.cat\\\/\",\"logo\":{\"@type\":\"ImageObject\",\"inLanguage\":\"es\",\"@id\":\"https:\\\/\\\/ebrexperience.cat\\\/#\\\/schema\\\/logo\\\/image\\\/\",\"url\":\"https:\\\/\\\/ebrexperience.cat\\\/wp-content\\\/uploads\\\/2023\\\/03\\\/logo.png\",\"contentUrl\":\"https:\\\/\\\/ebrexperience.cat\\\/wp-content\\\/uploads\\\/2023\\\/03\\\/logo.png\",\"width\":252,\"height\":45,\"caption\":\"Ebrexperience\"},\"image\":{\"@id\":\"https:\\\/\\\/ebrexperience.cat\\\/#\\\/schema\\\/logo\\\/image\\\/\"},\"sameAs\":[\"https:\\\/\\\/www.facebook.com\\\/EbreXperience\\\/\",\"https:\\\/\\\/x.com\\\/ebrexperience\",\"https:\\\/\\\/www.instagram.com\\\/ebrexperience\\\/\"]}]}<\/script>\n<!-- \/ Yoast SEO plugin. -->","yoast_head_json":{"title":"Terres Travel Festival - Ebrexperience","robots":{"index":"index","follow":"follow","max-snippet":"max-snippet:-1","max-image-preview":"max-image-preview:large","max-video-preview":"max-video-preview:-1"},"canonical":"https:\/\/ebrexperience.cat\/es\/events\/terres-travel-festival\/","og_locale":"es_ES","og_type":"article","og_title":"Terres Travel Festival - Ebrexperience","og_description":"Terres Travel Festival, quiere reunir producciones que incentiven la magia del viaje -especialmente el descubrimiento de entornos naturales- y que promuevan el desarrollo sostenible.&#13; La octava edici\u00f3n se celebrar\u00e1 del 13 al 21 de septiembre.&#13; Bienvenido a terres Con terres LAB, queremos explorar las tendencias m\u00e1s innovadoras en la representaci\u00f3n audiovisual de la experiencia del &hellip;","og_url":"https:\/\/ebrexperience.cat\/es\/events\/terres-travel-festival\/","og_site_name":"Ebrexperience","article_publisher":"https:\/\/www.facebook.com\/EbreXperience\/","article_modified_time":"2024-08-07T13:41:22+00:00","og_image":[{"width":685,"height":589,"url":"https:\/\/ebrexperience.cat\/wp-content\/uploads\/2024\/08\/teres_travel.jpg","type":"image\/jpeg"}],"twitter_card":"summary_large_image","twitter_site":"@ebrexperience","twitter_misc":{"Tiempo de lectura":"1 minuto"},"schema":{"@context":"https:\/\/schema.org","@graph":[{"@type":"WebPage","@id":"https:\/\/ebrexperience.cat\/es\/events\/terres-travel-festival\/","url":"https:\/\/ebrexperience.cat\/es\/events\/terres-travel-festival\/","name":"Terres Travel Festival - Ebrexperience","isPartOf":{"@id":"https:\/\/ebrexperience.cat\/#website"},"primaryImageOfPage":{"@id":"https:\/\/ebrexperience.cat\/es\/events\/terres-travel-festival\/#primaryimage"},"image":{"@id":"https:\/\/ebrexperience.cat\/es\/events\/terres-travel-festival\/#primaryimage"},"thumbnailUrl":"https:\/\/ebrexperience.cat\/wp-content\/uploads\/2024\/08\/teres_travel.jpg","datePublished":"2024-08-01T13:59:39+00:00","dateModified":"2024-08-07T13:41:22+00:00","breadcrumb":{"@id":"https:\/\/ebrexperience.cat\/es\/events\/terres-travel-festival\/#breadcrumb"},"inLanguage":"es","potentialAction":[{"@type":"ReadAction","target":["https:\/\/ebrexperience.cat\/es\/events\/terres-travel-festival\/"]}]},{"@type":"ImageObject","inLanguage":"es","@id":"https:\/\/ebrexperience.cat\/es\/events\/terres-travel-festival\/#primaryimage","url":"https:\/\/ebrexperience.cat\/wp-content\/uploads\/2024\/08\/teres_travel.jpg","contentUrl":"https:\/\/ebrexperience.cat\/wp-content\/uploads\/2024\/08\/teres_travel.jpg","width":685,"height":589,"caption":"Terres Travel Festival"},{"@type":"BreadcrumbList","@id":"https:\/\/ebrexperience.cat\/es\/events\/terres-travel-festival\/#breadcrumb","itemListElement":[{"@type":"ListItem","position":1,"name":"Portada","item":"https:\/\/ebrexperience.cat\/es\/"},{"@type":"ListItem","position":2,"name":"Events","item":"https:\/\/ebrexperience.cat\/events\/"},{"@type":"ListItem","position":3,"name":"Terres Travel Festival"}]},{"@type":"WebSite","@id":"https:\/\/ebrexperience.cat\/#website","url":"https:\/\/ebrexperience.cat\/","name":"Ebrexperience","description":"","publisher":{"@id":"https:\/\/ebrexperience.cat\/#organization"},"potentialAction":[{"@type":"SearchAction","target":{"@type":"EntryPoint","urlTemplate":"https:\/\/ebrexperience.cat\/?s={search_term_string}"},"query-input":{"@type":"PropertyValueSpecification","valueRequired":true,"valueName":"search_term_string"}}],"inLanguage":"es"},{"@type":"Organization","@id":"https:\/\/ebrexperience.cat\/#organization","name":"Ebrexperience","url":"https:\/\/ebrexperience.cat\/","logo":{"@type":"ImageObject","inLanguage":"es","@id":"https:\/\/ebrexperience.cat\/#\/schema\/logo\/image\/","url":"https:\/\/ebrexperience.cat\/wp-content\/uploads\/2023\/03\/logo.png","contentUrl":"https:\/\/ebrexperience.cat\/wp-content\/uploads\/2023\/03\/logo.png","width":252,"height":45,"caption":"Ebrexperience"},"image":{"@id":"https:\/\/ebrexperience.cat\/#\/schema\/logo\/image\/"},"sameAs":["https:\/\/www.facebook.com\/EbreXperience\/","https:\/\/x.com\/ebrexperience","https:\/\/www.instagram.com\/ebrexperience\/"]}]}},"_links":{"self":[{"href":"https:\/\/ebrexperience.cat\/es\/wp-json\/wp\/v2\/ajde_events\/22437","targetHints":{"allow":["GET"]}}],"collection":[{"href":"https:\/\/ebrexperience.cat\/es\/wp-json\/wp\/v2\/ajde_events"}],"about":[{"href":"https:\/\/ebrexperience.cat\/es\/wp-json\/wp\/v2\/types\/ajde_events"}],"author":[{"embeddable":true,"href":"https:\/\/ebrexperience.cat\/es\/wp-json\/wp\/v2\/users\/96"}],"replies":[{"embeddable":true,"href":"https:\/\/ebrexperience.cat\/es\/wp-json\/wp\/v2\/comments?post=22437"}],"wp:featuredmedia":[{"embeddable":true,"href":"https:\/\/ebrexperience.cat\/es\/wp-json\/wp\/v2\/media\/22426"}],"wp:attachment":[{"href":"https:\/\/ebrexperience.cat\/es\/wp-json\/wp\/v2\/media?parent=22437"}],"wp:term":[{"taxonomy":"post_tag","embeddable":true,"href":"https:\/\/ebrexperience.cat\/es\/wp-json\/wp\/v2\/tags?post=22437"},{"taxonomy":"event_type","embeddable":true,"href":"https:\/\/ebrexperience.cat\/es\/wp-json\/wp\/v2\/event_type?post=22437"},{"taxonomy":"event_type_2","embeddable":true,"href":"https:\/\/ebrexperience.cat\/es\/wp-json\/wp\/v2\/event_type_2?post=22437"},{"taxonomy":"event_type_3","embeddable":true,"href":"https:\/\/ebrexperience.cat\/es\/wp-json\/wp\/v2\/event_type_3?post=22437"}],"curies":[{"name":"wp","href":"https:\/\/api.w.org\/{rel}","templated":true}]}}

<p>Terres Travel Festival, quiere reunir producciones que incentiven la magia del viaje -especialmente el descubrimiento de entornos naturales- y que promuevan el desarrollo sostenible.&#13;
La octava edición se celebrará del 13 al 21 de septiembre.&#13;
Bienvenido a terres</p>

<p>Con <strong>terres LAB</strong>, queremos explorar las tendencias más innovadoras en la representación audiovisual de la experiencia del viaje.</p>

<p>El festival tiene lugar en Tortosa, la mayor ciudad de las Terres de l&#8217;Ebre. El 35% de la región se encuentra protegida por 2 parques naturales: el Delta del Ebro y Els Ports. Su patrimonio natural disfruta del amparo del sello RESERVA DE LA BIOSFERA de la UNESCO.</p>

<p>Filmsnómadas es una productora situada en las Terres de l&#8217;Ebre. Desde 2008 hemos producido más de 50 documentales, spots de publicidad y filmes promocionales de regiones y ciudades.</p>

<p>Nuestro festival ha recibido el distintivo <a href="http://www.effe.eu/festival/terres-catalunya-international-eco-tourism-film-festival"><strong>EFFE</strong></a> por su vocación de vertebración territorial y el impulso al fomento de la creatividad.</p>

<p><a href="http://ebrexperience.cat/agenda">Otros eventos</a></p>

<!-- This site is optimized with the Yoast SEO plugin v27.5 - https://yoast.com/product/yoast-seo-wordpress/ -->
<title>Terres Travel Festival - Ebrexperience</title>
<meta name="robots" content="index, follow, max-snippet:-1, max-image-preview:large, max-video-preview:-1" />
<link rel="canonical" href="https://ebrexperience.cat/es/events/terres-travel-festival/" />
<meta property="og:locale" content="es_ES" />
<meta property="og:type" content="article" />
<meta property="og:title" content="Terres Travel Festival - Ebrexperience" />
<meta property="og:description" content="Terres Travel Festival, quiere reunir producciones que incentiven la magia del viaje -especialmente el descubrimiento de entornos naturales- y que promuevan el desarrollo sostenible.&#013; La octava edición se celebrará del 13 al 21 de septiembre.&#013; Bienvenido a terres Con terres LAB, queremos explorar las tendencias más innovadoras en la representación audiovisual de la experiencia del &hellip;" />
<meta property="og:url" content="https://ebrexperience.cat/es/events/terres-travel-festival/" />
<meta property="og:site_name" content="Ebrexperience" />
<meta property="article:publisher" content="https://www.facebook.com/EbreXperience/" />
<meta property="article:modified_time" content="2024-08-07T13:41:22+00:00" />
<meta property="og:image" content="https://ebrexperience.cat/wp-content/uploads/2024/08/teres_travel.jpg" />
	<meta property="og:image:width" content="685" />
	<meta property="og:image:height" content="589" />
	<meta property="og:image:type" content="image/jpeg" />
<meta name="twitter:card" content="summary_large_image" />
<meta name="twitter:site" content="@ebrexperience" />
<meta name="twitter:label1" content="Tiempo de lectura" />
	<meta name="twitter:data1" content="1 minuto" />
<script type="application/ld+json" class="yoast-schema-graph">{"@context":"https:\/\/schema.org","@graph":[{"@type":"WebPage","@id":"https:\/\/ebrexperience.cat\/es\/events\/terres-travel-festival\/","url":"https:\/\/ebrexperience.cat\/es\/events\/terres-travel-festival\/","name":"Terres Travel Festival - Ebrexperience","isPartOf":{"@id":"https:\/\/ebrexperience.cat\/#website"},"primaryImageOfPage":{"@id":"https:\/\/ebrexperience.cat\/es\/events\/terres-travel-festival\/#primaryimage"},"image":{"@id":"https:\/\/ebrexperience.cat\/es\/events\/terres-travel-festival\/#primaryimage"},"thumbnailUrl":"https:\/\/ebrexperience.cat\/wp-content\/uploads\/2024\/08\/teres_travel.jpg","datePublished":"2024-08-01T13:59:39+00:00","dateModified":"2024-08-07T13:41:22+00:00","breadcrumb":{"@id":"https:\/\/ebrexperience.cat\/es\/events\/terres-travel-festival\/#breadcrumb"},"inLanguage":"es","potentialAction":[{"@type":"ReadAction","target":["https:\/\/ebrexperience.cat\/es\/events\/terres-travel-festival\/"]}]},{"@type":"ImageObject","inLanguage":"es","@id":"https:\/\/ebrexperience.cat\/es\/events\/terres-travel-festival\/#primaryimage","url":"https:\/\/ebrexperience.cat\/wp-content\/uploads\/2024\/08\/teres_travel.jpg","contentUrl":"https:\/\/ebrexperience.cat\/wp-content\/uploads\/2024\/08\/teres_travel.jpg","width":685,"height":589,"caption":"Terres Travel Festival"},{"@type":"BreadcrumbList","@id":"https:\/\/ebrexperience.cat\/es\/events\/terres-travel-festival\/#breadcrumb","itemListElement":[{"@type":"ListItem","position":1,"name":"Portada","item":"https:\/\/ebrexperience.cat\/es\/"},{"@type":"ListItem","position":2,"name":"Events","item":"https:\/\/ebrexperience.cat\/events\/"},{"@type":"ListItem","position":3,"name":"Terres Travel Festival"}]},{"@type":"WebSite","@id":"https:\/\/ebrexperience.cat\/#website","url":"https:\/\/ebrexperience.cat\/","name":"Ebrexperience","description":"","publisher":{"@id":"https:\/\/ebrexperience.cat\/#organization"},"potentialAction":[{"@type":"SearchAction","target":{"@type":"EntryPoint","urlTemplate":"https:\/\/ebrexperience.cat\/?s={search_term_string}"},"query-input":{"@type":"PropertyValueSpecification","valueRequired":true,"valueName":"search_term_string"}}],"inLanguage":"es"},{"@type":"Organization","@id":"https:\/\/ebrexperience.cat\/#organization","name":"Ebrexperience","url":"https:\/\/ebrexperience.cat\/","logo":{"@type":"ImageObject","inLanguage":"es","@id":"https:\/\/ebrexperience.cat\/#\/schema\/logo\/image\/","url":"https:\/\/ebrexperience.cat\/wp-content\/uploads\/2023\/03\/logo.png","contentUrl":"https:\/\/ebrexperience.cat\/wp-content\/uploads\/2023\/03\/logo.png","width":252,"height":45,"caption":"Ebrexperience"},"image":{"@id":"https:\/\/ebrexperience.cat\/#\/schema\/logo\/image\/"},"sameAs":["https:\/\/www.facebook.com\/EbreXperience\/","https:\/\/x.com\/ebrexperience","https:\/\/www.instagram.com\/ebrexperience\/"]}]}</script>
<!-- / Yoast SEO plugin. -->

Terres Travel Festival, quiere reunir producciones que incentiven la magia del viaje -especialmente el descubrimiento de entornos naturales- y que promuevan el desarrollo sostenible.&#13; La octava edición se celebrará del 13 al 21 de septiembre.&#13; Bienvenido a terres Con terres LAB, queremos explorar las tendencias más innovadoras en la representación audiovisual de la experiencia del &hellip;
