{"id":22299,"date":"2024-07-15T11:20:51","date_gmt":"2024-07-15T09:20:51","guid":{"rendered":"https:\/\/ebrexperience.cat\/events\/las-piedras-cantan\/"},"modified":"2024-07-18T16:15:57","modified_gmt":"2024-07-18T14:15:57","slug":"las-piedras-cantan","status":"publish","type":"ajde_events","link":"https:\/\/ebrexperience.cat\/es\/events\/las-piedras-cantan\/","title":{"rendered":"Las piedras cantan"},"content":{"rendered":"\n<h2 class=\"wp-block-heading\">El Ayuntamiento de Miravet organiza del Castillo el concierto l\u00edrico &#8220;Las piedras cantan&#8221;&#13;\n&#13;\n\u00a0&#13;\n&#13;\n\u00a0<\/h2>\n\n<p>S\u00e1bado 20 de julio a las 22:00h en el Patio de Armas del Castillo de Miravet. &#8220;Las piedras cantan&#8221; cuenta con el apoyo del Departamento de Cultura y con la colaboraci\u00f3n de la Agencia Catalana de Patrimoni Cultural,&#13;\nLa entrada al concierto ser\u00e1 libre, pero el aforo es limitado. Puede hacer la reserva previa mediante este formulario web.&#13;\n&#13;\nEl bar\u00edtono \u00c0ngel \u00d2denai elpianista Miquel Ortega ofrecer\u00e1n un concierto l\u00edrico en un paraje arquitect\u00f3nico e hist\u00f3rico incomparable.&#13;\n&#13;\n\u00a0<\/p>\n\n<h3 class=\"wp-block-heading\">Proyecci\u00f3n internacional<\/h3>\n\n<p>Desde su debut en el Teatro Petruzzelli de Bari, \u00d2dena ha desarrollado su actividad oper\u00edstica por infinidad de teatros internacionales. Ha sido dirigido por grandes directores y su repertorio ha evolucionado. Ha trabajado \u00f3pera italiana, francesa, alemana y tambi\u00e9n espa\u00f1ola. En los \u00faltimos a\u00f1os, se ha especializado en el repertorio Verdiano y Verista y ha encarnado los principales roles de bar\u00edtono de \u00f3peras como La Traviata o Nabucco.&#13;\nFormado en el Conservatorio del Liceu, Ortega es uno de los m\u00e1ximos conocedores del teatro l\u00edrico en Espa\u00f1a. Siendo uno de los directores espa\u00f1oles m\u00e1s apreciados de su generaci\u00f3n en lo que se refiere a la \u00f3pera, ha dirigido a grandes cantantes como Montserrat Caball\u00e9 o Josep Carreras. Paralelamente a su labor como director y compositor, ha desarrollado una importante carrera como pianista.&#13;\n&#13;\n\u00a0<\/p>\n\n<h3 class=\"wp-block-heading\">Programa<\/h3>\n\n<p>En \u201cLas Pedres canten\u201d, \u00d2dena y Ortega cantar\u00e1n obras de canci\u00f3n catalana, italiana, arias de \u00f3pera y zarzuela. Se escuchar\u00e1n, as\u00ed, obras de Eduard Toldr\u00e0, Enric Morera o Albert Guinovart, as\u00ed como de Giuseppe Verdi, Soutullo o F. Paolo Tosti.<\/p>\n\n<p>\u00a0<\/p>\n\n<figure class=\"wp-block-image size-full\"><img fetchpriority=\"high\" decoding=\"async\" width=\"595\" height=\"842\" src=\"https:\/\/ebrexperience.cat\/wp-content\/uploads\/2024\/07\/angel_odena_miravet.jpeg\" alt=\"\" class=\"wp-image-22280\"\/><\/figure>\n\n<h2 class=\"wp-block-heading\"><\/h2>\n","protected":false},"author":96,"featured_media":22279,"menu_order":0,"comment_status":"closed","ping_status":"closed","template":"","meta":{"_acf_changed":false},"tags":[],"event_type":[518],"event_type_2":[],"event_type_3":[],"class_list":["post-22299","ajde_events","type-ajde_events","status-publish","has-post-thumbnail","hentry","event_type-jornadas-paisaje-y-vinos"],"acf":[],"yoast_head":"<!-- This site is optimized with the Yoast SEO plugin v27.5 - https:\/\/yoast.com\/product\/yoast-seo-wordpress\/ -->\n<title>Las piedras cantan - Ebrexperience<\/title>\n<meta name=\"robots\" content=\"index, follow, max-snippet:-1, max-image-preview:large, max-video-preview:-1\" \/>\n<link rel=\"canonical\" href=\"https:\/\/ebrexperience.cat\/es\/events\/las-piedras-cantan\/\" \/>\n<meta property=\"og:locale\" content=\"es_ES\" \/>\n<meta property=\"og:type\" content=\"article\" \/>\n<meta property=\"og:title\" content=\"Las piedras cantan - Ebrexperience\" \/>\n<meta property=\"og:description\" content=\"El Ayuntamiento de Miravet organiza del Castillo el concierto l\u00edrico &#8220;Las piedras cantan&#8221;&#013; &#013; \u00a0&#013; &#013; \u00a0 S\u00e1bado 20 de julio a las 22:00h en el Patio de Armas del Castillo de Miravet. &#8220;Las piedras cantan&#8221; cuenta con el apoyo del Departamento de Cultura y con la colaboraci\u00f3n de la Agencia Catalana de Patrimoni Cultural,&#013; &hellip;\" \/>\n<meta property=\"og:url\" content=\"https:\/\/ebrexperience.cat\/es\/events\/las-piedras-cantan\/\" \/>\n<meta property=\"og:site_name\" content=\"Ebrexperience\" \/>\n<meta property=\"article:publisher\" content=\"https:\/\/www.facebook.com\/EbreXperience\/\" \/>\n<meta property=\"article:modified_time\" content=\"2024-07-18T14:15:57+00:00\" \/>\n<meta property=\"og:image\" content=\"https:\/\/ebrexperience.cat\/wp-content\/uploads\/2024\/07\/odena_petit.jpg\" \/>\n\t<meta property=\"og:image:width\" content=\"473\" \/>\n\t<meta property=\"og:image:height\" content=\"431\" \/>\n\t<meta property=\"og:image:type\" content=\"image\/jpeg\" \/>\n<meta name=\"twitter:card\" content=\"summary_large_image\" \/>\n<meta name=\"twitter:site\" content=\"@ebrexperience\" \/>\n<meta name=\"twitter:label1\" content=\"Tiempo de lectura\" \/>\n\t<meta name=\"twitter:data1\" content=\"1 minuto\" \/>\n<script type=\"application\/ld+json\" class=\"yoast-schema-graph\">{\"@context\":\"https:\\\/\\\/schema.org\",\"@graph\":[{\"@type\":\"WebPage\",\"@id\":\"https:\\\/\\\/ebrexperience.cat\\\/es\\\/events\\\/las-piedras-cantan\\\/\",\"url\":\"https:\\\/\\\/ebrexperience.cat\\\/es\\\/events\\\/las-piedras-cantan\\\/\",\"name\":\"Las piedras cantan - Ebrexperience\",\"isPartOf\":{\"@id\":\"https:\\\/\\\/ebrexperience.cat\\\/#website\"},\"primaryImageOfPage\":{\"@id\":\"https:\\\/\\\/ebrexperience.cat\\\/es\\\/events\\\/las-piedras-cantan\\\/#primaryimage\"},\"image\":{\"@id\":\"https:\\\/\\\/ebrexperience.cat\\\/es\\\/events\\\/las-piedras-cantan\\\/#primaryimage\"},\"thumbnailUrl\":\"https:\\\/\\\/ebrexperience.cat\\\/wp-content\\\/uploads\\\/2024\\\/07\\\/odena_petit.jpg\",\"datePublished\":\"2024-07-15T09:20:51+00:00\",\"dateModified\":\"2024-07-18T14:15:57+00:00\",\"breadcrumb\":{\"@id\":\"https:\\\/\\\/ebrexperience.cat\\\/es\\\/events\\\/las-piedras-cantan\\\/#breadcrumb\"},\"inLanguage\":\"es\",\"potentialAction\":[{\"@type\":\"ReadAction\",\"target\":[\"https:\\\/\\\/ebrexperience.cat\\\/es\\\/events\\\/las-piedras-cantan\\\/\"]}]},{\"@type\":\"ImageObject\",\"inLanguage\":\"es\",\"@id\":\"https:\\\/\\\/ebrexperience.cat\\\/es\\\/events\\\/las-piedras-cantan\\\/#primaryimage\",\"url\":\"https:\\\/\\\/ebrexperience.cat\\\/wp-content\\\/uploads\\\/2024\\\/07\\\/odena_petit.jpg\",\"contentUrl\":\"https:\\\/\\\/ebrexperience.cat\\\/wp-content\\\/uploads\\\/2024\\\/07\\\/odena_petit.jpg\",\"width\":473,\"height\":431,\"caption\":\"Les pedres canten\"},{\"@type\":\"BreadcrumbList\",\"@id\":\"https:\\\/\\\/ebrexperience.cat\\\/es\\\/events\\\/las-piedras-cantan\\\/#breadcrumb\",\"itemListElement\":[{\"@type\":\"ListItem\",\"position\":1,\"name\":\"Portada\",\"item\":\"https:\\\/\\\/ebrexperience.cat\\\/es\\\/\"},{\"@type\":\"ListItem\",\"position\":2,\"name\":\"Events\",\"item\":\"https:\\\/\\\/ebrexperience.cat\\\/events\\\/\"},{\"@type\":\"ListItem\",\"position\":3,\"name\":\"Las piedras cantan\"}]},{\"@type\":\"WebSite\",\"@id\":\"https:\\\/\\\/ebrexperience.cat\\\/#website\",\"url\":\"https:\\\/\\\/ebrexperience.cat\\\/\",\"name\":\"Ebrexperience\",\"description\":\"\",\"publisher\":{\"@id\":\"https:\\\/\\\/ebrexperience.cat\\\/#organization\"},\"potentialAction\":[{\"@type\":\"SearchAction\",\"target\":{\"@type\":\"EntryPoint\",\"urlTemplate\":\"https:\\\/\\\/ebrexperience.cat\\\/?s={search_term_string}\"},\"query-input\":{\"@type\":\"PropertyValueSpecification\",\"valueRequired\":true,\"valueName\":\"search_term_string\"}}],\"inLanguage\":\"es\"},{\"@type\":\"Organization\",\"@id\":\"https:\\\/\\\/ebrexperience.cat\\\/#organization\",\"name\":\"Ebrexperience\",\"url\":\"https:\\\/\\\/ebrexperience.cat\\\/\",\"logo\":{\"@type\":\"ImageObject\",\"inLanguage\":\"es\",\"@id\":\"https:\\\/\\\/ebrexperience.cat\\\/#\\\/schema\\\/logo\\\/image\\\/\",\"url\":\"https:\\\/\\\/ebrexperience.cat\\\/wp-content\\\/uploads\\\/2023\\\/03\\\/logo.png\",\"contentUrl\":\"https:\\\/\\\/ebrexperience.cat\\\/wp-content\\\/uploads\\\/2023\\\/03\\\/logo.png\",\"width\":252,\"height\":45,\"caption\":\"Ebrexperience\"},\"image\":{\"@id\":\"https:\\\/\\\/ebrexperience.cat\\\/#\\\/schema\\\/logo\\\/image\\\/\"},\"sameAs\":[\"https:\\\/\\\/www.facebook.com\\\/EbreXperience\\\/\",\"https:\\\/\\\/x.com\\\/ebrexperience\",\"https:\\\/\\\/www.instagram.com\\\/ebrexperience\\\/\"]}]}<\/script>\n<!-- \/ Yoast SEO plugin. -->","yoast_head_json":{"title":"Las piedras cantan - Ebrexperience","robots":{"index":"index","follow":"follow","max-snippet":"max-snippet:-1","max-image-preview":"max-image-preview:large","max-video-preview":"max-video-preview:-1"},"canonical":"https:\/\/ebrexperience.cat\/es\/events\/las-piedras-cantan\/","og_locale":"es_ES","og_type":"article","og_title":"Las piedras cantan - Ebrexperience","og_description":"El Ayuntamiento de Miravet organiza del Castillo el concierto l\u00edrico &#8220;Las piedras cantan&#8221;&#13; &#13; \u00a0&#13; &#13; \u00a0 S\u00e1bado 20 de julio a las 22:00h en el Patio de Armas del Castillo de Miravet. &#8220;Las piedras cantan&#8221; cuenta con el apoyo del Departamento de Cultura y con la colaboraci\u00f3n de la Agencia Catalana de Patrimoni Cultural,&#13; &hellip;","og_url":"https:\/\/ebrexperience.cat\/es\/events\/las-piedras-cantan\/","og_site_name":"Ebrexperience","article_publisher":"https:\/\/www.facebook.com\/EbreXperience\/","article_modified_time":"2024-07-18T14:15:57+00:00","og_image":[{"width":473,"height":431,"url":"https:\/\/ebrexperience.cat\/wp-content\/uploads\/2024\/07\/odena_petit.jpg","type":"image\/jpeg"}],"twitter_card":"summary_large_image","twitter_site":"@ebrexperience","twitter_misc":{"Tiempo de lectura":"1 minuto"},"schema":{"@context":"https:\/\/schema.org","@graph":[{"@type":"WebPage","@id":"https:\/\/ebrexperience.cat\/es\/events\/las-piedras-cantan\/","url":"https:\/\/ebrexperience.cat\/es\/events\/las-piedras-cantan\/","name":"Las piedras cantan - Ebrexperience","isPartOf":{"@id":"https:\/\/ebrexperience.cat\/#website"},"primaryImageOfPage":{"@id":"https:\/\/ebrexperience.cat\/es\/events\/las-piedras-cantan\/#primaryimage"},"image":{"@id":"https:\/\/ebrexperience.cat\/es\/events\/las-piedras-cantan\/#primaryimage"},"thumbnailUrl":"https:\/\/ebrexperience.cat\/wp-content\/uploads\/2024\/07\/odena_petit.jpg","datePublished":"2024-07-15T09:20:51+00:00","dateModified":"2024-07-18T14:15:57+00:00","breadcrumb":{"@id":"https:\/\/ebrexperience.cat\/es\/events\/las-piedras-cantan\/#breadcrumb"},"inLanguage":"es","potentialAction":[{"@type":"ReadAction","target":["https:\/\/ebrexperience.cat\/es\/events\/las-piedras-cantan\/"]}]},{"@type":"ImageObject","inLanguage":"es","@id":"https:\/\/ebrexperience.cat\/es\/events\/las-piedras-cantan\/#primaryimage","url":"https:\/\/ebrexperience.cat\/wp-content\/uploads\/2024\/07\/odena_petit.jpg","contentUrl":"https:\/\/ebrexperience.cat\/wp-content\/uploads\/2024\/07\/odena_petit.jpg","width":473,"height":431,"caption":"Les pedres canten"},{"@type":"BreadcrumbList","@id":"https:\/\/ebrexperience.cat\/es\/events\/las-piedras-cantan\/#breadcrumb","itemListElement":[{"@type":"ListItem","position":1,"name":"Portada","item":"https:\/\/ebrexperience.cat\/es\/"},{"@type":"ListItem","position":2,"name":"Events","item":"https:\/\/ebrexperience.cat\/events\/"},{"@type":"ListItem","position":3,"name":"Las piedras cantan"}]},{"@type":"WebSite","@id":"https:\/\/ebrexperience.cat\/#website","url":"https:\/\/ebrexperience.cat\/","name":"Ebrexperience","description":"","publisher":{"@id":"https:\/\/ebrexperience.cat\/#organization"},"potentialAction":[{"@type":"SearchAction","target":{"@type":"EntryPoint","urlTemplate":"https:\/\/ebrexperience.cat\/?s={search_term_string}"},"query-input":{"@type":"PropertyValueSpecification","valueRequired":true,"valueName":"search_term_string"}}],"inLanguage":"es"},{"@type":"Organization","@id":"https:\/\/ebrexperience.cat\/#organization","name":"Ebrexperience","url":"https:\/\/ebrexperience.cat\/","logo":{"@type":"ImageObject","inLanguage":"es","@id":"https:\/\/ebrexperience.cat\/#\/schema\/logo\/image\/","url":"https:\/\/ebrexperience.cat\/wp-content\/uploads\/2023\/03\/logo.png","contentUrl":"https:\/\/ebrexperience.cat\/wp-content\/uploads\/2023\/03\/logo.png","width":252,"height":45,"caption":"Ebrexperience"},"image":{"@id":"https:\/\/ebrexperience.cat\/#\/schema\/logo\/image\/"},"sameAs":["https:\/\/www.facebook.com\/EbreXperience\/","https:\/\/x.com\/ebrexperience","https:\/\/www.instagram.com\/ebrexperience\/"]}]}},"_links":{"self":[{"href":"https:\/\/ebrexperience.cat\/es\/wp-json\/wp\/v2\/ajde_events\/22299","targetHints":{"allow":["GET"]}}],"collection":[{"href":"https:\/\/ebrexperience.cat\/es\/wp-json\/wp\/v2\/ajde_events"}],"about":[{"href":"https:\/\/ebrexperience.cat\/es\/wp-json\/wp\/v2\/types\/ajde_events"}],"author":[{"embeddable":true,"href":"https:\/\/ebrexperience.cat\/es\/wp-json\/wp\/v2\/users\/96"}],"replies":[{"embeddable":true,"href":"https:\/\/ebrexperience.cat\/es\/wp-json\/wp\/v2\/comments?post=22299"}],"wp:featuredmedia":[{"embeddable":true,"href":"https:\/\/ebrexperience.cat\/es\/wp-json\/wp\/v2\/media\/22279"}],"wp:attachment":[{"href":"https:\/\/ebrexperience.cat\/es\/wp-json\/wp\/v2\/media?parent=22299"}],"wp:term":[{"taxonomy":"post_tag","embeddable":true,"href":"https:\/\/ebrexperience.cat\/es\/wp-json\/wp\/v2\/tags?post=22299"},{"taxonomy":"event_type","embeddable":true,"href":"https:\/\/ebrexperience.cat\/es\/wp-json\/wp\/v2\/event_type?post=22299"},{"taxonomy":"event_type_2","embeddable":true,"href":"https:\/\/ebrexperience.cat\/es\/wp-json\/wp\/v2\/event_type_2?post=22299"},{"taxonomy":"event_type_3","embeddable":true,"href":"https:\/\/ebrexperience.cat\/es\/wp-json\/wp\/v2\/event_type_3?post=22299"}],"curies":[{"name":"wp","href":"https:\/\/api.w.org\/{rel}","templated":true}]}}

<h2 class="wp-block-heading">El Ayuntamiento de Miravet organiza del Castillo el concierto lírico &#8220;Las piedras cantan&#8221;&#13;
&#13;
 &#13;
&#13;
 </h2>

<p>Sábado 20 de julio a las 22:00h en el Patio de Armas del Castillo de Miravet. &#8220;Las piedras cantan&#8221; cuenta con el apoyo del Departamento de Cultura y con la colaboración de la Agencia Catalana de Patrimoni Cultural,&#13;
La entrada al concierto será libre, pero el aforo es limitado. Puede hacer la reserva previa mediante este formulario web.&#13;
&#13;
El barítono Àngel Òdenai elpianista Miquel Ortega ofrecerán un concierto lírico en un paraje arquitectónico e histórico incomparable.&#13;
&#13;
 </p>

<h3 class="wp-block-heading">Proyección internacional</h3>

<p>Desde su debut en el Teatro Petruzzelli de Bari, Òdena ha desarrollado su actividad operística por infinidad de teatros internacionales. Ha sido dirigido por grandes directores y su repertorio ha evolucionado. Ha trabajado ópera italiana, francesa, alemana y también española. En los últimos años, se ha especializado en el repertorio Verdiano y Verista y ha encarnado los principales roles de barítono de óperas como La Traviata o Nabucco.&#13;
Formado en el Conservatorio del Liceu, Ortega es uno de los máximos conocedores del teatro lírico en España. Siendo uno de los directores españoles más apreciados de su generación en lo que se refiere a la ópera, ha dirigido a grandes cantantes como Montserrat Caballé o Josep Carreras. Paralelamente a su labor como director y compositor, ha desarrollado una importante carrera como pianista.&#13;
&#13;
 </p>

<h3 class="wp-block-heading">Programa</h3>

<p>En “Las Pedres canten”, Òdena y Ortega cantarán obras de canción catalana, italiana, arias de ópera y zarzuela. Se escucharán, así, obras de Eduard Toldrà, Enric Morera o Albert Guinovart, así como de Giuseppe Verdi, Soutullo o F. Paolo Tosti.</p>

<p> </p>

<figure class="wp-block-image size-full"><img fetchpriority="high" decoding="async" width="595" height="842" src="https://ebrexperience.cat/wp-content/uploads/2024/07/angel_odena_miravet.jpeg" alt="" class="wp-image-22280"/></figure>

<h2 class="wp-block-heading"></h2>

<!-- This site is optimized with the Yoast SEO plugin v27.5 - https://yoast.com/product/yoast-seo-wordpress/ -->
<title>Las piedras cantan - Ebrexperience</title>
<meta name="robots" content="index, follow, max-snippet:-1, max-image-preview:large, max-video-preview:-1" />
<link rel="canonical" href="https://ebrexperience.cat/es/events/las-piedras-cantan/" />
<meta property="og:locale" content="es_ES" />
<meta property="og:type" content="article" />
<meta property="og:title" content="Las piedras cantan - Ebrexperience" />
<meta property="og:description" content="El Ayuntamiento de Miravet organiza del Castillo el concierto lírico &#8220;Las piedras cantan&#8221;&#013; &#013;  &#013; &#013;   Sábado 20 de julio a las 22:00h en el Patio de Armas del Castillo de Miravet. &#8220;Las piedras cantan&#8221; cuenta con el apoyo del Departamento de Cultura y con la colaboración de la Agencia Catalana de Patrimoni Cultural,&#013; &hellip;" />
<meta property="og:url" content="https://ebrexperience.cat/es/events/las-piedras-cantan/" />
<meta property="og:site_name" content="Ebrexperience" />
<meta property="article:publisher" content="https://www.facebook.com/EbreXperience/" />
<meta property="article:modified_time" content="2024-07-18T14:15:57+00:00" />
<meta property="og:image" content="https://ebrexperience.cat/wp-content/uploads/2024/07/odena_petit.jpg" />
	<meta property="og:image:width" content="473" />
	<meta property="og:image:height" content="431" />
	<meta property="og:image:type" content="image/jpeg" />
<meta name="twitter:card" content="summary_large_image" />
<meta name="twitter:site" content="@ebrexperience" />
<meta name="twitter:label1" content="Tiempo de lectura" />
	<meta name="twitter:data1" content="1 minuto" />
<script type="application/ld+json" class="yoast-schema-graph">{"@context":"https:\/\/schema.org","@graph":[{"@type":"WebPage","@id":"https:\/\/ebrexperience.cat\/es\/events\/las-piedras-cantan\/","url":"https:\/\/ebrexperience.cat\/es\/events\/las-piedras-cantan\/","name":"Las piedras cantan - Ebrexperience","isPartOf":{"@id":"https:\/\/ebrexperience.cat\/#website"},"primaryImageOfPage":{"@id":"https:\/\/ebrexperience.cat\/es\/events\/las-piedras-cantan\/#primaryimage"},"image":{"@id":"https:\/\/ebrexperience.cat\/es\/events\/las-piedras-cantan\/#primaryimage"},"thumbnailUrl":"https:\/\/ebrexperience.cat\/wp-content\/uploads\/2024\/07\/odena_petit.jpg","datePublished":"2024-07-15T09:20:51+00:00","dateModified":"2024-07-18T14:15:57+00:00","breadcrumb":{"@id":"https:\/\/ebrexperience.cat\/es\/events\/las-piedras-cantan\/#breadcrumb"},"inLanguage":"es","potentialAction":[{"@type":"ReadAction","target":["https:\/\/ebrexperience.cat\/es\/events\/las-piedras-cantan\/"]}]},{"@type":"ImageObject","inLanguage":"es","@id":"https:\/\/ebrexperience.cat\/es\/events\/las-piedras-cantan\/#primaryimage","url":"https:\/\/ebrexperience.cat\/wp-content\/uploads\/2024\/07\/odena_petit.jpg","contentUrl":"https:\/\/ebrexperience.cat\/wp-content\/uploads\/2024\/07\/odena_petit.jpg","width":473,"height":431,"caption":"Les pedres canten"},{"@type":"BreadcrumbList","@id":"https:\/\/ebrexperience.cat\/es\/events\/las-piedras-cantan\/#breadcrumb","itemListElement":[{"@type":"ListItem","position":1,"name":"Portada","item":"https:\/\/ebrexperience.cat\/es\/"},{"@type":"ListItem","position":2,"name":"Events","item":"https:\/\/ebrexperience.cat\/events\/"},{"@type":"ListItem","position":3,"name":"Las piedras cantan"}]},{"@type":"WebSite","@id":"https:\/\/ebrexperience.cat\/#website","url":"https:\/\/ebrexperience.cat\/","name":"Ebrexperience","description":"","publisher":{"@id":"https:\/\/ebrexperience.cat\/#organization"},"potentialAction":[{"@type":"SearchAction","target":{"@type":"EntryPoint","urlTemplate":"https:\/\/ebrexperience.cat\/?s={search_term_string}"},"query-input":{"@type":"PropertyValueSpecification","valueRequired":true,"valueName":"search_term_string"}}],"inLanguage":"es"},{"@type":"Organization","@id":"https:\/\/ebrexperience.cat\/#organization","name":"Ebrexperience","url":"https:\/\/ebrexperience.cat\/","logo":{"@type":"ImageObject","inLanguage":"es","@id":"https:\/\/ebrexperience.cat\/#\/schema\/logo\/image\/","url":"https:\/\/ebrexperience.cat\/wp-content\/uploads\/2023\/03\/logo.png","contentUrl":"https:\/\/ebrexperience.cat\/wp-content\/uploads\/2023\/03\/logo.png","width":252,"height":45,"caption":"Ebrexperience"},"image":{"@id":"https:\/\/ebrexperience.cat\/#\/schema\/logo\/image\/"},"sameAs":["https:\/\/www.facebook.com\/EbreXperience\/","https:\/\/x.com\/ebrexperience","https:\/\/www.instagram.com\/ebrexperience\/"]}]}</script>
<!-- / Yoast SEO plugin. -->

El Ayuntamiento de Miravet organiza del Castillo el concierto lírico &#8220;Las piedras cantan&#8221;&#13; &#13;  &#13; &#13;   Sábado 20 de julio a las 22:00h en el Patio de Armas del Castillo de Miravet. &#8220;Las piedras cantan&#8221; cuenta con el apoyo del Departamento de Cultura y con la colaboración de la Agencia Catalana de Patrimoni Cultural,&#13; &hellip;
