{"id":21879,"date":"2024-05-27T11:33:53","date_gmt":"2024-05-27T09:33:53","guid":{"rendered":"https:\/\/ebrexperience.cat\/events\/somriu\/"},"modified":"2024-05-27T11:37:16","modified_gmt":"2024-05-27T09:37:16","slug":"somriu","status":"publish","type":"ajde_events","link":"https:\/\/ebrexperience.cat\/es\/events\/somriu\/","title":{"rendered":"Som(Riu)"},"content":{"rendered":"\n<p>Som(Riu) Fest es el festival que condensa en un mismo tiempo y espacio toda la esencia ebrense con una <a href=\"https:\/\/somriufest.cat\/\" target=\"_blank\" rel=\"noopener\">programaci\u00f3n<\/a> diversa y para todos los p\u00fablicos!&#13;\nTeatro, danza, poes\u00eda, m\u00fasica en vivo, talleres, charlas, gastronom\u00eda, artesan\u00edas, actividades en la naturaleza y mucho m\u00e1s!<\/p>\n\n<p>Este a\u00f1o, como novedad, de la segunda edici\u00f3n de Som(Riu) inici\u00f3 la #GiraDegoteig. Una gira de 3 paradas en 3 municipios diferentes:&#13;\n-Roquetas 13 de abril&#13;\n-Ampuesta 11 de mayo&#13;\n-Arnes 1 de junio<\/p>\n\n<p>La segunda edici\u00f3n de Som(Riu) Fest tendr\u00e1 lugar los d\u00edas 15 y 16 de junio de 2024 en la Playa Fluvial y Bosque de Ribera de Aldover.&#13;\nSom(Riu) Fest es el primer festival que aglutina toda la esencia del Ebro (la popular y la contempor\u00e1nea) en un mismo tiempo y espacio. Apostamos por la igualdad de oportunidades fomentando valores inclusivos y feministas.&#13;\nDiversidad es sin\u00f3nimo de riqueza. Vemos el festival como la oportunidad ideal donde todas las personas pueden compartir una misma experiencia desde diferentes miradas.&#13;\n<a href=\"http:\/\/ebrexperience.cat\/agenda\">Otros eventos<\/a><\/p>\n","protected":false},"author":96,"featured_media":21878,"menu_order":0,"comment_status":"closed","ping_status":"closed","template":"","meta":{"_acf_changed":false},"tags":[],"event_type":[500],"event_type_2":[],"event_type_3":[],"class_list":["post-21879","ajde_events","type-ajde_events","status-publish","has-post-thumbnail","hentry","event_type-aldover-es"],"acf":[],"yoast_head":"<!-- This site is optimized with the Yoast SEO plugin v27.5 - https:\/\/yoast.com\/product\/yoast-seo-wordpress\/ -->\n<title>Som(Riu) - Ebrexperience<\/title>\n<meta name=\"robots\" content=\"index, follow, max-snippet:-1, max-image-preview:large, max-video-preview:-1\" \/>\n<link rel=\"canonical\" href=\"https:\/\/ebrexperience.cat\/es\/events\/somriu\/\" \/>\n<meta property=\"og:locale\" content=\"es_ES\" \/>\n<meta property=\"og:type\" content=\"article\" \/>\n<meta property=\"og:title\" content=\"Som(Riu) - Ebrexperience\" \/>\n<meta property=\"og:description\" content=\"Som(Riu) Fest es el festival que condensa en un mismo tiempo y espacio toda la esencia ebrense con una programaci\u00f3n diversa y para todos los p\u00fablicos!&#013; Teatro, danza, poes\u00eda, m\u00fasica en vivo, talleres, charlas, gastronom\u00eda, artesan\u00edas, actividades en la naturaleza y mucho m\u00e1s! Este a\u00f1o, como novedad, de la segunda edici\u00f3n de Som(Riu) inici\u00f3 la &hellip;\" \/>\n<meta property=\"og:url\" content=\"https:\/\/ebrexperience.cat\/es\/events\/somriu\/\" \/>\n<meta property=\"og:site_name\" content=\"Ebrexperience\" \/>\n<meta property=\"article:publisher\" content=\"https:\/\/www.facebook.com\/EbreXperience\/\" \/>\n<meta property=\"article:modified_time\" content=\"2024-05-27T09:37:16+00:00\" \/>\n<meta property=\"og:image\" content=\"https:\/\/ebrexperience.cat\/wp-content\/uploads\/2024\/05\/somriu_2024-scaled.jpg\" \/>\n\t<meta property=\"og:image:width\" content=\"1836\" \/>\n\t<meta property=\"og:image:height\" content=\"2560\" \/>\n\t<meta property=\"og:image:type\" content=\"image\/jpeg\" \/>\n<meta name=\"twitter:card\" content=\"summary_large_image\" \/>\n<meta name=\"twitter:site\" content=\"@ebrexperience\" \/>\n<meta name=\"twitter:label1\" content=\"Tiempo de lectura\" \/>\n\t<meta name=\"twitter:data1\" content=\"1 minuto\" \/>\n<script type=\"application\/ld+json\" class=\"yoast-schema-graph\">{\"@context\":\"https:\\\/\\\/schema.org\",\"@graph\":[{\"@type\":\"WebPage\",\"@id\":\"https:\\\/\\\/ebrexperience.cat\\\/es\\\/events\\\/somriu\\\/\",\"url\":\"https:\\\/\\\/ebrexperience.cat\\\/es\\\/events\\\/somriu\\\/\",\"name\":\"Som(Riu) - Ebrexperience\",\"isPartOf\":{\"@id\":\"https:\\\/\\\/ebrexperience.cat\\\/#website\"},\"primaryImageOfPage\":{\"@id\":\"https:\\\/\\\/ebrexperience.cat\\\/es\\\/events\\\/somriu\\\/#primaryimage\"},\"image\":{\"@id\":\"https:\\\/\\\/ebrexperience.cat\\\/es\\\/events\\\/somriu\\\/#primaryimage\"},\"thumbnailUrl\":\"https:\\\/\\\/ebrexperience.cat\\\/wp-content\\\/uploads\\\/2024\\\/05\\\/somriu_2024-scaled.jpg\",\"datePublished\":\"2024-05-27T09:33:53+00:00\",\"dateModified\":\"2024-05-27T09:37:16+00:00\",\"breadcrumb\":{\"@id\":\"https:\\\/\\\/ebrexperience.cat\\\/es\\\/events\\\/somriu\\\/#breadcrumb\"},\"inLanguage\":\"es\",\"potentialAction\":[{\"@type\":\"ReadAction\",\"target\":[\"https:\\\/\\\/ebrexperience.cat\\\/es\\\/events\\\/somriu\\\/\"]}]},{\"@type\":\"ImageObject\",\"inLanguage\":\"es\",\"@id\":\"https:\\\/\\\/ebrexperience.cat\\\/es\\\/events\\\/somriu\\\/#primaryimage\",\"url\":\"https:\\\/\\\/ebrexperience.cat\\\/wp-content\\\/uploads\\\/2024\\\/05\\\/somriu_2024-scaled.jpg\",\"contentUrl\":\"https:\\\/\\\/ebrexperience.cat\\\/wp-content\\\/uploads\\\/2024\\\/05\\\/somriu_2024-scaled.jpg\",\"width\":1836,\"height\":2560,\"caption\":\"som(riu)\"},{\"@type\":\"BreadcrumbList\",\"@id\":\"https:\\\/\\\/ebrexperience.cat\\\/es\\\/events\\\/somriu\\\/#breadcrumb\",\"itemListElement\":[{\"@type\":\"ListItem\",\"position\":1,\"name\":\"Portada\",\"item\":\"https:\\\/\\\/ebrexperience.cat\\\/es\\\/\"},{\"@type\":\"ListItem\",\"position\":2,\"name\":\"Events\",\"item\":\"https:\\\/\\\/ebrexperience.cat\\\/events\\\/\"},{\"@type\":\"ListItem\",\"position\":3,\"name\":\"Som(Riu)\"}]},{\"@type\":\"WebSite\",\"@id\":\"https:\\\/\\\/ebrexperience.cat\\\/#website\",\"url\":\"https:\\\/\\\/ebrexperience.cat\\\/\",\"name\":\"Ebrexperience\",\"description\":\"\",\"publisher\":{\"@id\":\"https:\\\/\\\/ebrexperience.cat\\\/#organization\"},\"potentialAction\":[{\"@type\":\"SearchAction\",\"target\":{\"@type\":\"EntryPoint\",\"urlTemplate\":\"https:\\\/\\\/ebrexperience.cat\\\/?s={search_term_string}\"},\"query-input\":{\"@type\":\"PropertyValueSpecification\",\"valueRequired\":true,\"valueName\":\"search_term_string\"}}],\"inLanguage\":\"es\"},{\"@type\":\"Organization\",\"@id\":\"https:\\\/\\\/ebrexperience.cat\\\/#organization\",\"name\":\"Ebrexperience\",\"url\":\"https:\\\/\\\/ebrexperience.cat\\\/\",\"logo\":{\"@type\":\"ImageObject\",\"inLanguage\":\"es\",\"@id\":\"https:\\\/\\\/ebrexperience.cat\\\/#\\\/schema\\\/logo\\\/image\\\/\",\"url\":\"https:\\\/\\\/ebrexperience.cat\\\/wp-content\\\/uploads\\\/2023\\\/03\\\/logo.png\",\"contentUrl\":\"https:\\\/\\\/ebrexperience.cat\\\/wp-content\\\/uploads\\\/2023\\\/03\\\/logo.png\",\"width\":252,\"height\":45,\"caption\":\"Ebrexperience\"},\"image\":{\"@id\":\"https:\\\/\\\/ebrexperience.cat\\\/#\\\/schema\\\/logo\\\/image\\\/\"},\"sameAs\":[\"https:\\\/\\\/www.facebook.com\\\/EbreXperience\\\/\",\"https:\\\/\\\/x.com\\\/ebrexperience\",\"https:\\\/\\\/www.instagram.com\\\/ebrexperience\\\/\"]}]}<\/script>\n<!-- \/ Yoast SEO plugin. -->","yoast_head_json":{"title":"Som(Riu) - Ebrexperience","robots":{"index":"index","follow":"follow","max-snippet":"max-snippet:-1","max-image-preview":"max-image-preview:large","max-video-preview":"max-video-preview:-1"},"canonical":"https:\/\/ebrexperience.cat\/es\/events\/somriu\/","og_locale":"es_ES","og_type":"article","og_title":"Som(Riu) - Ebrexperience","og_description":"Som(Riu) Fest es el festival que condensa en un mismo tiempo y espacio toda la esencia ebrense con una programaci\u00f3n diversa y para todos los p\u00fablicos!&#13; Teatro, danza, poes\u00eda, m\u00fasica en vivo, talleres, charlas, gastronom\u00eda, artesan\u00edas, actividades en la naturaleza y mucho m\u00e1s! Este a\u00f1o, como novedad, de la segunda edici\u00f3n de Som(Riu) inici\u00f3 la &hellip;","og_url":"https:\/\/ebrexperience.cat\/es\/events\/somriu\/","og_site_name":"Ebrexperience","article_publisher":"https:\/\/www.facebook.com\/EbreXperience\/","article_modified_time":"2024-05-27T09:37:16+00:00","og_image":[{"width":1836,"height":2560,"url":"https:\/\/ebrexperience.cat\/wp-content\/uploads\/2024\/05\/somriu_2024-scaled.jpg","type":"image\/jpeg"}],"twitter_card":"summary_large_image","twitter_site":"@ebrexperience","twitter_misc":{"Tiempo de lectura":"1 minuto"},"schema":{"@context":"https:\/\/schema.org","@graph":[{"@type":"WebPage","@id":"https:\/\/ebrexperience.cat\/es\/events\/somriu\/","url":"https:\/\/ebrexperience.cat\/es\/events\/somriu\/","name":"Som(Riu) - Ebrexperience","isPartOf":{"@id":"https:\/\/ebrexperience.cat\/#website"},"primaryImageOfPage":{"@id":"https:\/\/ebrexperience.cat\/es\/events\/somriu\/#primaryimage"},"image":{"@id":"https:\/\/ebrexperience.cat\/es\/events\/somriu\/#primaryimage"},"thumbnailUrl":"https:\/\/ebrexperience.cat\/wp-content\/uploads\/2024\/05\/somriu_2024-scaled.jpg","datePublished":"2024-05-27T09:33:53+00:00","dateModified":"2024-05-27T09:37:16+00:00","breadcrumb":{"@id":"https:\/\/ebrexperience.cat\/es\/events\/somriu\/#breadcrumb"},"inLanguage":"es","potentialAction":[{"@type":"ReadAction","target":["https:\/\/ebrexperience.cat\/es\/events\/somriu\/"]}]},{"@type":"ImageObject","inLanguage":"es","@id":"https:\/\/ebrexperience.cat\/es\/events\/somriu\/#primaryimage","url":"https:\/\/ebrexperience.cat\/wp-content\/uploads\/2024\/05\/somriu_2024-scaled.jpg","contentUrl":"https:\/\/ebrexperience.cat\/wp-content\/uploads\/2024\/05\/somriu_2024-scaled.jpg","width":1836,"height":2560,"caption":"som(riu)"},{"@type":"BreadcrumbList","@id":"https:\/\/ebrexperience.cat\/es\/events\/somriu\/#breadcrumb","itemListElement":[{"@type":"ListItem","position":1,"name":"Portada","item":"https:\/\/ebrexperience.cat\/es\/"},{"@type":"ListItem","position":2,"name":"Events","item":"https:\/\/ebrexperience.cat\/events\/"},{"@type":"ListItem","position":3,"name":"Som(Riu)"}]},{"@type":"WebSite","@id":"https:\/\/ebrexperience.cat\/#website","url":"https:\/\/ebrexperience.cat\/","name":"Ebrexperience","description":"","publisher":{"@id":"https:\/\/ebrexperience.cat\/#organization"},"potentialAction":[{"@type":"SearchAction","target":{"@type":"EntryPoint","urlTemplate":"https:\/\/ebrexperience.cat\/?s={search_term_string}"},"query-input":{"@type":"PropertyValueSpecification","valueRequired":true,"valueName":"search_term_string"}}],"inLanguage":"es"},{"@type":"Organization","@id":"https:\/\/ebrexperience.cat\/#organization","name":"Ebrexperience","url":"https:\/\/ebrexperience.cat\/","logo":{"@type":"ImageObject","inLanguage":"es","@id":"https:\/\/ebrexperience.cat\/#\/schema\/logo\/image\/","url":"https:\/\/ebrexperience.cat\/wp-content\/uploads\/2023\/03\/logo.png","contentUrl":"https:\/\/ebrexperience.cat\/wp-content\/uploads\/2023\/03\/logo.png","width":252,"height":45,"caption":"Ebrexperience"},"image":{"@id":"https:\/\/ebrexperience.cat\/#\/schema\/logo\/image\/"},"sameAs":["https:\/\/www.facebook.com\/EbreXperience\/","https:\/\/x.com\/ebrexperience","https:\/\/www.instagram.com\/ebrexperience\/"]}]}},"_links":{"self":[{"href":"https:\/\/ebrexperience.cat\/es\/wp-json\/wp\/v2\/ajde_events\/21879","targetHints":{"allow":["GET"]}}],"collection":[{"href":"https:\/\/ebrexperience.cat\/es\/wp-json\/wp\/v2\/ajde_events"}],"about":[{"href":"https:\/\/ebrexperience.cat\/es\/wp-json\/wp\/v2\/types\/ajde_events"}],"author":[{"embeddable":true,"href":"https:\/\/ebrexperience.cat\/es\/wp-json\/wp\/v2\/users\/96"}],"replies":[{"embeddable":true,"href":"https:\/\/ebrexperience.cat\/es\/wp-json\/wp\/v2\/comments?post=21879"}],"wp:featuredmedia":[{"embeddable":true,"href":"https:\/\/ebrexperience.cat\/es\/wp-json\/wp\/v2\/media\/21878"}],"wp:attachment":[{"href":"https:\/\/ebrexperience.cat\/es\/wp-json\/wp\/v2\/media?parent=21879"}],"wp:term":[{"taxonomy":"post_tag","embeddable":true,"href":"https:\/\/ebrexperience.cat\/es\/wp-json\/wp\/v2\/tags?post=21879"},{"taxonomy":"event_type","embeddable":true,"href":"https:\/\/ebrexperience.cat\/es\/wp-json\/wp\/v2\/event_type?post=21879"},{"taxonomy":"event_type_2","embeddable":true,"href":"https:\/\/ebrexperience.cat\/es\/wp-json\/wp\/v2\/event_type_2?post=21879"},{"taxonomy":"event_type_3","embeddable":true,"href":"https:\/\/ebrexperience.cat\/es\/wp-json\/wp\/v2\/event_type_3?post=21879"}],"curies":[{"name":"wp","href":"https:\/\/api.w.org\/{rel}","templated":true}]}}

<p>Som(Riu) Fest es el festival que condensa en un mismo tiempo y espacio toda la esencia ebrense con una <a href="https://somriufest.cat/" target="_blank" rel="noopener">programación</a> diversa y para todos los públicos!&#13;
Teatro, danza, poesía, música en vivo, talleres, charlas, gastronomía, artesanías, actividades en la naturaleza y mucho más!</p>

<p>Este año, como novedad, de la segunda edición de Som(Riu) inició la #GiraDegoteig. Una gira de 3 paradas en 3 municipios diferentes:&#13;
-Roquetas 13 de abril&#13;
-Ampuesta 11 de mayo&#13;
-Arnes 1 de junio</p>

<p>La segunda edición de Som(Riu) Fest tendrá lugar los días 15 y 16 de junio de 2024 en la Playa Fluvial y Bosque de Ribera de Aldover.&#13;
Som(Riu) Fest es el primer festival que aglutina toda la esencia del Ebro (la popular y la contemporánea) en un mismo tiempo y espacio. Apostamos por la igualdad de oportunidades fomentando valores inclusivos y feministas.&#13;
Diversidad es sinónimo de riqueza. Vemos el festival como la oportunidad ideal donde todas las personas pueden compartir una misma experiencia desde diferentes miradas.&#13;
<a href="http://ebrexperience.cat/agenda">Otros eventos</a></p>

<!-- This site is optimized with the Yoast SEO plugin v27.5 - https://yoast.com/product/yoast-seo-wordpress/ -->
<title>Som(Riu) - Ebrexperience</title>
<meta name="robots" content="index, follow, max-snippet:-1, max-image-preview:large, max-video-preview:-1" />
<link rel="canonical" href="https://ebrexperience.cat/es/events/somriu/" />
<meta property="og:locale" content="es_ES" />
<meta property="og:type" content="article" />
<meta property="og:title" content="Som(Riu) - Ebrexperience" />
<meta property="og:description" content="Som(Riu) Fest es el festival que condensa en un mismo tiempo y espacio toda la esencia ebrense con una programación diversa y para todos los públicos!&#013; Teatro, danza, poesía, música en vivo, talleres, charlas, gastronomía, artesanías, actividades en la naturaleza y mucho más! Este año, como novedad, de la segunda edición de Som(Riu) inició la &hellip;" />
<meta property="og:url" content="https://ebrexperience.cat/es/events/somriu/" />
<meta property="og:site_name" content="Ebrexperience" />
<meta property="article:publisher" content="https://www.facebook.com/EbreXperience/" />
<meta property="article:modified_time" content="2024-05-27T09:37:16+00:00" />
<meta property="og:image" content="https://ebrexperience.cat/wp-content/uploads/2024/05/somriu_2024-scaled.jpg" />
	<meta property="og:image:width" content="1836" />
	<meta property="og:image:height" content="2560" />
	<meta property="og:image:type" content="image/jpeg" />
<meta name="twitter:card" content="summary_large_image" />
<meta name="twitter:site" content="@ebrexperience" />
<meta name="twitter:label1" content="Tiempo de lectura" />
	<meta name="twitter:data1" content="1 minuto" />
<script type="application/ld+json" class="yoast-schema-graph">{"@context":"https:\/\/schema.org","@graph":[{"@type":"WebPage","@id":"https:\/\/ebrexperience.cat\/es\/events\/somriu\/","url":"https:\/\/ebrexperience.cat\/es\/events\/somriu\/","name":"Som(Riu) - Ebrexperience","isPartOf":{"@id":"https:\/\/ebrexperience.cat\/#website"},"primaryImageOfPage":{"@id":"https:\/\/ebrexperience.cat\/es\/events\/somriu\/#primaryimage"},"image":{"@id":"https:\/\/ebrexperience.cat\/es\/events\/somriu\/#primaryimage"},"thumbnailUrl":"https:\/\/ebrexperience.cat\/wp-content\/uploads\/2024\/05\/somriu_2024-scaled.jpg","datePublished":"2024-05-27T09:33:53+00:00","dateModified":"2024-05-27T09:37:16+00:00","breadcrumb":{"@id":"https:\/\/ebrexperience.cat\/es\/events\/somriu\/#breadcrumb"},"inLanguage":"es","potentialAction":[{"@type":"ReadAction","target":["https:\/\/ebrexperience.cat\/es\/events\/somriu\/"]}]},{"@type":"ImageObject","inLanguage":"es","@id":"https:\/\/ebrexperience.cat\/es\/events\/somriu\/#primaryimage","url":"https:\/\/ebrexperience.cat\/wp-content\/uploads\/2024\/05\/somriu_2024-scaled.jpg","contentUrl":"https:\/\/ebrexperience.cat\/wp-content\/uploads\/2024\/05\/somriu_2024-scaled.jpg","width":1836,"height":2560,"caption":"som(riu)"},{"@type":"BreadcrumbList","@id":"https:\/\/ebrexperience.cat\/es\/events\/somriu\/#breadcrumb","itemListElement":[{"@type":"ListItem","position":1,"name":"Portada","item":"https:\/\/ebrexperience.cat\/es\/"},{"@type":"ListItem","position":2,"name":"Events","item":"https:\/\/ebrexperience.cat\/events\/"},{"@type":"ListItem","position":3,"name":"Som(Riu)"}]},{"@type":"WebSite","@id":"https:\/\/ebrexperience.cat\/#website","url":"https:\/\/ebrexperience.cat\/","name":"Ebrexperience","description":"","publisher":{"@id":"https:\/\/ebrexperience.cat\/#organization"},"potentialAction":[{"@type":"SearchAction","target":{"@type":"EntryPoint","urlTemplate":"https:\/\/ebrexperience.cat\/?s={search_term_string}"},"query-input":{"@type":"PropertyValueSpecification","valueRequired":true,"valueName":"search_term_string"}}],"inLanguage":"es"},{"@type":"Organization","@id":"https:\/\/ebrexperience.cat\/#organization","name":"Ebrexperience","url":"https:\/\/ebrexperience.cat\/","logo":{"@type":"ImageObject","inLanguage":"es","@id":"https:\/\/ebrexperience.cat\/#\/schema\/logo\/image\/","url":"https:\/\/ebrexperience.cat\/wp-content\/uploads\/2023\/03\/logo.png","contentUrl":"https:\/\/ebrexperience.cat\/wp-content\/uploads\/2023\/03\/logo.png","width":252,"height":45,"caption":"Ebrexperience"},"image":{"@id":"https:\/\/ebrexperience.cat\/#\/schema\/logo\/image\/"},"sameAs":["https:\/\/www.facebook.com\/EbreXperience\/","https:\/\/x.com\/ebrexperience","https:\/\/www.instagram.com\/ebrexperience\/"]}]}</script>
<!-- / Yoast SEO plugin. -->

Som(Riu) Fest es el festival que condensa en un mismo tiempo y espacio toda la esencia ebrense con una programación diversa y para todos los públicos!&#13; Teatro, danza, poesía, música en vivo, talleres, charlas, gastronomía, artesanías, actividades en la naturaleza y mucho más! Este año, como novedad, de la segunda edición de Som(Riu) inició la &hellip;
