{"id":21819,"date":"2024-05-16T12:50:24","date_gmt":"2024-05-16T10:50:24","guid":{"rendered":"https:\/\/ebrexperience.cat\/events\/tocam-festival-de-piano\/"},"modified":"2024-05-16T13:00:46","modified_gmt":"2024-05-16T11:00:46","slug":"tocam-festival-de-piano","status":"publish","type":"ajde_events","link":"https:\/\/ebrexperience.cat\/es\/events\/tocam-festival-de-piano\/","title":{"rendered":"Toca&#8217;m Festival de piano"},"content":{"rendered":"\n<p>3a Edici\u00f3n del Festival de piano Toca&#8217;m El fin de semana del 24, 25 y 26 de mayo Tortosa vibrar\u00e1 de nuevo! Ven y forma parte de la cultura musical actual, vive las emociones del directo y ac\u00e9rcate a los pianos que tendremos reservados para ti. <a href=\"http:\/\/tocam.cat\/programa\" target=\"_blank\" rel=\"noopener\">M\u00e1s informaci\u00f3n<\/a><\/p>\n\n<h3 class=\"wp-block-heading\">Sacamos el piano a la calle<\/h3>\n\n<p>Aparte de ofrecer los pianos a todo el que quiera tocarlos, le Toca&#8217;m invita a m\u00fasicos y artistas de renombre del territorio y de todo el Estado a actuar en diferentes espacios del festival. Los conciertos ser\u00e1n gratuitos, se realizar\u00e1n durante todo el d\u00eda, ma\u00f1ana, tarde y noche, en diferentes horarios y ubicaciones.<\/p>\n\n<p>Toca\u2019m tiene una parte social a trav\u00e9s de la cual acercar\u00e1 el piano a los sectores m\u00e1s vulnerables, como son los hospitales y residencias geri\u00e1tricas de la ciudad.<\/p>\n\n<p>Toca\u2019m es un proyecto innovador, original y \u00fanico. Actualmente, no tenemos otro festival en Catalu\u00f1a que ponga el piano como eje central, el piano con todas sus vertientes y con m\u00fasicas de estilos diferentes. El piano en la calle, en las plazas, el piano y su m\u00fasica al alcance de todos, para poder tocarlo y disfrutarlo de la mano de m\u00fasicos profesionales y grandes pianistas de nuestro pa\u00eds. Un festival que lleva la m\u00fasica y la cultura a todo el mundo, para poder vivir y sentir durante tres d\u00edas aqu\u00ed, en las Terres de l&#8217;Ebre, en Tortosa.&#13;\n<a href=\"http:\/\/ebrexperience.cat\/agenda\">Otros eventos<\/a><\/p>\n","protected":false},"author":96,"featured_media":21817,"menu_order":0,"comment_status":"closed","ping_status":"closed","template":"","meta":{"_acf_changed":false},"tags":[],"event_type":[253],"event_type_2":[],"event_type_3":[],"class_list":["post-21819","ajde_events","type-ajde_events","status-publish","has-post-thumbnail","hentry","event_type-tortosa-es"],"acf":[],"yoast_head":"<!-- This site is optimized with the Yoast SEO plugin v27.5 - https:\/\/yoast.com\/product\/yoast-seo-wordpress\/ -->\n<title>Toca&#039;m Festival de piano - Ebrexperience<\/title>\n<meta name=\"robots\" content=\"index, follow, max-snippet:-1, max-image-preview:large, max-video-preview:-1\" \/>\n<link rel=\"canonical\" href=\"https:\/\/ebrexperience.cat\/es\/events\/tocam-festival-de-piano\/\" \/>\n<meta property=\"og:locale\" content=\"es_ES\" \/>\n<meta property=\"og:type\" content=\"article\" \/>\n<meta property=\"og:title\" content=\"Toca&#039;m Festival de piano - Ebrexperience\" \/>\n<meta property=\"og:description\" content=\"3a Edici\u00f3n del Festival de piano Toca&#8217;m El fin de semana del 24, 25 y 26 de mayo Tortosa vibrar\u00e1 de nuevo! Ven y forma parte de la cultura musical actual, vive las emociones del directo y ac\u00e9rcate a los pianos que tendremos reservados para ti. M\u00e1s informaci\u00f3n Sacamos el piano a la calle Aparte &hellip;\" \/>\n<meta property=\"og:url\" content=\"https:\/\/ebrexperience.cat\/es\/events\/tocam-festival-de-piano\/\" \/>\n<meta property=\"og:site_name\" content=\"Ebrexperience\" \/>\n<meta property=\"article:publisher\" content=\"https:\/\/www.facebook.com\/EbreXperience\/\" \/>\n<meta property=\"article:modified_time\" content=\"2024-05-16T11:00:46+00:00\" \/>\n<meta property=\"og:image\" content=\"https:\/\/ebrexperience.cat\/wp-content\/uploads\/2024\/05\/tocam.png\" \/>\n\t<meta property=\"og:image:width\" content=\"550\" \/>\n\t<meta property=\"og:image:height\" content=\"706\" \/>\n\t<meta property=\"og:image:type\" content=\"image\/png\" \/>\n<meta name=\"twitter:card\" content=\"summary_large_image\" \/>\n<meta name=\"twitter:site\" content=\"@ebrexperience\" \/>\n<meta name=\"twitter:label1\" content=\"Tiempo de lectura\" \/>\n\t<meta name=\"twitter:data1\" content=\"1 minuto\" \/>\n<script type=\"application\/ld+json\" class=\"yoast-schema-graph\">{\"@context\":\"https:\\\/\\\/schema.org\",\"@graph\":[{\"@type\":\"WebPage\",\"@id\":\"https:\\\/\\\/ebrexperience.cat\\\/es\\\/events\\\/tocam-festival-de-piano\\\/\",\"url\":\"https:\\\/\\\/ebrexperience.cat\\\/es\\\/events\\\/tocam-festival-de-piano\\\/\",\"name\":\"Toca'm Festival de piano - Ebrexperience\",\"isPartOf\":{\"@id\":\"https:\\\/\\\/ebrexperience.cat\\\/#website\"},\"primaryImageOfPage\":{\"@id\":\"https:\\\/\\\/ebrexperience.cat\\\/es\\\/events\\\/tocam-festival-de-piano\\\/#primaryimage\"},\"image\":{\"@id\":\"https:\\\/\\\/ebrexperience.cat\\\/es\\\/events\\\/tocam-festival-de-piano\\\/#primaryimage\"},\"thumbnailUrl\":\"https:\\\/\\\/ebrexperience.cat\\\/wp-content\\\/uploads\\\/2024\\\/05\\\/tocam.png\",\"datePublished\":\"2024-05-16T10:50:24+00:00\",\"dateModified\":\"2024-05-16T11:00:46+00:00\",\"breadcrumb\":{\"@id\":\"https:\\\/\\\/ebrexperience.cat\\\/es\\\/events\\\/tocam-festival-de-piano\\\/#breadcrumb\"},\"inLanguage\":\"es\",\"potentialAction\":[{\"@type\":\"ReadAction\",\"target\":[\"https:\\\/\\\/ebrexperience.cat\\\/es\\\/events\\\/tocam-festival-de-piano\\\/\"]}]},{\"@type\":\"ImageObject\",\"inLanguage\":\"es\",\"@id\":\"https:\\\/\\\/ebrexperience.cat\\\/es\\\/events\\\/tocam-festival-de-piano\\\/#primaryimage\",\"url\":\"https:\\\/\\\/ebrexperience.cat\\\/wp-content\\\/uploads\\\/2024\\\/05\\\/tocam.png\",\"contentUrl\":\"https:\\\/\\\/ebrexperience.cat\\\/wp-content\\\/uploads\\\/2024\\\/05\\\/tocam.png\",\"width\":550,\"height\":706,\"caption\":\"tocam\"},{\"@type\":\"BreadcrumbList\",\"@id\":\"https:\\\/\\\/ebrexperience.cat\\\/es\\\/events\\\/tocam-festival-de-piano\\\/#breadcrumb\",\"itemListElement\":[{\"@type\":\"ListItem\",\"position\":1,\"name\":\"Portada\",\"item\":\"https:\\\/\\\/ebrexperience.cat\\\/es\\\/\"},{\"@type\":\"ListItem\",\"position\":2,\"name\":\"Events\",\"item\":\"https:\\\/\\\/ebrexperience.cat\\\/events\\\/\"},{\"@type\":\"ListItem\",\"position\":3,\"name\":\"Toca&#8217;m Festival de piano\"}]},{\"@type\":\"WebSite\",\"@id\":\"https:\\\/\\\/ebrexperience.cat\\\/#website\",\"url\":\"https:\\\/\\\/ebrexperience.cat\\\/\",\"name\":\"Ebrexperience\",\"description\":\"\",\"publisher\":{\"@id\":\"https:\\\/\\\/ebrexperience.cat\\\/#organization\"},\"potentialAction\":[{\"@type\":\"SearchAction\",\"target\":{\"@type\":\"EntryPoint\",\"urlTemplate\":\"https:\\\/\\\/ebrexperience.cat\\\/?s={search_term_string}\"},\"query-input\":{\"@type\":\"PropertyValueSpecification\",\"valueRequired\":true,\"valueName\":\"search_term_string\"}}],\"inLanguage\":\"es\"},{\"@type\":\"Organization\",\"@id\":\"https:\\\/\\\/ebrexperience.cat\\\/#organization\",\"name\":\"Ebrexperience\",\"url\":\"https:\\\/\\\/ebrexperience.cat\\\/\",\"logo\":{\"@type\":\"ImageObject\",\"inLanguage\":\"es\",\"@id\":\"https:\\\/\\\/ebrexperience.cat\\\/#\\\/schema\\\/logo\\\/image\\\/\",\"url\":\"https:\\\/\\\/ebrexperience.cat\\\/wp-content\\\/uploads\\\/2023\\\/03\\\/logo.png\",\"contentUrl\":\"https:\\\/\\\/ebrexperience.cat\\\/wp-content\\\/uploads\\\/2023\\\/03\\\/logo.png\",\"width\":252,\"height\":45,\"caption\":\"Ebrexperience\"},\"image\":{\"@id\":\"https:\\\/\\\/ebrexperience.cat\\\/#\\\/schema\\\/logo\\\/image\\\/\"},\"sameAs\":[\"https:\\\/\\\/www.facebook.com\\\/EbreXperience\\\/\",\"https:\\\/\\\/x.com\\\/ebrexperience\",\"https:\\\/\\\/www.instagram.com\\\/ebrexperience\\\/\"]}]}<\/script>\n<!-- \/ Yoast SEO plugin. -->","yoast_head_json":{"title":"Toca'm Festival de piano - Ebrexperience","robots":{"index":"index","follow":"follow","max-snippet":"max-snippet:-1","max-image-preview":"max-image-preview:large","max-video-preview":"max-video-preview:-1"},"canonical":"https:\/\/ebrexperience.cat\/es\/events\/tocam-festival-de-piano\/","og_locale":"es_ES","og_type":"article","og_title":"Toca'm Festival de piano - Ebrexperience","og_description":"3a Edici\u00f3n del Festival de piano Toca&#8217;m El fin de semana del 24, 25 y 26 de mayo Tortosa vibrar\u00e1 de nuevo! Ven y forma parte de la cultura musical actual, vive las emociones del directo y ac\u00e9rcate a los pianos que tendremos reservados para ti. M\u00e1s informaci\u00f3n Sacamos el piano a la calle Aparte &hellip;","og_url":"https:\/\/ebrexperience.cat\/es\/events\/tocam-festival-de-piano\/","og_site_name":"Ebrexperience","article_publisher":"https:\/\/www.facebook.com\/EbreXperience\/","article_modified_time":"2024-05-16T11:00:46+00:00","og_image":[{"width":550,"height":706,"url":"https:\/\/ebrexperience.cat\/wp-content\/uploads\/2024\/05\/tocam.png","type":"image\/png"}],"twitter_card":"summary_large_image","twitter_site":"@ebrexperience","twitter_misc":{"Tiempo de lectura":"1 minuto"},"schema":{"@context":"https:\/\/schema.org","@graph":[{"@type":"WebPage","@id":"https:\/\/ebrexperience.cat\/es\/events\/tocam-festival-de-piano\/","url":"https:\/\/ebrexperience.cat\/es\/events\/tocam-festival-de-piano\/","name":"Toca'm Festival de piano - Ebrexperience","isPartOf":{"@id":"https:\/\/ebrexperience.cat\/#website"},"primaryImageOfPage":{"@id":"https:\/\/ebrexperience.cat\/es\/events\/tocam-festival-de-piano\/#primaryimage"},"image":{"@id":"https:\/\/ebrexperience.cat\/es\/events\/tocam-festival-de-piano\/#primaryimage"},"thumbnailUrl":"https:\/\/ebrexperience.cat\/wp-content\/uploads\/2024\/05\/tocam.png","datePublished":"2024-05-16T10:50:24+00:00","dateModified":"2024-05-16T11:00:46+00:00","breadcrumb":{"@id":"https:\/\/ebrexperience.cat\/es\/events\/tocam-festival-de-piano\/#breadcrumb"},"inLanguage":"es","potentialAction":[{"@type":"ReadAction","target":["https:\/\/ebrexperience.cat\/es\/events\/tocam-festival-de-piano\/"]}]},{"@type":"ImageObject","inLanguage":"es","@id":"https:\/\/ebrexperience.cat\/es\/events\/tocam-festival-de-piano\/#primaryimage","url":"https:\/\/ebrexperience.cat\/wp-content\/uploads\/2024\/05\/tocam.png","contentUrl":"https:\/\/ebrexperience.cat\/wp-content\/uploads\/2024\/05\/tocam.png","width":550,"height":706,"caption":"tocam"},{"@type":"BreadcrumbList","@id":"https:\/\/ebrexperience.cat\/es\/events\/tocam-festival-de-piano\/#breadcrumb","itemListElement":[{"@type":"ListItem","position":1,"name":"Portada","item":"https:\/\/ebrexperience.cat\/es\/"},{"@type":"ListItem","position":2,"name":"Events","item":"https:\/\/ebrexperience.cat\/events\/"},{"@type":"ListItem","position":3,"name":"Toca&#8217;m Festival de piano"}]},{"@type":"WebSite","@id":"https:\/\/ebrexperience.cat\/#website","url":"https:\/\/ebrexperience.cat\/","name":"Ebrexperience","description":"","publisher":{"@id":"https:\/\/ebrexperience.cat\/#organization"},"potentialAction":[{"@type":"SearchAction","target":{"@type":"EntryPoint","urlTemplate":"https:\/\/ebrexperience.cat\/?s={search_term_string}"},"query-input":{"@type":"PropertyValueSpecification","valueRequired":true,"valueName":"search_term_string"}}],"inLanguage":"es"},{"@type":"Organization","@id":"https:\/\/ebrexperience.cat\/#organization","name":"Ebrexperience","url":"https:\/\/ebrexperience.cat\/","logo":{"@type":"ImageObject","inLanguage":"es","@id":"https:\/\/ebrexperience.cat\/#\/schema\/logo\/image\/","url":"https:\/\/ebrexperience.cat\/wp-content\/uploads\/2023\/03\/logo.png","contentUrl":"https:\/\/ebrexperience.cat\/wp-content\/uploads\/2023\/03\/logo.png","width":252,"height":45,"caption":"Ebrexperience"},"image":{"@id":"https:\/\/ebrexperience.cat\/#\/schema\/logo\/image\/"},"sameAs":["https:\/\/www.facebook.com\/EbreXperience\/","https:\/\/x.com\/ebrexperience","https:\/\/www.instagram.com\/ebrexperience\/"]}]}},"_links":{"self":[{"href":"https:\/\/ebrexperience.cat\/es\/wp-json\/wp\/v2\/ajde_events\/21819","targetHints":{"allow":["GET"]}}],"collection":[{"href":"https:\/\/ebrexperience.cat\/es\/wp-json\/wp\/v2\/ajde_events"}],"about":[{"href":"https:\/\/ebrexperience.cat\/es\/wp-json\/wp\/v2\/types\/ajde_events"}],"author":[{"embeddable":true,"href":"https:\/\/ebrexperience.cat\/es\/wp-json\/wp\/v2\/users\/96"}],"replies":[{"embeddable":true,"href":"https:\/\/ebrexperience.cat\/es\/wp-json\/wp\/v2\/comments?post=21819"}],"wp:featuredmedia":[{"embeddable":true,"href":"https:\/\/ebrexperience.cat\/es\/wp-json\/wp\/v2\/media\/21817"}],"wp:attachment":[{"href":"https:\/\/ebrexperience.cat\/es\/wp-json\/wp\/v2\/media?parent=21819"}],"wp:term":[{"taxonomy":"post_tag","embeddable":true,"href":"https:\/\/ebrexperience.cat\/es\/wp-json\/wp\/v2\/tags?post=21819"},{"taxonomy":"event_type","embeddable":true,"href":"https:\/\/ebrexperience.cat\/es\/wp-json\/wp\/v2\/event_type?post=21819"},{"taxonomy":"event_type_2","embeddable":true,"href":"https:\/\/ebrexperience.cat\/es\/wp-json\/wp\/v2\/event_type_2?post=21819"},{"taxonomy":"event_type_3","embeddable":true,"href":"https:\/\/ebrexperience.cat\/es\/wp-json\/wp\/v2\/event_type_3?post=21819"}],"curies":[{"name":"wp","href":"https:\/\/api.w.org\/{rel}","templated":true}]}}

<p>3a Edición del Festival de piano Toca&#8217;m El fin de semana del 24, 25 y 26 de mayo Tortosa vibrará de nuevo! Ven y forma parte de la cultura musical actual, vive las emociones del directo y acércate a los pianos que tendremos reservados para ti. <a href="http://tocam.cat/programa" target="_blank" rel="noopener">Más información</a></p>

<h3 class="wp-block-heading">Sacamos el piano a la calle</h3>

<p>Aparte de ofrecer los pianos a todo el que quiera tocarlos, le Toca&#8217;m invita a músicos y artistas de renombre del territorio y de todo el Estado a actuar en diferentes espacios del festival. Los conciertos serán gratuitos, se realizarán durante todo el día, mañana, tarde y noche, en diferentes horarios y ubicaciones.</p>

<p>Toca’m tiene una parte social a través de la cual acercará el piano a los sectores más vulnerables, como son los hospitales y residencias geriátricas de la ciudad.</p>

<p>Toca’m es un proyecto innovador, original y único. Actualmente, no tenemos otro festival en Cataluña que ponga el piano como eje central, el piano con todas sus vertientes y con músicas de estilos diferentes. El piano en la calle, en las plazas, el piano y su música al alcance de todos, para poder tocarlo y disfrutarlo de la mano de músicos profesionales y grandes pianistas de nuestro país. Un festival que lleva la música y la cultura a todo el mundo, para poder vivir y sentir durante tres días aquí, en las Terres de l&#8217;Ebre, en Tortosa.&#13;
<a href="http://ebrexperience.cat/agenda">Otros eventos</a></p>

<!-- This site is optimized with the Yoast SEO plugin v27.5 - https://yoast.com/product/yoast-seo-wordpress/ -->
<title>Toca&#039;m Festival de piano - Ebrexperience</title>
<meta name="robots" content="index, follow, max-snippet:-1, max-image-preview:large, max-video-preview:-1" />
<link rel="canonical" href="https://ebrexperience.cat/es/events/tocam-festival-de-piano/" />
<meta property="og:locale" content="es_ES" />
<meta property="og:type" content="article" />
<meta property="og:title" content="Toca&#039;m Festival de piano - Ebrexperience" />
<meta property="og:description" content="3a Edición del Festival de piano Toca&#8217;m El fin de semana del 24, 25 y 26 de mayo Tortosa vibrará de nuevo! Ven y forma parte de la cultura musical actual, vive las emociones del directo y acércate a los pianos que tendremos reservados para ti. Más información Sacamos el piano a la calle Aparte &hellip;" />
<meta property="og:url" content="https://ebrexperience.cat/es/events/tocam-festival-de-piano/" />
<meta property="og:site_name" content="Ebrexperience" />
<meta property="article:publisher" content="https://www.facebook.com/EbreXperience/" />
<meta property="article:modified_time" content="2024-05-16T11:00:46+00:00" />
<meta property="og:image" content="https://ebrexperience.cat/wp-content/uploads/2024/05/tocam.png" />
	<meta property="og:image:width" content="550" />
	<meta property="og:image:height" content="706" />
	<meta property="og:image:type" content="image/png" />
<meta name="twitter:card" content="summary_large_image" />
<meta name="twitter:site" content="@ebrexperience" />
<meta name="twitter:label1" content="Tiempo de lectura" />
	<meta name="twitter:data1" content="1 minuto" />
<script type="application/ld+json" class="yoast-schema-graph">{"@context":"https:\/\/schema.org","@graph":[{"@type":"WebPage","@id":"https:\/\/ebrexperience.cat\/es\/events\/tocam-festival-de-piano\/","url":"https:\/\/ebrexperience.cat\/es\/events\/tocam-festival-de-piano\/","name":"Toca'm Festival de piano - Ebrexperience","isPartOf":{"@id":"https:\/\/ebrexperience.cat\/#website"},"primaryImageOfPage":{"@id":"https:\/\/ebrexperience.cat\/es\/events\/tocam-festival-de-piano\/#primaryimage"},"image":{"@id":"https:\/\/ebrexperience.cat\/es\/events\/tocam-festival-de-piano\/#primaryimage"},"thumbnailUrl":"https:\/\/ebrexperience.cat\/wp-content\/uploads\/2024\/05\/tocam.png","datePublished":"2024-05-16T10:50:24+00:00","dateModified":"2024-05-16T11:00:46+00:00","breadcrumb":{"@id":"https:\/\/ebrexperience.cat\/es\/events\/tocam-festival-de-piano\/#breadcrumb"},"inLanguage":"es","potentialAction":[{"@type":"ReadAction","target":["https:\/\/ebrexperience.cat\/es\/events\/tocam-festival-de-piano\/"]}]},{"@type":"ImageObject","inLanguage":"es","@id":"https:\/\/ebrexperience.cat\/es\/events\/tocam-festival-de-piano\/#primaryimage","url":"https:\/\/ebrexperience.cat\/wp-content\/uploads\/2024\/05\/tocam.png","contentUrl":"https:\/\/ebrexperience.cat\/wp-content\/uploads\/2024\/05\/tocam.png","width":550,"height":706,"caption":"tocam"},{"@type":"BreadcrumbList","@id":"https:\/\/ebrexperience.cat\/es\/events\/tocam-festival-de-piano\/#breadcrumb","itemListElement":[{"@type":"ListItem","position":1,"name":"Portada","item":"https:\/\/ebrexperience.cat\/es\/"},{"@type":"ListItem","position":2,"name":"Events","item":"https:\/\/ebrexperience.cat\/events\/"},{"@type":"ListItem","position":3,"name":"Toca&#8217;m Festival de piano"}]},{"@type":"WebSite","@id":"https:\/\/ebrexperience.cat\/#website","url":"https:\/\/ebrexperience.cat\/","name":"Ebrexperience","description":"","publisher":{"@id":"https:\/\/ebrexperience.cat\/#organization"},"potentialAction":[{"@type":"SearchAction","target":{"@type":"EntryPoint","urlTemplate":"https:\/\/ebrexperience.cat\/?s={search_term_string}"},"query-input":{"@type":"PropertyValueSpecification","valueRequired":true,"valueName":"search_term_string"}}],"inLanguage":"es"},{"@type":"Organization","@id":"https:\/\/ebrexperience.cat\/#organization","name":"Ebrexperience","url":"https:\/\/ebrexperience.cat\/","logo":{"@type":"ImageObject","inLanguage":"es","@id":"https:\/\/ebrexperience.cat\/#\/schema\/logo\/image\/","url":"https:\/\/ebrexperience.cat\/wp-content\/uploads\/2023\/03\/logo.png","contentUrl":"https:\/\/ebrexperience.cat\/wp-content\/uploads\/2023\/03\/logo.png","width":252,"height":45,"caption":"Ebrexperience"},"image":{"@id":"https:\/\/ebrexperience.cat\/#\/schema\/logo\/image\/"},"sameAs":["https:\/\/www.facebook.com\/EbreXperience\/","https:\/\/x.com\/ebrexperience","https:\/\/www.instagram.com\/ebrexperience\/"]}]}</script>
<!-- / Yoast SEO plugin. -->

3a Edición del Festival de piano Toca&#8217;m El fin de semana del 24, 25 y 26 de mayo Tortosa vibrará de nuevo! Ven y forma parte de la cultura musical actual, vive las emociones del directo y acércate a los pianos que tendremos reservados para ti. Más información Sacamos el piano a la calle Aparte &hellip;
