{"id":21775,"date":"2024-05-07T12:20:07","date_gmt":"2024-05-07T10:20:07","guid":{"rendered":"https:\/\/ebrexperience.cat\/events\/litterarum\/"},"modified":"2024-05-09T17:55:35","modified_gmt":"2024-05-09T15:55:35","slug":"litterarum","status":"publish","type":"ajde_events","link":"https:\/\/ebrexperience.cat\/es\/events\/litterarum\/","title":{"rendered":"Litterarum"},"content":{"rendered":"\n<p>Litterarum inicia una innovadora colaboraci\u00f3n con Cuid&#8217;ART del Hospital Comarcal de M\u00f3ra d&#8217;Ebre en su 17\u00aa edici\u00f3n.&#13;\nEn M\u00f3ra d&#8217;Ebre, cada a\u00f1o los libros suben a escena. Si te gusta leer y viajar a trav\u00e9s de la imaginaci\u00f3n en los universos literarios de la literatura catalana, Litterarum te descubre o redescubre a los autores cl\u00e1sicos y contempor\u00e1neos a trav\u00e9s de las artes esc\u00e9nicas: teatro, recital, m\u00fasica, danza, t\u00edteres, cine o performance con propuestas y espect\u00e1culos creados o interpretados por artistas profesionales.&#13;\nSi todav\u00eda no eres lector apasionado, haremos que te guste leer.<\/p>\n\n<h3 class=\"wp-block-heading\">Que encontrar\u00e1s este a\u00f1o<\/h3>\n\n<p>Litterarum Peque\u00f1os&#13;\ncobra m\u00e1s fuerza que nunca con una expansi\u00f3n de la programaci\u00f3n infantil. La cita refuerza su rol como punto de interacci\u00f3n entre programadores y artistas, ampliando su representaci\u00f3n de m\u00e1s territorios de habla catalana. El mismo fin de semana, se celebrar\u00e1 la 21a Feria del Libro Ebrenc con 27 presentaciones de libros y 3 mesas redondas.&#13;\n-14 espect\u00e1culos literarios y 4 conmemoraciones&#13;\n2024 est\u00e1 lleno de celebraciones literarias, por lo que en el programa se podr\u00e1n ver m\u00faltiples piezas&#13;\nde los autores de las conmemoraciones de este a\u00f1o, que son cuatro: centenario de la muerte del dramaturgo y&#13;\npoeta \u00c0ngel Guimer\u00e0; centenario de la muerte del poeta Joan Salvat-Papasseit; centenario del nacimiento del&#13;\npoeta Vicent Andr\u00e9s Estell\u00e9s, y centenario del nacimiento de la escritora Montserrat Vayreda y Trullol.&#13;\n-3er maridaje literario&#13;\nUn a\u00f1o m\u00e1s, y dado el \u00e9xito de las pasadas ediciones, se celebrar\u00e1 el maridaje literario que fusiona&#13;\ngastronom\u00eda, patrimonio y literatura en una velada de lo m\u00e1s encantadora.&#13;\n-21a Feria del Libro Ebrenc&#13;\nComo ya es tradici\u00f3n, durante el mismo fin de semana, se celebrar\u00e1 tambi\u00e9n la Feria del Libro Ebrenc,&#13;\nprincipalmente dirigida a bibliotecas y programadores.<\/p>\n\n<p><a href=\"https:\/\/www.litterarum.cat\/\" target=\"_blank\" rel=\"noreferrer noopener\">Programa<\/a>&#13;\n<a href=\"http:\/\/ebrexperience.cat\/agenda\" target=\"_blank\" rel=\"noreferrer noopener\">Otros eventos<\/a><\/p>\n","protected":false},"author":96,"featured_media":21710,"menu_order":0,"comment_status":"closed","ping_status":"closed","template":"","meta":{"_acf_changed":false},"tags":[],"event_type":[501],"event_type_2":[],"event_type_3":[],"class_list":["post-21775","ajde_events","type-ajde_events","status-publish","has-post-thumbnail","hentry","event_type-parque-de-navidad"],"acf":[],"yoast_head":"<!-- This site is optimized with the Yoast SEO plugin v27.5 - https:\/\/yoast.com\/product\/yoast-seo-wordpress\/ -->\n<title>Litterarum - Ebrexperience<\/title>\n<meta name=\"robots\" content=\"index, follow, max-snippet:-1, max-image-preview:large, max-video-preview:-1\" \/>\n<link rel=\"canonical\" href=\"https:\/\/ebrexperience.cat\/es\/events\/litterarum\/\" \/>\n<meta property=\"og:locale\" content=\"es_ES\" \/>\n<meta property=\"og:type\" content=\"article\" \/>\n<meta property=\"og:title\" content=\"Litterarum - Ebrexperience\" \/>\n<meta property=\"og:description\" content=\"Litterarum inicia una innovadora colaboraci\u00f3n con Cuid&#8217;ART del Hospital Comarcal de M\u00f3ra d&#8217;Ebre en su 17\u00aa edici\u00f3n.&#013; En M\u00f3ra d&#8217;Ebre, cada a\u00f1o los libros suben a escena. Si te gusta leer y viajar a trav\u00e9s de la imaginaci\u00f3n en los universos literarios de la literatura catalana, Litterarum te descubre o redescubre a los autores cl\u00e1sicos &hellip;\" \/>\n<meta property=\"og:url\" content=\"https:\/\/ebrexperience.cat\/es\/events\/litterarum\/\" \/>\n<meta property=\"og:site_name\" content=\"Ebrexperience\" \/>\n<meta property=\"article:publisher\" content=\"https:\/\/www.facebook.com\/EbreXperience\/\" \/>\n<meta property=\"article:modified_time\" content=\"2024-05-09T15:55:35+00:00\" \/>\n<meta property=\"og:image\" content=\"https:\/\/ebrexperience.cat\/wp-content\/uploads\/2024\/05\/literarum.jpg\" \/>\n\t<meta property=\"og:image:width\" content=\"797\" \/>\n\t<meta property=\"og:image:height\" content=\"839\" \/>\n\t<meta property=\"og:image:type\" content=\"image\/jpeg\" \/>\n<meta name=\"twitter:card\" content=\"summary_large_image\" \/>\n<meta name=\"twitter:site\" content=\"@ebrexperience\" \/>\n<meta name=\"twitter:label1\" content=\"Tiempo de lectura\" \/>\n\t<meta name=\"twitter:data1\" content=\"2 minutos\" \/>\n<script type=\"application\/ld+json\" class=\"yoast-schema-graph\">{\"@context\":\"https:\\\/\\\/schema.org\",\"@graph\":[{\"@type\":\"WebPage\",\"@id\":\"https:\\\/\\\/ebrexperience.cat\\\/es\\\/events\\\/litterarum\\\/\",\"url\":\"https:\\\/\\\/ebrexperience.cat\\\/es\\\/events\\\/litterarum\\\/\",\"name\":\"Litterarum - Ebrexperience\",\"isPartOf\":{\"@id\":\"https:\\\/\\\/ebrexperience.cat\\\/#website\"},\"primaryImageOfPage\":{\"@id\":\"https:\\\/\\\/ebrexperience.cat\\\/es\\\/events\\\/litterarum\\\/#primaryimage\"},\"image\":{\"@id\":\"https:\\\/\\\/ebrexperience.cat\\\/es\\\/events\\\/litterarum\\\/#primaryimage\"},\"thumbnailUrl\":\"https:\\\/\\\/ebrexperience.cat\\\/wp-content\\\/uploads\\\/2024\\\/05\\\/literarum.jpg\",\"datePublished\":\"2024-05-07T10:20:07+00:00\",\"dateModified\":\"2024-05-09T15:55:35+00:00\",\"breadcrumb\":{\"@id\":\"https:\\\/\\\/ebrexperience.cat\\\/es\\\/events\\\/litterarum\\\/#breadcrumb\"},\"inLanguage\":\"es\",\"potentialAction\":[{\"@type\":\"ReadAction\",\"target\":[\"https:\\\/\\\/ebrexperience.cat\\\/es\\\/events\\\/litterarum\\\/\"]}]},{\"@type\":\"ImageObject\",\"inLanguage\":\"es\",\"@id\":\"https:\\\/\\\/ebrexperience.cat\\\/es\\\/events\\\/litterarum\\\/#primaryimage\",\"url\":\"https:\\\/\\\/ebrexperience.cat\\\/wp-content\\\/uploads\\\/2024\\\/05\\\/literarum.jpg\",\"contentUrl\":\"https:\\\/\\\/ebrexperience.cat\\\/wp-content\\\/uploads\\\/2024\\\/05\\\/literarum.jpg\",\"width\":797,\"height\":839,\"caption\":\"litterarum mora d'ebre\"},{\"@type\":\"BreadcrumbList\",\"@id\":\"https:\\\/\\\/ebrexperience.cat\\\/es\\\/events\\\/litterarum\\\/#breadcrumb\",\"itemListElement\":[{\"@type\":\"ListItem\",\"position\":1,\"name\":\"Portada\",\"item\":\"https:\\\/\\\/ebrexperience.cat\\\/es\\\/\"},{\"@type\":\"ListItem\",\"position\":2,\"name\":\"Events\",\"item\":\"https:\\\/\\\/ebrexperience.cat\\\/events\\\/\"},{\"@type\":\"ListItem\",\"position\":3,\"name\":\"Litterarum\"}]},{\"@type\":\"WebSite\",\"@id\":\"https:\\\/\\\/ebrexperience.cat\\\/#website\",\"url\":\"https:\\\/\\\/ebrexperience.cat\\\/\",\"name\":\"Ebrexperience\",\"description\":\"\",\"publisher\":{\"@id\":\"https:\\\/\\\/ebrexperience.cat\\\/#organization\"},\"potentialAction\":[{\"@type\":\"SearchAction\",\"target\":{\"@type\":\"EntryPoint\",\"urlTemplate\":\"https:\\\/\\\/ebrexperience.cat\\\/?s={search_term_string}\"},\"query-input\":{\"@type\":\"PropertyValueSpecification\",\"valueRequired\":true,\"valueName\":\"search_term_string\"}}],\"inLanguage\":\"es\"},{\"@type\":\"Organization\",\"@id\":\"https:\\\/\\\/ebrexperience.cat\\\/#organization\",\"name\":\"Ebrexperience\",\"url\":\"https:\\\/\\\/ebrexperience.cat\\\/\",\"logo\":{\"@type\":\"ImageObject\",\"inLanguage\":\"es\",\"@id\":\"https:\\\/\\\/ebrexperience.cat\\\/#\\\/schema\\\/logo\\\/image\\\/\",\"url\":\"https:\\\/\\\/ebrexperience.cat\\\/wp-content\\\/uploads\\\/2023\\\/03\\\/logo.png\",\"contentUrl\":\"https:\\\/\\\/ebrexperience.cat\\\/wp-content\\\/uploads\\\/2023\\\/03\\\/logo.png\",\"width\":252,\"height\":45,\"caption\":\"Ebrexperience\"},\"image\":{\"@id\":\"https:\\\/\\\/ebrexperience.cat\\\/#\\\/schema\\\/logo\\\/image\\\/\"},\"sameAs\":[\"https:\\\/\\\/www.facebook.com\\\/EbreXperience\\\/\",\"https:\\\/\\\/x.com\\\/ebrexperience\",\"https:\\\/\\\/www.instagram.com\\\/ebrexperience\\\/\"]}]}<\/script>\n<!-- \/ Yoast SEO plugin. -->","yoast_head_json":{"title":"Litterarum - Ebrexperience","robots":{"index":"index","follow":"follow","max-snippet":"max-snippet:-1","max-image-preview":"max-image-preview:large","max-video-preview":"max-video-preview:-1"},"canonical":"https:\/\/ebrexperience.cat\/es\/events\/litterarum\/","og_locale":"es_ES","og_type":"article","og_title":"Litterarum - Ebrexperience","og_description":"Litterarum inicia una innovadora colaboraci\u00f3n con Cuid&#8217;ART del Hospital Comarcal de M\u00f3ra d&#8217;Ebre en su 17\u00aa edici\u00f3n.&#13; En M\u00f3ra d&#8217;Ebre, cada a\u00f1o los libros suben a escena. Si te gusta leer y viajar a trav\u00e9s de la imaginaci\u00f3n en los universos literarios de la literatura catalana, Litterarum te descubre o redescubre a los autores cl\u00e1sicos &hellip;","og_url":"https:\/\/ebrexperience.cat\/es\/events\/litterarum\/","og_site_name":"Ebrexperience","article_publisher":"https:\/\/www.facebook.com\/EbreXperience\/","article_modified_time":"2024-05-09T15:55:35+00:00","og_image":[{"width":797,"height":839,"url":"https:\/\/ebrexperience.cat\/wp-content\/uploads\/2024\/05\/literarum.jpg","type":"image\/jpeg"}],"twitter_card":"summary_large_image","twitter_site":"@ebrexperience","twitter_misc":{"Tiempo de lectura":"2 minutos"},"schema":{"@context":"https:\/\/schema.org","@graph":[{"@type":"WebPage","@id":"https:\/\/ebrexperience.cat\/es\/events\/litterarum\/","url":"https:\/\/ebrexperience.cat\/es\/events\/litterarum\/","name":"Litterarum - Ebrexperience","isPartOf":{"@id":"https:\/\/ebrexperience.cat\/#website"},"primaryImageOfPage":{"@id":"https:\/\/ebrexperience.cat\/es\/events\/litterarum\/#primaryimage"},"image":{"@id":"https:\/\/ebrexperience.cat\/es\/events\/litterarum\/#primaryimage"},"thumbnailUrl":"https:\/\/ebrexperience.cat\/wp-content\/uploads\/2024\/05\/literarum.jpg","datePublished":"2024-05-07T10:20:07+00:00","dateModified":"2024-05-09T15:55:35+00:00","breadcrumb":{"@id":"https:\/\/ebrexperience.cat\/es\/events\/litterarum\/#breadcrumb"},"inLanguage":"es","potentialAction":[{"@type":"ReadAction","target":["https:\/\/ebrexperience.cat\/es\/events\/litterarum\/"]}]},{"@type":"ImageObject","inLanguage":"es","@id":"https:\/\/ebrexperience.cat\/es\/events\/litterarum\/#primaryimage","url":"https:\/\/ebrexperience.cat\/wp-content\/uploads\/2024\/05\/literarum.jpg","contentUrl":"https:\/\/ebrexperience.cat\/wp-content\/uploads\/2024\/05\/literarum.jpg","width":797,"height":839,"caption":"litterarum mora d'ebre"},{"@type":"BreadcrumbList","@id":"https:\/\/ebrexperience.cat\/es\/events\/litterarum\/#breadcrumb","itemListElement":[{"@type":"ListItem","position":1,"name":"Portada","item":"https:\/\/ebrexperience.cat\/es\/"},{"@type":"ListItem","position":2,"name":"Events","item":"https:\/\/ebrexperience.cat\/events\/"},{"@type":"ListItem","position":3,"name":"Litterarum"}]},{"@type":"WebSite","@id":"https:\/\/ebrexperience.cat\/#website","url":"https:\/\/ebrexperience.cat\/","name":"Ebrexperience","description":"","publisher":{"@id":"https:\/\/ebrexperience.cat\/#organization"},"potentialAction":[{"@type":"SearchAction","target":{"@type":"EntryPoint","urlTemplate":"https:\/\/ebrexperience.cat\/?s={search_term_string}"},"query-input":{"@type":"PropertyValueSpecification","valueRequired":true,"valueName":"search_term_string"}}],"inLanguage":"es"},{"@type":"Organization","@id":"https:\/\/ebrexperience.cat\/#organization","name":"Ebrexperience","url":"https:\/\/ebrexperience.cat\/","logo":{"@type":"ImageObject","inLanguage":"es","@id":"https:\/\/ebrexperience.cat\/#\/schema\/logo\/image\/","url":"https:\/\/ebrexperience.cat\/wp-content\/uploads\/2023\/03\/logo.png","contentUrl":"https:\/\/ebrexperience.cat\/wp-content\/uploads\/2023\/03\/logo.png","width":252,"height":45,"caption":"Ebrexperience"},"image":{"@id":"https:\/\/ebrexperience.cat\/#\/schema\/logo\/image\/"},"sameAs":["https:\/\/www.facebook.com\/EbreXperience\/","https:\/\/x.com\/ebrexperience","https:\/\/www.instagram.com\/ebrexperience\/"]}]}},"_links":{"self":[{"href":"https:\/\/ebrexperience.cat\/es\/wp-json\/wp\/v2\/ajde_events\/21775","targetHints":{"allow":["GET"]}}],"collection":[{"href":"https:\/\/ebrexperience.cat\/es\/wp-json\/wp\/v2\/ajde_events"}],"about":[{"href":"https:\/\/ebrexperience.cat\/es\/wp-json\/wp\/v2\/types\/ajde_events"}],"author":[{"embeddable":true,"href":"https:\/\/ebrexperience.cat\/es\/wp-json\/wp\/v2\/users\/96"}],"replies":[{"embeddable":true,"href":"https:\/\/ebrexperience.cat\/es\/wp-json\/wp\/v2\/comments?post=21775"}],"wp:featuredmedia":[{"embeddable":true,"href":"https:\/\/ebrexperience.cat\/es\/wp-json\/wp\/v2\/media\/21710"}],"wp:attachment":[{"href":"https:\/\/ebrexperience.cat\/es\/wp-json\/wp\/v2\/media?parent=21775"}],"wp:term":[{"taxonomy":"post_tag","embeddable":true,"href":"https:\/\/ebrexperience.cat\/es\/wp-json\/wp\/v2\/tags?post=21775"},{"taxonomy":"event_type","embeddable":true,"href":"https:\/\/ebrexperience.cat\/es\/wp-json\/wp\/v2\/event_type?post=21775"},{"taxonomy":"event_type_2","embeddable":true,"href":"https:\/\/ebrexperience.cat\/es\/wp-json\/wp\/v2\/event_type_2?post=21775"},{"taxonomy":"event_type_3","embeddable":true,"href":"https:\/\/ebrexperience.cat\/es\/wp-json\/wp\/v2\/event_type_3?post=21775"}],"curies":[{"name":"wp","href":"https:\/\/api.w.org\/{rel}","templated":true}]}}

<p>Litterarum inicia una innovadora colaboración con Cuid&#8217;ART del Hospital Comarcal de Móra d&#8217;Ebre en su 17ª edición.&#13;
En Móra d&#8217;Ebre, cada año los libros suben a escena. Si te gusta leer y viajar a través de la imaginación en los universos literarios de la literatura catalana, Litterarum te descubre o redescubre a los autores clásicos y contemporáneos a través de las artes escénicas: teatro, recital, música, danza, títeres, cine o performance con propuestas y espectáculos creados o interpretados por artistas profesionales.&#13;
Si todavía no eres lector apasionado, haremos que te guste leer.</p>

<h3 class="wp-block-heading">Que encontrarás este año</h3>

<p>Litterarum Pequeños&#13;
cobra más fuerza que nunca con una expansión de la programación infantil. La cita refuerza su rol como punto de interacción entre programadores y artistas, ampliando su representación de más territorios de habla catalana. El mismo fin de semana, se celebrará la 21a Feria del Libro Ebrenc con 27 presentaciones de libros y 3 mesas redondas.&#13;
-14 espectáculos literarios y 4 conmemoraciones&#13;
2024 está lleno de celebraciones literarias, por lo que en el programa se podrán ver múltiples piezas&#13;
de los autores de las conmemoraciones de este año, que son cuatro: centenario de la muerte del dramaturgo y&#13;
poeta Àngel Guimerà; centenario de la muerte del poeta Joan Salvat-Papasseit; centenario del nacimiento del&#13;
poeta Vicent Andrés Estellés, y centenario del nacimiento de la escritora Montserrat Vayreda y Trullol.&#13;
-3er maridaje literario&#13;
Un año más, y dado el éxito de las pasadas ediciones, se celebrará el maridaje literario que fusiona&#13;
gastronomía, patrimonio y literatura en una velada de lo más encantadora.&#13;
-21a Feria del Libro Ebrenc&#13;
Como ya es tradición, durante el mismo fin de semana, se celebrará también la Feria del Libro Ebrenc,&#13;
principalmente dirigida a bibliotecas y programadores.</p>

<p><a href="https://www.litterarum.cat/" target="_blank" rel="noreferrer noopener">Programa</a>&#13;
<a href="http://ebrexperience.cat/agenda" target="_blank" rel="noreferrer noopener">Otros eventos</a></p>

<!-- This site is optimized with the Yoast SEO plugin v27.5 - https://yoast.com/product/yoast-seo-wordpress/ -->
<title>Litterarum - Ebrexperience</title>
<meta name="robots" content="index, follow, max-snippet:-1, max-image-preview:large, max-video-preview:-1" />
<link rel="canonical" href="https://ebrexperience.cat/es/events/litterarum/" />
<meta property="og:locale" content="es_ES" />
<meta property="og:type" content="article" />
<meta property="og:title" content="Litterarum - Ebrexperience" />
<meta property="og:description" content="Litterarum inicia una innovadora colaboración con Cuid&#8217;ART del Hospital Comarcal de Móra d&#8217;Ebre en su 17ª edición.&#013; En Móra d&#8217;Ebre, cada año los libros suben a escena. Si te gusta leer y viajar a través de la imaginación en los universos literarios de la literatura catalana, Litterarum te descubre o redescubre a los autores clásicos &hellip;" />
<meta property="og:url" content="https://ebrexperience.cat/es/events/litterarum/" />
<meta property="og:site_name" content="Ebrexperience" />
<meta property="article:publisher" content="https://www.facebook.com/EbreXperience/" />
<meta property="article:modified_time" content="2024-05-09T15:55:35+00:00" />
<meta property="og:image" content="https://ebrexperience.cat/wp-content/uploads/2024/05/literarum.jpg" />
	<meta property="og:image:width" content="797" />
	<meta property="og:image:height" content="839" />
	<meta property="og:image:type" content="image/jpeg" />
<meta name="twitter:card" content="summary_large_image" />
<meta name="twitter:site" content="@ebrexperience" />
<meta name="twitter:label1" content="Tiempo de lectura" />
	<meta name="twitter:data1" content="2 minutos" />
<script type="application/ld+json" class="yoast-schema-graph">{"@context":"https:\/\/schema.org","@graph":[{"@type":"WebPage","@id":"https:\/\/ebrexperience.cat\/es\/events\/litterarum\/","url":"https:\/\/ebrexperience.cat\/es\/events\/litterarum\/","name":"Litterarum - Ebrexperience","isPartOf":{"@id":"https:\/\/ebrexperience.cat\/#website"},"primaryImageOfPage":{"@id":"https:\/\/ebrexperience.cat\/es\/events\/litterarum\/#primaryimage"},"image":{"@id":"https:\/\/ebrexperience.cat\/es\/events\/litterarum\/#primaryimage"},"thumbnailUrl":"https:\/\/ebrexperience.cat\/wp-content\/uploads\/2024\/05\/literarum.jpg","datePublished":"2024-05-07T10:20:07+00:00","dateModified":"2024-05-09T15:55:35+00:00","breadcrumb":{"@id":"https:\/\/ebrexperience.cat\/es\/events\/litterarum\/#breadcrumb"},"inLanguage":"es","potentialAction":[{"@type":"ReadAction","target":["https:\/\/ebrexperience.cat\/es\/events\/litterarum\/"]}]},{"@type":"ImageObject","inLanguage":"es","@id":"https:\/\/ebrexperience.cat\/es\/events\/litterarum\/#primaryimage","url":"https:\/\/ebrexperience.cat\/wp-content\/uploads\/2024\/05\/literarum.jpg","contentUrl":"https:\/\/ebrexperience.cat\/wp-content\/uploads\/2024\/05\/literarum.jpg","width":797,"height":839,"caption":"litterarum mora d'ebre"},{"@type":"BreadcrumbList","@id":"https:\/\/ebrexperience.cat\/es\/events\/litterarum\/#breadcrumb","itemListElement":[{"@type":"ListItem","position":1,"name":"Portada","item":"https:\/\/ebrexperience.cat\/es\/"},{"@type":"ListItem","position":2,"name":"Events","item":"https:\/\/ebrexperience.cat\/events\/"},{"@type":"ListItem","position":3,"name":"Litterarum"}]},{"@type":"WebSite","@id":"https:\/\/ebrexperience.cat\/#website","url":"https:\/\/ebrexperience.cat\/","name":"Ebrexperience","description":"","publisher":{"@id":"https:\/\/ebrexperience.cat\/#organization"},"potentialAction":[{"@type":"SearchAction","target":{"@type":"EntryPoint","urlTemplate":"https:\/\/ebrexperience.cat\/?s={search_term_string}"},"query-input":{"@type":"PropertyValueSpecification","valueRequired":true,"valueName":"search_term_string"}}],"inLanguage":"es"},{"@type":"Organization","@id":"https:\/\/ebrexperience.cat\/#organization","name":"Ebrexperience","url":"https:\/\/ebrexperience.cat\/","logo":{"@type":"ImageObject","inLanguage":"es","@id":"https:\/\/ebrexperience.cat\/#\/schema\/logo\/image\/","url":"https:\/\/ebrexperience.cat\/wp-content\/uploads\/2023\/03\/logo.png","contentUrl":"https:\/\/ebrexperience.cat\/wp-content\/uploads\/2023\/03\/logo.png","width":252,"height":45,"caption":"Ebrexperience"},"image":{"@id":"https:\/\/ebrexperience.cat\/#\/schema\/logo\/image\/"},"sameAs":["https:\/\/www.facebook.com\/EbreXperience\/","https:\/\/x.com\/ebrexperience","https:\/\/www.instagram.com\/ebrexperience\/"]}]}</script>
<!-- / Yoast SEO plugin. -->

Litterarum inicia una innovadora colaboración con Cuid&#8217;ART del Hospital Comarcal de Móra d&#8217;Ebre en su 17ª edición.&#13; En Móra d&#8217;Ebre, cada año los libros suben a escena. Si te gusta leer y viajar a través de la imaginación en los universos literarios de la literatura catalana, Litterarum te descubre o redescubre a los autores clásicos &hellip;
