{"id":21770,"date":"2024-05-06T11:27:26","date_gmt":"2024-05-06T09:27:26","guid":{"rendered":"https:\/\/ebrexperience.cat\/events\/fiestas-de-mayo\/"},"modified":"2024-05-09T17:41:58","modified_gmt":"2024-05-09T15:41:58","slug":"fiestas-de-mayo","status":"publish","type":"ajde_events","link":"https:\/\/ebrexperience.cat\/es\/events\/fiestas-de-mayo\/","title":{"rendered":"Fiestas de Mayo"},"content":{"rendered":"\n<h3 class=\"wp-block-heading\">Propuestas variadas para disfrutar en las Fiestas de Mayo de Alcanar<\/h3>\n\n<p>Dedicadas a San Isidro Labrador, las Fiestas de Mayo de Alcanar, que este a\u00f1o se celebrar\u00e1n del 10 al 19 de mayo.&#13;\nCerca de 90 eventos conforman la programaci\u00f3n de este a\u00f1o de las fiestas de Mayo. Estreno de musical, carpa joven, actividades para los m\u00e1s peque\u00f1os de la familia, d\u00eda de las Personas Mayores, entre otras muchas, son algunas de las propuestas planificadas. Destacar tambi\u00e9n y hacer valer la agricultura del municipio, uno de los motores esenciales de la econom\u00eda local a proteger y fomentar.&#13;\nLas tradiciones populares son otro aspecto destacado de estas fiestas, cuya historia se remonta a muchos a\u00f1os atr\u00e1s y que se han adaptado a los tiempos modernos. De nuevo, las calles se convertir\u00e1n en un lugar de encuentro, donde familiares y amigos se reunir\u00e1n en meriendas, creando aut\u00e9nticos momentos de reencuentro y alegr\u00eda.<\/p>\n\n<h3 class=\"wp-block-heading\">Fiestas per a todas las edades<\/h3>\n\n<p>Por quinta vez, el Ayuntamiento apuesta por la carpa joven, un espacio en el que los j\u00f3venes pueden disfrutar de m\u00fasica en buena compa\u00f1\u00eda.&#13;\n&#8220;Son muchas las entidades locales que han trabajado para hacer posible estas fiestas y preparar una programaci\u00f3n amplia, integradora y diversa&#8221;,<\/p>\n\n<p>otros eventos<\/p>\n","protected":false},"author":96,"featured_media":21684,"menu_order":0,"comment_status":"closed","ping_status":"closed","template":"","meta":{"_acf_changed":false},"tags":[],"event_type":[436],"event_type_2":[],"event_type_3":[],"class_list":["post-21770","ajde_events","type-ajde_events","status-publish","has-post-thumbnail","hentry","event_type-alcanar-es"],"acf":[],"yoast_head":"<!-- This site is optimized with the Yoast SEO plugin v27.5 - https:\/\/yoast.com\/product\/yoast-seo-wordpress\/ -->\n<title>Fiestas de Mayo - Ebrexperience<\/title>\n<meta name=\"robots\" content=\"index, follow, max-snippet:-1, max-image-preview:large, max-video-preview:-1\" \/>\n<link rel=\"canonical\" href=\"https:\/\/ebrexperience.cat\/es\/events\/fiestas-de-mayo\/\" \/>\n<meta property=\"og:locale\" content=\"es_ES\" \/>\n<meta property=\"og:type\" content=\"article\" \/>\n<meta property=\"og:title\" content=\"Fiestas de Mayo - Ebrexperience\" \/>\n<meta property=\"og:description\" content=\"Propuestas variadas para disfrutar en las Fiestas de Mayo de Alcanar Dedicadas a San Isidro Labrador, las Fiestas de Mayo de Alcanar, que este a\u00f1o se celebrar\u00e1n del 10 al 19 de mayo.&#013; Cerca de 90 eventos conforman la programaci\u00f3n de este a\u00f1o de las fiestas de Mayo. Estreno de musical, carpa joven, actividades para &hellip;\" \/>\n<meta property=\"og:url\" content=\"https:\/\/ebrexperience.cat\/es\/events\/fiestas-de-mayo\/\" \/>\n<meta property=\"og:site_name\" content=\"Ebrexperience\" \/>\n<meta property=\"article:publisher\" content=\"https:\/\/www.facebook.com\/EbreXperience\/\" \/>\n<meta property=\"article:modified_time\" content=\"2024-05-09T15:41:58+00:00\" \/>\n<meta property=\"og:image\" content=\"https:\/\/ebrexperience.cat\/wp-content\/uploads\/2024\/05\/festes-de-maig.png\" \/>\n\t<meta property=\"og:image:width\" content=\"558\" \/>\n\t<meta property=\"og:image:height\" content=\"789\" \/>\n\t<meta property=\"og:image:type\" content=\"image\/png\" \/>\n<meta name=\"twitter:card\" content=\"summary_large_image\" \/>\n<meta name=\"twitter:site\" content=\"@ebrexperience\" \/>\n<meta name=\"twitter:label1\" content=\"Tiempo de lectura\" \/>\n\t<meta name=\"twitter:data1\" content=\"1 minuto\" \/>\n<script type=\"application\/ld+json\" class=\"yoast-schema-graph\">{\"@context\":\"https:\\\/\\\/schema.org\",\"@graph\":[{\"@type\":\"WebPage\",\"@id\":\"https:\\\/\\\/ebrexperience.cat\\\/es\\\/events\\\/fiestas-de-mayo\\\/\",\"url\":\"https:\\\/\\\/ebrexperience.cat\\\/es\\\/events\\\/fiestas-de-mayo\\\/\",\"name\":\"Fiestas de Mayo - Ebrexperience\",\"isPartOf\":{\"@id\":\"https:\\\/\\\/ebrexperience.cat\\\/#website\"},\"primaryImageOfPage\":{\"@id\":\"https:\\\/\\\/ebrexperience.cat\\\/es\\\/events\\\/fiestas-de-mayo\\\/#primaryimage\"},\"image\":{\"@id\":\"https:\\\/\\\/ebrexperience.cat\\\/es\\\/events\\\/fiestas-de-mayo\\\/#primaryimage\"},\"thumbnailUrl\":\"https:\\\/\\\/ebrexperience.cat\\\/wp-content\\\/uploads\\\/2024\\\/05\\\/festes-de-maig.png\",\"datePublished\":\"2024-05-06T09:27:26+00:00\",\"dateModified\":\"2024-05-09T15:41:58+00:00\",\"breadcrumb\":{\"@id\":\"https:\\\/\\\/ebrexperience.cat\\\/es\\\/events\\\/fiestas-de-mayo\\\/#breadcrumb\"},\"inLanguage\":\"es\",\"potentialAction\":[{\"@type\":\"ReadAction\",\"target\":[\"https:\\\/\\\/ebrexperience.cat\\\/es\\\/events\\\/fiestas-de-mayo\\\/\"]}]},{\"@type\":\"ImageObject\",\"inLanguage\":\"es\",\"@id\":\"https:\\\/\\\/ebrexperience.cat\\\/es\\\/events\\\/fiestas-de-mayo\\\/#primaryimage\",\"url\":\"https:\\\/\\\/ebrexperience.cat\\\/wp-content\\\/uploads\\\/2024\\\/05\\\/festes-de-maig.png\",\"contentUrl\":\"https:\\\/\\\/ebrexperience.cat\\\/wp-content\\\/uploads\\\/2024\\\/05\\\/festes-de-maig.png\",\"width\":558,\"height\":789,\"caption\":\"Festes de maig a Alcanar\"},{\"@type\":\"BreadcrumbList\",\"@id\":\"https:\\\/\\\/ebrexperience.cat\\\/es\\\/events\\\/fiestas-de-mayo\\\/#breadcrumb\",\"itemListElement\":[{\"@type\":\"ListItem\",\"position\":1,\"name\":\"Portada\",\"item\":\"https:\\\/\\\/ebrexperience.cat\\\/es\\\/\"},{\"@type\":\"ListItem\",\"position\":2,\"name\":\"Events\",\"item\":\"https:\\\/\\\/ebrexperience.cat\\\/events\\\/\"},{\"@type\":\"ListItem\",\"position\":3,\"name\":\"Fiestas de Mayo\"}]},{\"@type\":\"WebSite\",\"@id\":\"https:\\\/\\\/ebrexperience.cat\\\/#website\",\"url\":\"https:\\\/\\\/ebrexperience.cat\\\/\",\"name\":\"Ebrexperience\",\"description\":\"\",\"publisher\":{\"@id\":\"https:\\\/\\\/ebrexperience.cat\\\/#organization\"},\"potentialAction\":[{\"@type\":\"SearchAction\",\"target\":{\"@type\":\"EntryPoint\",\"urlTemplate\":\"https:\\\/\\\/ebrexperience.cat\\\/?s={search_term_string}\"},\"query-input\":{\"@type\":\"PropertyValueSpecification\",\"valueRequired\":true,\"valueName\":\"search_term_string\"}}],\"inLanguage\":\"es\"},{\"@type\":\"Organization\",\"@id\":\"https:\\\/\\\/ebrexperience.cat\\\/#organization\",\"name\":\"Ebrexperience\",\"url\":\"https:\\\/\\\/ebrexperience.cat\\\/\",\"logo\":{\"@type\":\"ImageObject\",\"inLanguage\":\"es\",\"@id\":\"https:\\\/\\\/ebrexperience.cat\\\/#\\\/schema\\\/logo\\\/image\\\/\",\"url\":\"https:\\\/\\\/ebrexperience.cat\\\/wp-content\\\/uploads\\\/2023\\\/03\\\/logo.png\",\"contentUrl\":\"https:\\\/\\\/ebrexperience.cat\\\/wp-content\\\/uploads\\\/2023\\\/03\\\/logo.png\",\"width\":252,\"height\":45,\"caption\":\"Ebrexperience\"},\"image\":{\"@id\":\"https:\\\/\\\/ebrexperience.cat\\\/#\\\/schema\\\/logo\\\/image\\\/\"},\"sameAs\":[\"https:\\\/\\\/www.facebook.com\\\/EbreXperience\\\/\",\"https:\\\/\\\/x.com\\\/ebrexperience\",\"https:\\\/\\\/www.instagram.com\\\/ebrexperience\\\/\"]}]}<\/script>\n<!-- \/ Yoast SEO plugin. -->","yoast_head_json":{"title":"Fiestas de Mayo - Ebrexperience","robots":{"index":"index","follow":"follow","max-snippet":"max-snippet:-1","max-image-preview":"max-image-preview:large","max-video-preview":"max-video-preview:-1"},"canonical":"https:\/\/ebrexperience.cat\/es\/events\/fiestas-de-mayo\/","og_locale":"es_ES","og_type":"article","og_title":"Fiestas de Mayo - Ebrexperience","og_description":"Propuestas variadas para disfrutar en las Fiestas de Mayo de Alcanar Dedicadas a San Isidro Labrador, las Fiestas de Mayo de Alcanar, que este a\u00f1o se celebrar\u00e1n del 10 al 19 de mayo.&#13; Cerca de 90 eventos conforman la programaci\u00f3n de este a\u00f1o de las fiestas de Mayo. Estreno de musical, carpa joven, actividades para &hellip;","og_url":"https:\/\/ebrexperience.cat\/es\/events\/fiestas-de-mayo\/","og_site_name":"Ebrexperience","article_publisher":"https:\/\/www.facebook.com\/EbreXperience\/","article_modified_time":"2024-05-09T15:41:58+00:00","og_image":[{"width":558,"height":789,"url":"https:\/\/ebrexperience.cat\/wp-content\/uploads\/2024\/05\/festes-de-maig.png","type":"image\/png"}],"twitter_card":"summary_large_image","twitter_site":"@ebrexperience","twitter_misc":{"Tiempo de lectura":"1 minuto"},"schema":{"@context":"https:\/\/schema.org","@graph":[{"@type":"WebPage","@id":"https:\/\/ebrexperience.cat\/es\/events\/fiestas-de-mayo\/","url":"https:\/\/ebrexperience.cat\/es\/events\/fiestas-de-mayo\/","name":"Fiestas de Mayo - Ebrexperience","isPartOf":{"@id":"https:\/\/ebrexperience.cat\/#website"},"primaryImageOfPage":{"@id":"https:\/\/ebrexperience.cat\/es\/events\/fiestas-de-mayo\/#primaryimage"},"image":{"@id":"https:\/\/ebrexperience.cat\/es\/events\/fiestas-de-mayo\/#primaryimage"},"thumbnailUrl":"https:\/\/ebrexperience.cat\/wp-content\/uploads\/2024\/05\/festes-de-maig.png","datePublished":"2024-05-06T09:27:26+00:00","dateModified":"2024-05-09T15:41:58+00:00","breadcrumb":{"@id":"https:\/\/ebrexperience.cat\/es\/events\/fiestas-de-mayo\/#breadcrumb"},"inLanguage":"es","potentialAction":[{"@type":"ReadAction","target":["https:\/\/ebrexperience.cat\/es\/events\/fiestas-de-mayo\/"]}]},{"@type":"ImageObject","inLanguage":"es","@id":"https:\/\/ebrexperience.cat\/es\/events\/fiestas-de-mayo\/#primaryimage","url":"https:\/\/ebrexperience.cat\/wp-content\/uploads\/2024\/05\/festes-de-maig.png","contentUrl":"https:\/\/ebrexperience.cat\/wp-content\/uploads\/2024\/05\/festes-de-maig.png","width":558,"height":789,"caption":"Festes de maig a Alcanar"},{"@type":"BreadcrumbList","@id":"https:\/\/ebrexperience.cat\/es\/events\/fiestas-de-mayo\/#breadcrumb","itemListElement":[{"@type":"ListItem","position":1,"name":"Portada","item":"https:\/\/ebrexperience.cat\/es\/"},{"@type":"ListItem","position":2,"name":"Events","item":"https:\/\/ebrexperience.cat\/events\/"},{"@type":"ListItem","position":3,"name":"Fiestas de Mayo"}]},{"@type":"WebSite","@id":"https:\/\/ebrexperience.cat\/#website","url":"https:\/\/ebrexperience.cat\/","name":"Ebrexperience","description":"","publisher":{"@id":"https:\/\/ebrexperience.cat\/#organization"},"potentialAction":[{"@type":"SearchAction","target":{"@type":"EntryPoint","urlTemplate":"https:\/\/ebrexperience.cat\/?s={search_term_string}"},"query-input":{"@type":"PropertyValueSpecification","valueRequired":true,"valueName":"search_term_string"}}],"inLanguage":"es"},{"@type":"Organization","@id":"https:\/\/ebrexperience.cat\/#organization","name":"Ebrexperience","url":"https:\/\/ebrexperience.cat\/","logo":{"@type":"ImageObject","inLanguage":"es","@id":"https:\/\/ebrexperience.cat\/#\/schema\/logo\/image\/","url":"https:\/\/ebrexperience.cat\/wp-content\/uploads\/2023\/03\/logo.png","contentUrl":"https:\/\/ebrexperience.cat\/wp-content\/uploads\/2023\/03\/logo.png","width":252,"height":45,"caption":"Ebrexperience"},"image":{"@id":"https:\/\/ebrexperience.cat\/#\/schema\/logo\/image\/"},"sameAs":["https:\/\/www.facebook.com\/EbreXperience\/","https:\/\/x.com\/ebrexperience","https:\/\/www.instagram.com\/ebrexperience\/"]}]}},"_links":{"self":[{"href":"https:\/\/ebrexperience.cat\/es\/wp-json\/wp\/v2\/ajde_events\/21770","targetHints":{"allow":["GET"]}}],"collection":[{"href":"https:\/\/ebrexperience.cat\/es\/wp-json\/wp\/v2\/ajde_events"}],"about":[{"href":"https:\/\/ebrexperience.cat\/es\/wp-json\/wp\/v2\/types\/ajde_events"}],"author":[{"embeddable":true,"href":"https:\/\/ebrexperience.cat\/es\/wp-json\/wp\/v2\/users\/96"}],"replies":[{"embeddable":true,"href":"https:\/\/ebrexperience.cat\/es\/wp-json\/wp\/v2\/comments?post=21770"}],"wp:featuredmedia":[{"embeddable":true,"href":"https:\/\/ebrexperience.cat\/es\/wp-json\/wp\/v2\/media\/21684"}],"wp:attachment":[{"href":"https:\/\/ebrexperience.cat\/es\/wp-json\/wp\/v2\/media?parent=21770"}],"wp:term":[{"taxonomy":"post_tag","embeddable":true,"href":"https:\/\/ebrexperience.cat\/es\/wp-json\/wp\/v2\/tags?post=21770"},{"taxonomy":"event_type","embeddable":true,"href":"https:\/\/ebrexperience.cat\/es\/wp-json\/wp\/v2\/event_type?post=21770"},{"taxonomy":"event_type_2","embeddable":true,"href":"https:\/\/ebrexperience.cat\/es\/wp-json\/wp\/v2\/event_type_2?post=21770"},{"taxonomy":"event_type_3","embeddable":true,"href":"https:\/\/ebrexperience.cat\/es\/wp-json\/wp\/v2\/event_type_3?post=21770"}],"curies":[{"name":"wp","href":"https:\/\/api.w.org\/{rel}","templated":true}]}}

<h3 class="wp-block-heading">Propuestas variadas para disfrutar en las Fiestas de Mayo de Alcanar</h3>

<p>Dedicadas a San Isidro Labrador, las Fiestas de Mayo de Alcanar, que este año se celebrarán del 10 al 19 de mayo.&#13;
Cerca de 90 eventos conforman la programación de este año de las fiestas de Mayo. Estreno de musical, carpa joven, actividades para los más pequeños de la familia, día de las Personas Mayores, entre otras muchas, son algunas de las propuestas planificadas. Destacar también y hacer valer la agricultura del municipio, uno de los motores esenciales de la economía local a proteger y fomentar.&#13;
Las tradiciones populares son otro aspecto destacado de estas fiestas, cuya historia se remonta a muchos años atrás y que se han adaptado a los tiempos modernos. De nuevo, las calles se convertirán en un lugar de encuentro, donde familiares y amigos se reunirán en meriendas, creando auténticos momentos de reencuentro y alegría.</p>

<h3 class="wp-block-heading">Fiestas per a todas las edades</h3>

<p>Por quinta vez, el Ayuntamiento apuesta por la carpa joven, un espacio en el que los jóvenes pueden disfrutar de música en buena compañía.&#13;
&#8220;Son muchas las entidades locales que han trabajado para hacer posible estas fiestas y preparar una programación amplia, integradora y diversa&#8221;,</p>

<p>otros eventos</p>

<!-- This site is optimized with the Yoast SEO plugin v27.5 - https://yoast.com/product/yoast-seo-wordpress/ -->
<title>Fiestas de Mayo - Ebrexperience</title>
<meta name="robots" content="index, follow, max-snippet:-1, max-image-preview:large, max-video-preview:-1" />
<link rel="canonical" href="https://ebrexperience.cat/es/events/fiestas-de-mayo/" />
<meta property="og:locale" content="es_ES" />
<meta property="og:type" content="article" />
<meta property="og:title" content="Fiestas de Mayo - Ebrexperience" />
<meta property="og:description" content="Propuestas variadas para disfrutar en las Fiestas de Mayo de Alcanar Dedicadas a San Isidro Labrador, las Fiestas de Mayo de Alcanar, que este año se celebrarán del 10 al 19 de mayo.&#013; Cerca de 90 eventos conforman la programación de este año de las fiestas de Mayo. Estreno de musical, carpa joven, actividades para &hellip;" />
<meta property="og:url" content="https://ebrexperience.cat/es/events/fiestas-de-mayo/" />
<meta property="og:site_name" content="Ebrexperience" />
<meta property="article:publisher" content="https://www.facebook.com/EbreXperience/" />
<meta property="article:modified_time" content="2024-05-09T15:41:58+00:00" />
<meta property="og:image" content="https://ebrexperience.cat/wp-content/uploads/2024/05/festes-de-maig.png" />
	<meta property="og:image:width" content="558" />
	<meta property="og:image:height" content="789" />
	<meta property="og:image:type" content="image/png" />
<meta name="twitter:card" content="summary_large_image" />
<meta name="twitter:site" content="@ebrexperience" />
<meta name="twitter:label1" content="Tiempo de lectura" />
	<meta name="twitter:data1" content="1 minuto" />
<script type="application/ld+json" class="yoast-schema-graph">{"@context":"https:\/\/schema.org","@graph":[{"@type":"WebPage","@id":"https:\/\/ebrexperience.cat\/es\/events\/fiestas-de-mayo\/","url":"https:\/\/ebrexperience.cat\/es\/events\/fiestas-de-mayo\/","name":"Fiestas de Mayo - Ebrexperience","isPartOf":{"@id":"https:\/\/ebrexperience.cat\/#website"},"primaryImageOfPage":{"@id":"https:\/\/ebrexperience.cat\/es\/events\/fiestas-de-mayo\/#primaryimage"},"image":{"@id":"https:\/\/ebrexperience.cat\/es\/events\/fiestas-de-mayo\/#primaryimage"},"thumbnailUrl":"https:\/\/ebrexperience.cat\/wp-content\/uploads\/2024\/05\/festes-de-maig.png","datePublished":"2024-05-06T09:27:26+00:00","dateModified":"2024-05-09T15:41:58+00:00","breadcrumb":{"@id":"https:\/\/ebrexperience.cat\/es\/events\/fiestas-de-mayo\/#breadcrumb"},"inLanguage":"es","potentialAction":[{"@type":"ReadAction","target":["https:\/\/ebrexperience.cat\/es\/events\/fiestas-de-mayo\/"]}]},{"@type":"ImageObject","inLanguage":"es","@id":"https:\/\/ebrexperience.cat\/es\/events\/fiestas-de-mayo\/#primaryimage","url":"https:\/\/ebrexperience.cat\/wp-content\/uploads\/2024\/05\/festes-de-maig.png","contentUrl":"https:\/\/ebrexperience.cat\/wp-content\/uploads\/2024\/05\/festes-de-maig.png","width":558,"height":789,"caption":"Festes de maig a Alcanar"},{"@type":"BreadcrumbList","@id":"https:\/\/ebrexperience.cat\/es\/events\/fiestas-de-mayo\/#breadcrumb","itemListElement":[{"@type":"ListItem","position":1,"name":"Portada","item":"https:\/\/ebrexperience.cat\/es\/"},{"@type":"ListItem","position":2,"name":"Events","item":"https:\/\/ebrexperience.cat\/events\/"},{"@type":"ListItem","position":3,"name":"Fiestas de Mayo"}]},{"@type":"WebSite","@id":"https:\/\/ebrexperience.cat\/#website","url":"https:\/\/ebrexperience.cat\/","name":"Ebrexperience","description":"","publisher":{"@id":"https:\/\/ebrexperience.cat\/#organization"},"potentialAction":[{"@type":"SearchAction","target":{"@type":"EntryPoint","urlTemplate":"https:\/\/ebrexperience.cat\/?s={search_term_string}"},"query-input":{"@type":"PropertyValueSpecification","valueRequired":true,"valueName":"search_term_string"}}],"inLanguage":"es"},{"@type":"Organization","@id":"https:\/\/ebrexperience.cat\/#organization","name":"Ebrexperience","url":"https:\/\/ebrexperience.cat\/","logo":{"@type":"ImageObject","inLanguage":"es","@id":"https:\/\/ebrexperience.cat\/#\/schema\/logo\/image\/","url":"https:\/\/ebrexperience.cat\/wp-content\/uploads\/2023\/03\/logo.png","contentUrl":"https:\/\/ebrexperience.cat\/wp-content\/uploads\/2023\/03\/logo.png","width":252,"height":45,"caption":"Ebrexperience"},"image":{"@id":"https:\/\/ebrexperience.cat\/#\/schema\/logo\/image\/"},"sameAs":["https:\/\/www.facebook.com\/EbreXperience\/","https:\/\/x.com\/ebrexperience","https:\/\/www.instagram.com\/ebrexperience\/"]}]}</script>
<!-- / Yoast SEO plugin. -->

Propuestas variadas para disfrutar en las Fiestas de Mayo de Alcanar Dedicadas a San Isidro Labrador, las Fiestas de Mayo de Alcanar, que este año se celebrarán del 10 al 19 de mayo.&#13; Cerca de 90 eventos conforman la programación de este año de las fiestas de Mayo. Estreno de musical, carpa joven, actividades para &hellip;
