{"id":21583,"date":"2024-04-18T17:02:02","date_gmt":"2024-04-18T15:02:02","guid":{"rendered":"https:\/\/ebrexperience.cat\/events\/xiii-jornada-del-atun-rojo\/"},"modified":"2024-04-22T16:48:33","modified_gmt":"2024-04-22T14:48:33","slug":"xiii-jornada-del-atun-rojo","status":"publish","type":"ajde_events","link":"https:\/\/ebrexperience.cat\/es\/events\/xiii-jornada-del-atun-rojo\/","title":{"rendered":"XIII Jornada del At\u00fan Rojo"},"content":{"rendered":"\n<p>XIII Jornada del at\u00fan rojo, del 26 de abril al 5 de mayo la Ametlla de Mar se convertir\u00e1 en la capital gastron\u00f3mica del at\u00fan rojo del Mediterr\u00e1neo. En esta ruta de la tapa roja participan los bares que servir\u00e1n la tapa roja por 5\u20ac, bebida incluida.&#13;\nNOVEDAD: Venta anticipada de tickets del D\u00eda del At\u00fan Rojo 2024 en la Oficina de Turismo del 22 al 26 de abril de 10 a 13:30 y de 17 a 19:30 h.<\/p>\n\n<p>Para participar tendr\u00e1s que rellenar el boleto que hay en el tr\u00edptico de la ruta con los tampones de 5 bares distintos de la ruta. Poner tus datos y depositarlo en los buzones que encontrar\u00e1s en los establecimientos que participan en las Rutas del Tapamar o en la Oficina de Turismo del Parc Bon Rep\u00f2s.<\/p>\n\n<h4 class=\"wp-block-heading\">Premios para los participantes de la Ruta<\/h4>\n\n<p>Todos los participantes en la XIII Jornada del At\u00fan Rojo entrar\u00e1n en el sorteo de 2 men\u00fas dobles para las pr\u00f3ximas jornadas gastron\u00f3micas de los fideos dorados de la Cala (patrocinado por Turisme l&#8217;Ametlla de Mar).<\/p>\n\n<p>Entre todos los votantes de la tapa ganadora se sortear\u00e1n 10 Tuna Tours dobles patrocinado por Grup Balfeg\u00f3&#13;\n<a href=\"http:\/\/ebrexperience.cat\/agenda\">Otros eventos<\/a><\/p>\n","protected":false},"author":96,"featured_media":21567,"menu_order":0,"comment_status":"closed","ping_status":"closed","template":"","meta":{"_acf_changed":false},"tags":[],"event_type":[439],"event_type_2":[],"event_type_3":[],"class_list":["post-21583","ajde_events","type-ajde_events","status-publish","has-post-thumbnail","hentry","event_type-l-ametlla-de-mar-es"],"acf":[],"yoast_head":"<!-- This site is optimized with the Yoast SEO plugin v27.5 - https:\/\/yoast.com\/product\/yoast-seo-wordpress\/ -->\n<title>XIII Jornada del At\u00fan Rojo - Ebrexperience<\/title>\n<meta name=\"robots\" content=\"index, follow, max-snippet:-1, max-image-preview:large, max-video-preview:-1\" \/>\n<link rel=\"canonical\" href=\"https:\/\/ebrexperience.cat\/es\/events\/xiii-jornada-del-atun-rojo\/\" \/>\n<meta property=\"og:locale\" content=\"es_ES\" \/>\n<meta property=\"og:type\" content=\"article\" \/>\n<meta property=\"og:title\" content=\"XIII Jornada del At\u00fan Rojo - Ebrexperience\" \/>\n<meta property=\"og:description\" content=\"XIII Jornada del at\u00fan rojo, del 26 de abril al 5 de mayo la Ametlla de Mar se convertir\u00e1 en la capital gastron\u00f3mica del at\u00fan rojo del Mediterr\u00e1neo. En esta ruta de la tapa roja participan los bares que servir\u00e1n la tapa roja por 5\u20ac, bebida incluida.&#013; NOVEDAD: Venta anticipada de tickets del D\u00eda del &hellip;\" \/>\n<meta property=\"og:url\" content=\"https:\/\/ebrexperience.cat\/es\/events\/xiii-jornada-del-atun-rojo\/\" \/>\n<meta property=\"og:site_name\" content=\"Ebrexperience\" \/>\n<meta property=\"article:publisher\" content=\"https:\/\/www.facebook.com\/EbreXperience\/\" \/>\n<meta property=\"article:modified_time\" content=\"2024-04-22T14:48:33+00:00\" \/>\n<meta property=\"og:image\" content=\"https:\/\/ebrexperience.cat\/wp-content\/uploads\/2024\/04\/jornades-1.png\" \/>\n\t<meta property=\"og:image:width\" content=\"441\" \/>\n\t<meta property=\"og:image:height\" content=\"612\" \/>\n\t<meta property=\"og:image:type\" content=\"image\/png\" \/>\n<meta name=\"twitter:card\" content=\"summary_large_image\" \/>\n<meta name=\"twitter:site\" content=\"@ebrexperience\" \/>\n<meta name=\"twitter:label1\" content=\"Tiempo de lectura\" \/>\n\t<meta name=\"twitter:data1\" content=\"1 minuto\" \/>\n<script type=\"application\/ld+json\" class=\"yoast-schema-graph\">{\"@context\":\"https:\\\/\\\/schema.org\",\"@graph\":[{\"@type\":\"WebPage\",\"@id\":\"https:\\\/\\\/ebrexperience.cat\\\/es\\\/events\\\/xiii-jornada-del-atun-rojo\\\/\",\"url\":\"https:\\\/\\\/ebrexperience.cat\\\/es\\\/events\\\/xiii-jornada-del-atun-rojo\\\/\",\"name\":\"XIII Jornada del At\u00fan Rojo - Ebrexperience\",\"isPartOf\":{\"@id\":\"https:\\\/\\\/ebrexperience.cat\\\/#website\"},\"primaryImageOfPage\":{\"@id\":\"https:\\\/\\\/ebrexperience.cat\\\/es\\\/events\\\/xiii-jornada-del-atun-rojo\\\/#primaryimage\"},\"image\":{\"@id\":\"https:\\\/\\\/ebrexperience.cat\\\/es\\\/events\\\/xiii-jornada-del-atun-rojo\\\/#primaryimage\"},\"thumbnailUrl\":\"https:\\\/\\\/ebrexperience.cat\\\/wp-content\\\/uploads\\\/2024\\\/04\\\/jornades-1.png\",\"datePublished\":\"2024-04-18T15:02:02+00:00\",\"dateModified\":\"2024-04-22T14:48:33+00:00\",\"breadcrumb\":{\"@id\":\"https:\\\/\\\/ebrexperience.cat\\\/es\\\/events\\\/xiii-jornada-del-atun-rojo\\\/#breadcrumb\"},\"inLanguage\":\"es\",\"potentialAction\":[{\"@type\":\"ReadAction\",\"target\":[\"https:\\\/\\\/ebrexperience.cat\\\/es\\\/events\\\/xiii-jornada-del-atun-rojo\\\/\"]}]},{\"@type\":\"ImageObject\",\"inLanguage\":\"es\",\"@id\":\"https:\\\/\\\/ebrexperience.cat\\\/es\\\/events\\\/xiii-jornada-del-atun-rojo\\\/#primaryimage\",\"url\":\"https:\\\/\\\/ebrexperience.cat\\\/wp-content\\\/uploads\\\/2024\\\/04\\\/jornades-1.png\",\"contentUrl\":\"https:\\\/\\\/ebrexperience.cat\\\/wp-content\\\/uploads\\\/2024\\\/04\\\/jornades-1.png\",\"width\":441,\"height\":612,\"caption\":\"jornades tonyina roja\"},{\"@type\":\"BreadcrumbList\",\"@id\":\"https:\\\/\\\/ebrexperience.cat\\\/es\\\/events\\\/xiii-jornada-del-atun-rojo\\\/#breadcrumb\",\"itemListElement\":[{\"@type\":\"ListItem\",\"position\":1,\"name\":\"Portada\",\"item\":\"https:\\\/\\\/ebrexperience.cat\\\/es\\\/\"},{\"@type\":\"ListItem\",\"position\":2,\"name\":\"Events\",\"item\":\"https:\\\/\\\/ebrexperience.cat\\\/events\\\/\"},{\"@type\":\"ListItem\",\"position\":3,\"name\":\"XIII Jornada del At\u00fan Rojo\"}]},{\"@type\":\"WebSite\",\"@id\":\"https:\\\/\\\/ebrexperience.cat\\\/#website\",\"url\":\"https:\\\/\\\/ebrexperience.cat\\\/\",\"name\":\"Ebrexperience\",\"description\":\"\",\"publisher\":{\"@id\":\"https:\\\/\\\/ebrexperience.cat\\\/#organization\"},\"potentialAction\":[{\"@type\":\"SearchAction\",\"target\":{\"@type\":\"EntryPoint\",\"urlTemplate\":\"https:\\\/\\\/ebrexperience.cat\\\/?s={search_term_string}\"},\"query-input\":{\"@type\":\"PropertyValueSpecification\",\"valueRequired\":true,\"valueName\":\"search_term_string\"}}],\"inLanguage\":\"es\"},{\"@type\":\"Organization\",\"@id\":\"https:\\\/\\\/ebrexperience.cat\\\/#organization\",\"name\":\"Ebrexperience\",\"url\":\"https:\\\/\\\/ebrexperience.cat\\\/\",\"logo\":{\"@type\":\"ImageObject\",\"inLanguage\":\"es\",\"@id\":\"https:\\\/\\\/ebrexperience.cat\\\/#\\\/schema\\\/logo\\\/image\\\/\",\"url\":\"https:\\\/\\\/ebrexperience.cat\\\/wp-content\\\/uploads\\\/2023\\\/03\\\/logo.png\",\"contentUrl\":\"https:\\\/\\\/ebrexperience.cat\\\/wp-content\\\/uploads\\\/2023\\\/03\\\/logo.png\",\"width\":252,\"height\":45,\"caption\":\"Ebrexperience\"},\"image\":{\"@id\":\"https:\\\/\\\/ebrexperience.cat\\\/#\\\/schema\\\/logo\\\/image\\\/\"},\"sameAs\":[\"https:\\\/\\\/www.facebook.com\\\/EbreXperience\\\/\",\"https:\\\/\\\/x.com\\\/ebrexperience\",\"https:\\\/\\\/www.instagram.com\\\/ebrexperience\\\/\"]}]}<\/script>\n<!-- \/ Yoast SEO plugin. -->","yoast_head_json":{"title":"XIII Jornada del At\u00fan Rojo - Ebrexperience","robots":{"index":"index","follow":"follow","max-snippet":"max-snippet:-1","max-image-preview":"max-image-preview:large","max-video-preview":"max-video-preview:-1"},"canonical":"https:\/\/ebrexperience.cat\/es\/events\/xiii-jornada-del-atun-rojo\/","og_locale":"es_ES","og_type":"article","og_title":"XIII Jornada del At\u00fan Rojo - Ebrexperience","og_description":"XIII Jornada del at\u00fan rojo, del 26 de abril al 5 de mayo la Ametlla de Mar se convertir\u00e1 en la capital gastron\u00f3mica del at\u00fan rojo del Mediterr\u00e1neo. En esta ruta de la tapa roja participan los bares que servir\u00e1n la tapa roja por 5\u20ac, bebida incluida.&#13; NOVEDAD: Venta anticipada de tickets del D\u00eda del &hellip;","og_url":"https:\/\/ebrexperience.cat\/es\/events\/xiii-jornada-del-atun-rojo\/","og_site_name":"Ebrexperience","article_publisher":"https:\/\/www.facebook.com\/EbreXperience\/","article_modified_time":"2024-04-22T14:48:33+00:00","og_image":[{"width":441,"height":612,"url":"https:\/\/ebrexperience.cat\/wp-content\/uploads\/2024\/04\/jornades-1.png","type":"image\/png"}],"twitter_card":"summary_large_image","twitter_site":"@ebrexperience","twitter_misc":{"Tiempo de lectura":"1 minuto"},"schema":{"@context":"https:\/\/schema.org","@graph":[{"@type":"WebPage","@id":"https:\/\/ebrexperience.cat\/es\/events\/xiii-jornada-del-atun-rojo\/","url":"https:\/\/ebrexperience.cat\/es\/events\/xiii-jornada-del-atun-rojo\/","name":"XIII Jornada del At\u00fan Rojo - Ebrexperience","isPartOf":{"@id":"https:\/\/ebrexperience.cat\/#website"},"primaryImageOfPage":{"@id":"https:\/\/ebrexperience.cat\/es\/events\/xiii-jornada-del-atun-rojo\/#primaryimage"},"image":{"@id":"https:\/\/ebrexperience.cat\/es\/events\/xiii-jornada-del-atun-rojo\/#primaryimage"},"thumbnailUrl":"https:\/\/ebrexperience.cat\/wp-content\/uploads\/2024\/04\/jornades-1.png","datePublished":"2024-04-18T15:02:02+00:00","dateModified":"2024-04-22T14:48:33+00:00","breadcrumb":{"@id":"https:\/\/ebrexperience.cat\/es\/events\/xiii-jornada-del-atun-rojo\/#breadcrumb"},"inLanguage":"es","potentialAction":[{"@type":"ReadAction","target":["https:\/\/ebrexperience.cat\/es\/events\/xiii-jornada-del-atun-rojo\/"]}]},{"@type":"ImageObject","inLanguage":"es","@id":"https:\/\/ebrexperience.cat\/es\/events\/xiii-jornada-del-atun-rojo\/#primaryimage","url":"https:\/\/ebrexperience.cat\/wp-content\/uploads\/2024\/04\/jornades-1.png","contentUrl":"https:\/\/ebrexperience.cat\/wp-content\/uploads\/2024\/04\/jornades-1.png","width":441,"height":612,"caption":"jornades tonyina roja"},{"@type":"BreadcrumbList","@id":"https:\/\/ebrexperience.cat\/es\/events\/xiii-jornada-del-atun-rojo\/#breadcrumb","itemListElement":[{"@type":"ListItem","position":1,"name":"Portada","item":"https:\/\/ebrexperience.cat\/es\/"},{"@type":"ListItem","position":2,"name":"Events","item":"https:\/\/ebrexperience.cat\/events\/"},{"@type":"ListItem","position":3,"name":"XIII Jornada del At\u00fan Rojo"}]},{"@type":"WebSite","@id":"https:\/\/ebrexperience.cat\/#website","url":"https:\/\/ebrexperience.cat\/","name":"Ebrexperience","description":"","publisher":{"@id":"https:\/\/ebrexperience.cat\/#organization"},"potentialAction":[{"@type":"SearchAction","target":{"@type":"EntryPoint","urlTemplate":"https:\/\/ebrexperience.cat\/?s={search_term_string}"},"query-input":{"@type":"PropertyValueSpecification","valueRequired":true,"valueName":"search_term_string"}}],"inLanguage":"es"},{"@type":"Organization","@id":"https:\/\/ebrexperience.cat\/#organization","name":"Ebrexperience","url":"https:\/\/ebrexperience.cat\/","logo":{"@type":"ImageObject","inLanguage":"es","@id":"https:\/\/ebrexperience.cat\/#\/schema\/logo\/image\/","url":"https:\/\/ebrexperience.cat\/wp-content\/uploads\/2023\/03\/logo.png","contentUrl":"https:\/\/ebrexperience.cat\/wp-content\/uploads\/2023\/03\/logo.png","width":252,"height":45,"caption":"Ebrexperience"},"image":{"@id":"https:\/\/ebrexperience.cat\/#\/schema\/logo\/image\/"},"sameAs":["https:\/\/www.facebook.com\/EbreXperience\/","https:\/\/x.com\/ebrexperience","https:\/\/www.instagram.com\/ebrexperience\/"]}]}},"_links":{"self":[{"href":"https:\/\/ebrexperience.cat\/es\/wp-json\/wp\/v2\/ajde_events\/21583","targetHints":{"allow":["GET"]}}],"collection":[{"href":"https:\/\/ebrexperience.cat\/es\/wp-json\/wp\/v2\/ajde_events"}],"about":[{"href":"https:\/\/ebrexperience.cat\/es\/wp-json\/wp\/v2\/types\/ajde_events"}],"author":[{"embeddable":true,"href":"https:\/\/ebrexperience.cat\/es\/wp-json\/wp\/v2\/users\/96"}],"replies":[{"embeddable":true,"href":"https:\/\/ebrexperience.cat\/es\/wp-json\/wp\/v2\/comments?post=21583"}],"wp:featuredmedia":[{"embeddable":true,"href":"https:\/\/ebrexperience.cat\/es\/wp-json\/wp\/v2\/media\/21567"}],"wp:attachment":[{"href":"https:\/\/ebrexperience.cat\/es\/wp-json\/wp\/v2\/media?parent=21583"}],"wp:term":[{"taxonomy":"post_tag","embeddable":true,"href":"https:\/\/ebrexperience.cat\/es\/wp-json\/wp\/v2\/tags?post=21583"},{"taxonomy":"event_type","embeddable":true,"href":"https:\/\/ebrexperience.cat\/es\/wp-json\/wp\/v2\/event_type?post=21583"},{"taxonomy":"event_type_2","embeddable":true,"href":"https:\/\/ebrexperience.cat\/es\/wp-json\/wp\/v2\/event_type_2?post=21583"},{"taxonomy":"event_type_3","embeddable":true,"href":"https:\/\/ebrexperience.cat\/es\/wp-json\/wp\/v2\/event_type_3?post=21583"}],"curies":[{"name":"wp","href":"https:\/\/api.w.org\/{rel}","templated":true}]}}

XIII Jornada del Atún Rojo

<p>XIII Jornada del atún rojo, del 26 de abril al 5 de mayo la Ametlla de Mar se convertirá en la capital gastronómica del atún rojo del Mediterráneo. En esta ruta de la tapa roja participan los bares que servirán la tapa roja por 5€, bebida incluida.&#13;
NOVEDAD: Venta anticipada de tickets del Día del Atún Rojo 2024 en la Oficina de Turismo del 22 al 26 de abril de 10 a 13:30 y de 17 a 19:30 h.</p>

<p>Para participar tendrás que rellenar el boleto que hay en el tríptico de la ruta con los tampones de 5 bares distintos de la ruta. Poner tus datos y depositarlo en los buzones que encontrarás en los establecimientos que participan en las Rutas del Tapamar o en la Oficina de Turismo del Parc Bon Repòs.</p>

<h4 class="wp-block-heading">Premios para los participantes de la Ruta</h4>

<p>Todos los participantes en la XIII Jornada del Atún Rojo entrarán en el sorteo de 2 menús dobles para las próximas jornadas gastronómicas de los fideos dorados de la Cala (patrocinado por Turisme l&#8217;Ametlla de Mar).</p>

<p>Entre todos los votantes de la tapa ganadora se sortearán 10 Tuna Tours dobles patrocinado por Grup Balfegó&#13;
<a href="http://ebrexperience.cat/agenda">Otros eventos</a></p>

<!-- This site is optimized with the Yoast SEO plugin v27.5 - https://yoast.com/product/yoast-seo-wordpress/ -->
<title>XIII Jornada del Atún Rojo - Ebrexperience</title>
<meta name="robots" content="index, follow, max-snippet:-1, max-image-preview:large, max-video-preview:-1" />
<link rel="canonical" href="https://ebrexperience.cat/es/events/xiii-jornada-del-atun-rojo/" />
<meta property="og:locale" content="es_ES" />
<meta property="og:type" content="article" />
<meta property="og:title" content="XIII Jornada del Atún Rojo - Ebrexperience" />
<meta property="og:description" content="XIII Jornada del atún rojo, del 26 de abril al 5 de mayo la Ametlla de Mar se convertirá en la capital gastronómica del atún rojo del Mediterráneo. En esta ruta de la tapa roja participan los bares que servirán la tapa roja por 5€, bebida incluida.&#013; NOVEDAD: Venta anticipada de tickets del Día del &hellip;" />
<meta property="og:url" content="https://ebrexperience.cat/es/events/xiii-jornada-del-atun-rojo/" />
<meta property="og:site_name" content="Ebrexperience" />
<meta property="article:publisher" content="https://www.facebook.com/EbreXperience/" />
<meta property="article:modified_time" content="2024-04-22T14:48:33+00:00" />
<meta property="og:image" content="https://ebrexperience.cat/wp-content/uploads/2024/04/jornades-1.png" />
	<meta property="og:image:width" content="441" />
	<meta property="og:image:height" content="612" />
	<meta property="og:image:type" content="image/png" />
<meta name="twitter:card" content="summary_large_image" />
<meta name="twitter:site" content="@ebrexperience" />
<meta name="twitter:label1" content="Tiempo de lectura" />
	<meta name="twitter:data1" content="1 minuto" />
<script type="application/ld+json" class="yoast-schema-graph">{"@context":"https:\/\/schema.org","@graph":[{"@type":"WebPage","@id":"https:\/\/ebrexperience.cat\/es\/events\/xiii-jornada-del-atun-rojo\/","url":"https:\/\/ebrexperience.cat\/es\/events\/xiii-jornada-del-atun-rojo\/","name":"XIII Jornada del Atún Rojo - Ebrexperience","isPartOf":{"@id":"https:\/\/ebrexperience.cat\/#website"},"primaryImageOfPage":{"@id":"https:\/\/ebrexperience.cat\/es\/events\/xiii-jornada-del-atun-rojo\/#primaryimage"},"image":{"@id":"https:\/\/ebrexperience.cat\/es\/events\/xiii-jornada-del-atun-rojo\/#primaryimage"},"thumbnailUrl":"https:\/\/ebrexperience.cat\/wp-content\/uploads\/2024\/04\/jornades-1.png","datePublished":"2024-04-18T15:02:02+00:00","dateModified":"2024-04-22T14:48:33+00:00","breadcrumb":{"@id":"https:\/\/ebrexperience.cat\/es\/events\/xiii-jornada-del-atun-rojo\/#breadcrumb"},"inLanguage":"es","potentialAction":[{"@type":"ReadAction","target":["https:\/\/ebrexperience.cat\/es\/events\/xiii-jornada-del-atun-rojo\/"]}]},{"@type":"ImageObject","inLanguage":"es","@id":"https:\/\/ebrexperience.cat\/es\/events\/xiii-jornada-del-atun-rojo\/#primaryimage","url":"https:\/\/ebrexperience.cat\/wp-content\/uploads\/2024\/04\/jornades-1.png","contentUrl":"https:\/\/ebrexperience.cat\/wp-content\/uploads\/2024\/04\/jornades-1.png","width":441,"height":612,"caption":"jornades tonyina roja"},{"@type":"BreadcrumbList","@id":"https:\/\/ebrexperience.cat\/es\/events\/xiii-jornada-del-atun-rojo\/#breadcrumb","itemListElement":[{"@type":"ListItem","position":1,"name":"Portada","item":"https:\/\/ebrexperience.cat\/es\/"},{"@type":"ListItem","position":2,"name":"Events","item":"https:\/\/ebrexperience.cat\/events\/"},{"@type":"ListItem","position":3,"name":"XIII Jornada del Atún Rojo"}]},{"@type":"WebSite","@id":"https:\/\/ebrexperience.cat\/#website","url":"https:\/\/ebrexperience.cat\/","name":"Ebrexperience","description":"","publisher":{"@id":"https:\/\/ebrexperience.cat\/#organization"},"potentialAction":[{"@type":"SearchAction","target":{"@type":"EntryPoint","urlTemplate":"https:\/\/ebrexperience.cat\/?s={search_term_string}"},"query-input":{"@type":"PropertyValueSpecification","valueRequired":true,"valueName":"search_term_string"}}],"inLanguage":"es"},{"@type":"Organization","@id":"https:\/\/ebrexperience.cat\/#organization","name":"Ebrexperience","url":"https:\/\/ebrexperience.cat\/","logo":{"@type":"ImageObject","inLanguage":"es","@id":"https:\/\/ebrexperience.cat\/#\/schema\/logo\/image\/","url":"https:\/\/ebrexperience.cat\/wp-content\/uploads\/2023\/03\/logo.png","contentUrl":"https:\/\/ebrexperience.cat\/wp-content\/uploads\/2023\/03\/logo.png","width":252,"height":45,"caption":"Ebrexperience"},"image":{"@id":"https:\/\/ebrexperience.cat\/#\/schema\/logo\/image\/"},"sameAs":["https:\/\/www.facebook.com\/EbreXperience\/","https:\/\/x.com\/ebrexperience","https:\/\/www.instagram.com\/ebrexperience\/"]}]}</script>
<!-- / Yoast SEO plugin. -->

XIII Jornada del Atún Rojo - Ebrexperience

XIII Jornada del atún rojo, del 26 de abril al 5 de mayo la Ametlla de Mar se convertirá en la capital gastronómica del atún rojo del Mediterráneo. En esta ruta de la tapa roja participan los bares que servirán la tapa roja por 5€, bebida incluida.&#13; NOVEDAD: Venta anticipada de tickets del Día del &hellip;
