{"id":21539,"date":"2024-04-12T17:30:27","date_gmt":"2024-04-12T15:30:27","guid":{"rendered":"https:\/\/ebrexperience.cat\/events\/xvi-festa-del-mercat-a-la-placa\/"},"modified":"2024-04-15T17:47:17","modified_gmt":"2024-04-15T15:47:17","slug":"xvi-festa-del-mercat-a-la-placa","status":"publish","type":"ajde_events","link":"https:\/\/ebrexperience.cat\/es\/events\/xvi-festa-del-mercat-a-la-placa\/","title":{"rendered":"XVI Festa del Mercat a la Pla\u00e7a"},"content":{"rendered":"\n<p>Los molinos arroceros ser\u00e1n los protagonistas de la XVI Fiesta del Mercado en la Plaza, que se celebrar\u00e1 del 16 al 19 de mayo.<\/p>\n\n<p>Los trabajadores y trabajadoras del arroz contribuyeron al crecimiento de Amposta como ciudad, por eso este a\u00f1o ser\u00e1n los protagonistas de la decimosexta Fiesta del Mercado en la Plaza de Amposta, del 16 al 19 de mayo.&#13;\nDesde la direcci\u00f3n avanzaban que este a\u00f1o habr\u00e1 un nuevo formato de programa de mano y se pondr\u00e1 mucho \u00e9nfasis en la sostenibilidad. Como ya se hab\u00eda hecho en los \u00faltimos cuatro a\u00f1os, la direcci\u00f3n t\u00e9cnica de la Fiesta del Mercado sali\u00f3 a licitaci\u00f3n p\u00fablica a principios de a\u00f1o. <a href=\"http:\/\/festadelmercat.cat\">festadelmercat.cat<\/a>&#13;\n<a href=\"http:\/\/ebrexperience.cat\/agenda\">Otros eventos<\/a><\/p>\n\n<h2 class=\"wp-block-heading\"><\/h2>\n\n<p><\/p>\n","protected":false},"author":96,"featured_media":21478,"menu_order":0,"comment_status":"closed","ping_status":"closed","template":"","meta":{"_acf_changed":false},"tags":[],"event_type":[294],"event_type_2":[],"event_type_3":[],"class_list":["post-21539","ajde_events","type-ajde_events","status-publish","has-post-thumbnail","hentry","event_type-amposta-es"],"acf":[],"yoast_head":"<!-- This site is optimized with the Yoast SEO plugin v27.5 - https:\/\/yoast.com\/product\/yoast-seo-wordpress\/ -->\n<title>XVI Festa del Mercat a la Pla\u00e7a - Ebrexperience<\/title>\n<meta name=\"robots\" content=\"index, follow, max-snippet:-1, max-image-preview:large, max-video-preview:-1\" \/>\n<link rel=\"canonical\" href=\"https:\/\/ebrexperience.cat\/es\/events\/xvi-festa-del-mercat-a-la-placa\/\" \/>\n<meta property=\"og:locale\" content=\"es_ES\" \/>\n<meta property=\"og:type\" content=\"article\" \/>\n<meta property=\"og:title\" content=\"XVI Festa del Mercat a la Pla\u00e7a - Ebrexperience\" \/>\n<meta property=\"og:description\" content=\"Los molinos arroceros ser\u00e1n los protagonistas de la XVI Fiesta del Mercado en la Plaza, que se celebrar\u00e1 del 16 al 19 de mayo. Los trabajadores y trabajadoras del arroz contribuyeron al crecimiento de Amposta como ciudad, por eso este a\u00f1o ser\u00e1n los protagonistas de la decimosexta Fiesta del Mercado en la Plaza de Amposta, &hellip;\" \/>\n<meta property=\"og:url\" content=\"https:\/\/ebrexperience.cat\/es\/events\/xvi-festa-del-mercat-a-la-placa\/\" \/>\n<meta property=\"og:site_name\" content=\"Ebrexperience\" \/>\n<meta property=\"article:publisher\" content=\"https:\/\/www.facebook.com\/EbreXperience\/\" \/>\n<meta property=\"article:modified_time\" content=\"2024-04-15T15:47:17+00:00\" \/>\n<meta property=\"og:image\" content=\"https:\/\/ebrexperience.cat\/wp-content\/uploads\/2024\/04\/festamercat-placa.png\" \/>\n\t<meta property=\"og:image:width\" content=\"646\" \/>\n\t<meta property=\"og:image:height\" content=\"915\" \/>\n\t<meta property=\"og:image:type\" content=\"image\/png\" \/>\n<meta name=\"twitter:card\" content=\"summary_large_image\" \/>\n<meta name=\"twitter:site\" content=\"@ebrexperience\" \/>\n<meta name=\"twitter:label1\" content=\"Tiempo de lectura\" \/>\n\t<meta name=\"twitter:data1\" content=\"1 minuto\" \/>\n<script type=\"application\/ld+json\" class=\"yoast-schema-graph\">{\"@context\":\"https:\\\/\\\/schema.org\",\"@graph\":[{\"@type\":\"WebPage\",\"@id\":\"https:\\\/\\\/ebrexperience.cat\\\/es\\\/events\\\/xvi-festa-del-mercat-a-la-placa\\\/\",\"url\":\"https:\\\/\\\/ebrexperience.cat\\\/es\\\/events\\\/xvi-festa-del-mercat-a-la-placa\\\/\",\"name\":\"XVI Festa del Mercat a la Pla\u00e7a - Ebrexperience\",\"isPartOf\":{\"@id\":\"https:\\\/\\\/ebrexperience.cat\\\/#website\"},\"primaryImageOfPage\":{\"@id\":\"https:\\\/\\\/ebrexperience.cat\\\/es\\\/events\\\/xvi-festa-del-mercat-a-la-placa\\\/#primaryimage\"},\"image\":{\"@id\":\"https:\\\/\\\/ebrexperience.cat\\\/es\\\/events\\\/xvi-festa-del-mercat-a-la-placa\\\/#primaryimage\"},\"thumbnailUrl\":\"https:\\\/\\\/ebrexperience.cat\\\/wp-content\\\/uploads\\\/2024\\\/04\\\/festamercat-placa.png\",\"datePublished\":\"2024-04-12T15:30:27+00:00\",\"dateModified\":\"2024-04-15T15:47:17+00:00\",\"breadcrumb\":{\"@id\":\"https:\\\/\\\/ebrexperience.cat\\\/es\\\/events\\\/xvi-festa-del-mercat-a-la-placa\\\/#breadcrumb\"},\"inLanguage\":\"es\",\"potentialAction\":[{\"@type\":\"ReadAction\",\"target\":[\"https:\\\/\\\/ebrexperience.cat\\\/es\\\/events\\\/xvi-festa-del-mercat-a-la-placa\\\/\"]}]},{\"@type\":\"ImageObject\",\"inLanguage\":\"es\",\"@id\":\"https:\\\/\\\/ebrexperience.cat\\\/es\\\/events\\\/xvi-festa-del-mercat-a-la-placa\\\/#primaryimage\",\"url\":\"https:\\\/\\\/ebrexperience.cat\\\/wp-content\\\/uploads\\\/2024\\\/04\\\/festamercat-placa.png\",\"contentUrl\":\"https:\\\/\\\/ebrexperience.cat\\\/wp-content\\\/uploads\\\/2024\\\/04\\\/festamercat-placa.png\",\"width\":646,\"height\":915,\"caption\":\"esta del mercat a la pla\u00e7a\"},{\"@type\":\"BreadcrumbList\",\"@id\":\"https:\\\/\\\/ebrexperience.cat\\\/es\\\/events\\\/xvi-festa-del-mercat-a-la-placa\\\/#breadcrumb\",\"itemListElement\":[{\"@type\":\"ListItem\",\"position\":1,\"name\":\"Portada\",\"item\":\"https:\\\/\\\/ebrexperience.cat\\\/es\\\/\"},{\"@type\":\"ListItem\",\"position\":2,\"name\":\"Events\",\"item\":\"https:\\\/\\\/ebrexperience.cat\\\/events\\\/\"},{\"@type\":\"ListItem\",\"position\":3,\"name\":\"XVI Festa del Mercat a la Pla\u00e7a\"}]},{\"@type\":\"WebSite\",\"@id\":\"https:\\\/\\\/ebrexperience.cat\\\/#website\",\"url\":\"https:\\\/\\\/ebrexperience.cat\\\/\",\"name\":\"Ebrexperience\",\"description\":\"\",\"publisher\":{\"@id\":\"https:\\\/\\\/ebrexperience.cat\\\/#organization\"},\"potentialAction\":[{\"@type\":\"SearchAction\",\"target\":{\"@type\":\"EntryPoint\",\"urlTemplate\":\"https:\\\/\\\/ebrexperience.cat\\\/?s={search_term_string}\"},\"query-input\":{\"@type\":\"PropertyValueSpecification\",\"valueRequired\":true,\"valueName\":\"search_term_string\"}}],\"inLanguage\":\"es\"},{\"@type\":\"Organization\",\"@id\":\"https:\\\/\\\/ebrexperience.cat\\\/#organization\",\"name\":\"Ebrexperience\",\"url\":\"https:\\\/\\\/ebrexperience.cat\\\/\",\"logo\":{\"@type\":\"ImageObject\",\"inLanguage\":\"es\",\"@id\":\"https:\\\/\\\/ebrexperience.cat\\\/#\\\/schema\\\/logo\\\/image\\\/\",\"url\":\"https:\\\/\\\/ebrexperience.cat\\\/wp-content\\\/uploads\\\/2023\\\/03\\\/logo.png\",\"contentUrl\":\"https:\\\/\\\/ebrexperience.cat\\\/wp-content\\\/uploads\\\/2023\\\/03\\\/logo.png\",\"width\":252,\"height\":45,\"caption\":\"Ebrexperience\"},\"image\":{\"@id\":\"https:\\\/\\\/ebrexperience.cat\\\/#\\\/schema\\\/logo\\\/image\\\/\"},\"sameAs\":[\"https:\\\/\\\/www.facebook.com\\\/EbreXperience\\\/\",\"https:\\\/\\\/x.com\\\/ebrexperience\",\"https:\\\/\\\/www.instagram.com\\\/ebrexperience\\\/\"]}]}<\/script>\n<!-- \/ Yoast SEO plugin. -->","yoast_head_json":{"title":"XVI Festa del Mercat a la Pla\u00e7a - Ebrexperience","robots":{"index":"index","follow":"follow","max-snippet":"max-snippet:-1","max-image-preview":"max-image-preview:large","max-video-preview":"max-video-preview:-1"},"canonical":"https:\/\/ebrexperience.cat\/es\/events\/xvi-festa-del-mercat-a-la-placa\/","og_locale":"es_ES","og_type":"article","og_title":"XVI Festa del Mercat a la Pla\u00e7a - Ebrexperience","og_description":"Los molinos arroceros ser\u00e1n los protagonistas de la XVI Fiesta del Mercado en la Plaza, que se celebrar\u00e1 del 16 al 19 de mayo. Los trabajadores y trabajadoras del arroz contribuyeron al crecimiento de Amposta como ciudad, por eso este a\u00f1o ser\u00e1n los protagonistas de la decimosexta Fiesta del Mercado en la Plaza de Amposta, &hellip;","og_url":"https:\/\/ebrexperience.cat\/es\/events\/xvi-festa-del-mercat-a-la-placa\/","og_site_name":"Ebrexperience","article_publisher":"https:\/\/www.facebook.com\/EbreXperience\/","article_modified_time":"2024-04-15T15:47:17+00:00","og_image":[{"width":646,"height":915,"url":"https:\/\/ebrexperience.cat\/wp-content\/uploads\/2024\/04\/festamercat-placa.png","type":"image\/png"}],"twitter_card":"summary_large_image","twitter_site":"@ebrexperience","twitter_misc":{"Tiempo de lectura":"1 minuto"},"schema":{"@context":"https:\/\/schema.org","@graph":[{"@type":"WebPage","@id":"https:\/\/ebrexperience.cat\/es\/events\/xvi-festa-del-mercat-a-la-placa\/","url":"https:\/\/ebrexperience.cat\/es\/events\/xvi-festa-del-mercat-a-la-placa\/","name":"XVI Festa del Mercat a la Pla\u00e7a - Ebrexperience","isPartOf":{"@id":"https:\/\/ebrexperience.cat\/#website"},"primaryImageOfPage":{"@id":"https:\/\/ebrexperience.cat\/es\/events\/xvi-festa-del-mercat-a-la-placa\/#primaryimage"},"image":{"@id":"https:\/\/ebrexperience.cat\/es\/events\/xvi-festa-del-mercat-a-la-placa\/#primaryimage"},"thumbnailUrl":"https:\/\/ebrexperience.cat\/wp-content\/uploads\/2024\/04\/festamercat-placa.png","datePublished":"2024-04-12T15:30:27+00:00","dateModified":"2024-04-15T15:47:17+00:00","breadcrumb":{"@id":"https:\/\/ebrexperience.cat\/es\/events\/xvi-festa-del-mercat-a-la-placa\/#breadcrumb"},"inLanguage":"es","potentialAction":[{"@type":"ReadAction","target":["https:\/\/ebrexperience.cat\/es\/events\/xvi-festa-del-mercat-a-la-placa\/"]}]},{"@type":"ImageObject","inLanguage":"es","@id":"https:\/\/ebrexperience.cat\/es\/events\/xvi-festa-del-mercat-a-la-placa\/#primaryimage","url":"https:\/\/ebrexperience.cat\/wp-content\/uploads\/2024\/04\/festamercat-placa.png","contentUrl":"https:\/\/ebrexperience.cat\/wp-content\/uploads\/2024\/04\/festamercat-placa.png","width":646,"height":915,"caption":"esta del mercat a la pla\u00e7a"},{"@type":"BreadcrumbList","@id":"https:\/\/ebrexperience.cat\/es\/events\/xvi-festa-del-mercat-a-la-placa\/#breadcrumb","itemListElement":[{"@type":"ListItem","position":1,"name":"Portada","item":"https:\/\/ebrexperience.cat\/es\/"},{"@type":"ListItem","position":2,"name":"Events","item":"https:\/\/ebrexperience.cat\/events\/"},{"@type":"ListItem","position":3,"name":"XVI Festa del Mercat a la Pla\u00e7a"}]},{"@type":"WebSite","@id":"https:\/\/ebrexperience.cat\/#website","url":"https:\/\/ebrexperience.cat\/","name":"Ebrexperience","description":"","publisher":{"@id":"https:\/\/ebrexperience.cat\/#organization"},"potentialAction":[{"@type":"SearchAction","target":{"@type":"EntryPoint","urlTemplate":"https:\/\/ebrexperience.cat\/?s={search_term_string}"},"query-input":{"@type":"PropertyValueSpecification","valueRequired":true,"valueName":"search_term_string"}}],"inLanguage":"es"},{"@type":"Organization","@id":"https:\/\/ebrexperience.cat\/#organization","name":"Ebrexperience","url":"https:\/\/ebrexperience.cat\/","logo":{"@type":"ImageObject","inLanguage":"es","@id":"https:\/\/ebrexperience.cat\/#\/schema\/logo\/image\/","url":"https:\/\/ebrexperience.cat\/wp-content\/uploads\/2023\/03\/logo.png","contentUrl":"https:\/\/ebrexperience.cat\/wp-content\/uploads\/2023\/03\/logo.png","width":252,"height":45,"caption":"Ebrexperience"},"image":{"@id":"https:\/\/ebrexperience.cat\/#\/schema\/logo\/image\/"},"sameAs":["https:\/\/www.facebook.com\/EbreXperience\/","https:\/\/x.com\/ebrexperience","https:\/\/www.instagram.com\/ebrexperience\/"]}]}},"_links":{"self":[{"href":"https:\/\/ebrexperience.cat\/es\/wp-json\/wp\/v2\/ajde_events\/21539","targetHints":{"allow":["GET"]}}],"collection":[{"href":"https:\/\/ebrexperience.cat\/es\/wp-json\/wp\/v2\/ajde_events"}],"about":[{"href":"https:\/\/ebrexperience.cat\/es\/wp-json\/wp\/v2\/types\/ajde_events"}],"author":[{"embeddable":true,"href":"https:\/\/ebrexperience.cat\/es\/wp-json\/wp\/v2\/users\/96"}],"replies":[{"embeddable":true,"href":"https:\/\/ebrexperience.cat\/es\/wp-json\/wp\/v2\/comments?post=21539"}],"wp:featuredmedia":[{"embeddable":true,"href":"https:\/\/ebrexperience.cat\/es\/wp-json\/wp\/v2\/media\/21478"}],"wp:attachment":[{"href":"https:\/\/ebrexperience.cat\/es\/wp-json\/wp\/v2\/media?parent=21539"}],"wp:term":[{"taxonomy":"post_tag","embeddable":true,"href":"https:\/\/ebrexperience.cat\/es\/wp-json\/wp\/v2\/tags?post=21539"},{"taxonomy":"event_type","embeddable":true,"href":"https:\/\/ebrexperience.cat\/es\/wp-json\/wp\/v2\/event_type?post=21539"},{"taxonomy":"event_type_2","embeddable":true,"href":"https:\/\/ebrexperience.cat\/es\/wp-json\/wp\/v2\/event_type_2?post=21539"},{"taxonomy":"event_type_3","embeddable":true,"href":"https:\/\/ebrexperience.cat\/es\/wp-json\/wp\/v2\/event_type_3?post=21539"}],"curies":[{"name":"wp","href":"https:\/\/api.w.org\/{rel}","templated":true}]}}

XVI Festa del Mercat a la Plaça

<p>Los molinos arroceros serán los protagonistas de la XVI Fiesta del Mercado en la Plaza, que se celebrará del 16 al 19 de mayo.</p>

<p>Los trabajadores y trabajadoras del arroz contribuyeron al crecimiento de Amposta como ciudad, por eso este año serán los protagonistas de la decimosexta Fiesta del Mercado en la Plaza de Amposta, del 16 al 19 de mayo.&#13;
Desde la dirección avanzaban que este año habrá un nuevo formato de programa de mano y se pondrá mucho énfasis en la sostenibilidad. Como ya se había hecho en los últimos cuatro años, la dirección técnica de la Fiesta del Mercado salió a licitación pública a principios de año. <a href="http://festadelmercat.cat">festadelmercat.cat</a>&#13;
<a href="http://ebrexperience.cat/agenda">Otros eventos</a></p>

<h2 class="wp-block-heading"></h2>

<p></p>

<!-- This site is optimized with the Yoast SEO plugin v27.5 - https://yoast.com/product/yoast-seo-wordpress/ -->
<title>XVI Festa del Mercat a la Plaça - Ebrexperience</title>
<meta name="robots" content="index, follow, max-snippet:-1, max-image-preview:large, max-video-preview:-1" />
<link rel="canonical" href="https://ebrexperience.cat/es/events/xvi-festa-del-mercat-a-la-placa/" />
<meta property="og:locale" content="es_ES" />
<meta property="og:type" content="article" />
<meta property="og:title" content="XVI Festa del Mercat a la Plaça - Ebrexperience" />
<meta property="og:description" content="Los molinos arroceros serán los protagonistas de la XVI Fiesta del Mercado en la Plaza, que se celebrará del 16 al 19 de mayo. Los trabajadores y trabajadoras del arroz contribuyeron al crecimiento de Amposta como ciudad, por eso este año serán los protagonistas de la decimosexta Fiesta del Mercado en la Plaza de Amposta, &hellip;" />
<meta property="og:url" content="https://ebrexperience.cat/es/events/xvi-festa-del-mercat-a-la-placa/" />
<meta property="og:site_name" content="Ebrexperience" />
<meta property="article:publisher" content="https://www.facebook.com/EbreXperience/" />
<meta property="article:modified_time" content="2024-04-15T15:47:17+00:00" />
<meta property="og:image" content="https://ebrexperience.cat/wp-content/uploads/2024/04/festamercat-placa.png" />
	<meta property="og:image:width" content="646" />
	<meta property="og:image:height" content="915" />
	<meta property="og:image:type" content="image/png" />
<meta name="twitter:card" content="summary_large_image" />
<meta name="twitter:site" content="@ebrexperience" />
<meta name="twitter:label1" content="Tiempo de lectura" />
	<meta name="twitter:data1" content="1 minuto" />
<script type="application/ld+json" class="yoast-schema-graph">{"@context":"https:\/\/schema.org","@graph":[{"@type":"WebPage","@id":"https:\/\/ebrexperience.cat\/es\/events\/xvi-festa-del-mercat-a-la-placa\/","url":"https:\/\/ebrexperience.cat\/es\/events\/xvi-festa-del-mercat-a-la-placa\/","name":"XVI Festa del Mercat a la Plaça - Ebrexperience","isPartOf":{"@id":"https:\/\/ebrexperience.cat\/#website"},"primaryImageOfPage":{"@id":"https:\/\/ebrexperience.cat\/es\/events\/xvi-festa-del-mercat-a-la-placa\/#primaryimage"},"image":{"@id":"https:\/\/ebrexperience.cat\/es\/events\/xvi-festa-del-mercat-a-la-placa\/#primaryimage"},"thumbnailUrl":"https:\/\/ebrexperience.cat\/wp-content\/uploads\/2024\/04\/festamercat-placa.png","datePublished":"2024-04-12T15:30:27+00:00","dateModified":"2024-04-15T15:47:17+00:00","breadcrumb":{"@id":"https:\/\/ebrexperience.cat\/es\/events\/xvi-festa-del-mercat-a-la-placa\/#breadcrumb"},"inLanguage":"es","potentialAction":[{"@type":"ReadAction","target":["https:\/\/ebrexperience.cat\/es\/events\/xvi-festa-del-mercat-a-la-placa\/"]}]},{"@type":"ImageObject","inLanguage":"es","@id":"https:\/\/ebrexperience.cat\/es\/events\/xvi-festa-del-mercat-a-la-placa\/#primaryimage","url":"https:\/\/ebrexperience.cat\/wp-content\/uploads\/2024\/04\/festamercat-placa.png","contentUrl":"https:\/\/ebrexperience.cat\/wp-content\/uploads\/2024\/04\/festamercat-placa.png","width":646,"height":915,"caption":"esta del mercat a la plaça"},{"@type":"BreadcrumbList","@id":"https:\/\/ebrexperience.cat\/es\/events\/xvi-festa-del-mercat-a-la-placa\/#breadcrumb","itemListElement":[{"@type":"ListItem","position":1,"name":"Portada","item":"https:\/\/ebrexperience.cat\/es\/"},{"@type":"ListItem","position":2,"name":"Events","item":"https:\/\/ebrexperience.cat\/events\/"},{"@type":"ListItem","position":3,"name":"XVI Festa del Mercat a la Plaça"}]},{"@type":"WebSite","@id":"https:\/\/ebrexperience.cat\/#website","url":"https:\/\/ebrexperience.cat\/","name":"Ebrexperience","description":"","publisher":{"@id":"https:\/\/ebrexperience.cat\/#organization"},"potentialAction":[{"@type":"SearchAction","target":{"@type":"EntryPoint","urlTemplate":"https:\/\/ebrexperience.cat\/?s={search_term_string}"},"query-input":{"@type":"PropertyValueSpecification","valueRequired":true,"valueName":"search_term_string"}}],"inLanguage":"es"},{"@type":"Organization","@id":"https:\/\/ebrexperience.cat\/#organization","name":"Ebrexperience","url":"https:\/\/ebrexperience.cat\/","logo":{"@type":"ImageObject","inLanguage":"es","@id":"https:\/\/ebrexperience.cat\/#\/schema\/logo\/image\/","url":"https:\/\/ebrexperience.cat\/wp-content\/uploads\/2023\/03\/logo.png","contentUrl":"https:\/\/ebrexperience.cat\/wp-content\/uploads\/2023\/03\/logo.png","width":252,"height":45,"caption":"Ebrexperience"},"image":{"@id":"https:\/\/ebrexperience.cat\/#\/schema\/logo\/image\/"},"sameAs":["https:\/\/www.facebook.com\/EbreXperience\/","https:\/\/x.com\/ebrexperience","https:\/\/www.instagram.com\/ebrexperience\/"]}]}</script>
<!-- / Yoast SEO plugin. -->

XVI Festa del Mercat a la Plaça - Ebrexperience

Los molinos arroceros serán los protagonistas de la XVI Fiesta del Mercado en la Plaza, que se celebrará del 16 al 19 de mayo. Los trabajadores y trabajadoras del arroz contribuyeron al crecimiento de Amposta como ciudad, por eso este año serán los protagonistas de la decimosexta Fiesta del Mercado en la Plaza de Amposta, &hellip;

esta del mercat a la plaça
