{"id":21306,"date":"2024-03-18T09:47:44","date_gmt":"2024-03-18T08:47:44","guid":{"rendered":"https:\/\/ebrexperience.cat\/events\/feria-alternativa\/"},"modified":"2024-03-21T15:48:11","modified_gmt":"2024-03-21T14:48:11","slug":"feria-alternativa","status":"publish","type":"ajde_events","link":"https:\/\/ebrexperience.cat\/es\/events\/feria-alternativa\/","title":{"rendered":"Feria Alternativa"},"content":{"rendered":"\n<p>El fin de semana del 22, 23 y 24 de marzo, y como ya es tradicional, tendr\u00e1 lugar en l&#8217;Ametlla de Mar la Feria Alternativa, mercado de productos naturales y artesanales, que este a\u00f1o cumplir\u00e1 su 31 edici\u00f3n. La feria empezar\u00e1 el viernes a las 18h de la tarde. La Pla\u00e7a Nova, antigua ubicaci\u00f3n del mercado, y sus calles cercanas, acoger\u00e1n la atractiva y original oferta de productos mayoritariamente artesanales y hechos a mano, que conjugar\u00e1n la influencia sobre nuestros sentidos. La Feria Alternativa nos dar\u00e1 la oportunidad de encontrar todo tipo de productos en vidrio, papel, cart\u00f3n, juguetes en madera, bisuter\u00eda, cosm\u00e9tica, gastronom\u00eda, arboricultura, ropa, decoraci\u00f3n, relajaci\u00f3n y masajes, cuero y piel, y otros habituales.&#13;\nLa encontrar\u00e1 Parc del Bon Rep\u00f2s&#13;\n&#13;\nOtros eventos<\/p>\n","protected":false},"author":96,"featured_media":21271,"menu_order":0,"comment_status":"closed","ping_status":"closed","template":"","meta":{"_acf_changed":false},"tags":[],"event_type":[439],"event_type_2":[],"event_type_3":[],"class_list":["post-21306","ajde_events","type-ajde_events","status-publish","has-post-thumbnail","hentry","event_type-l-ametlla-de-mar-es"],"acf":[],"yoast_head":"<!-- This site is optimized with the Yoast SEO plugin v27.5 - https:\/\/yoast.com\/product\/yoast-seo-wordpress\/ -->\n<title>Feria Alternativa - Ebrexperience<\/title>\n<meta name=\"robots\" content=\"index, follow, max-snippet:-1, max-image-preview:large, max-video-preview:-1\" \/>\n<link rel=\"canonical\" href=\"https:\/\/ebrexperience.cat\/es\/events\/feria-alternativa\/\" \/>\n<meta property=\"og:locale\" content=\"es_ES\" \/>\n<meta property=\"og:type\" content=\"article\" \/>\n<meta property=\"og:title\" content=\"Feria Alternativa - Ebrexperience\" \/>\n<meta property=\"og:description\" content=\"El fin de semana del 22, 23 y 24 de marzo, y como ya es tradicional, tendr\u00e1 lugar en l&#8217;Ametlla de Mar la Feria Alternativa, mercado de productos naturales y artesanales, que este a\u00f1o cumplir\u00e1 su 31 edici\u00f3n. La feria empezar\u00e1 el viernes a las 18h de la tarde. La Pla\u00e7a Nova, antigua ubicaci\u00f3n del &hellip;\" \/>\n<meta property=\"og:url\" content=\"https:\/\/ebrexperience.cat\/es\/events\/feria-alternativa\/\" \/>\n<meta property=\"og:site_name\" content=\"Ebrexperience\" \/>\n<meta property=\"article:publisher\" content=\"https:\/\/www.facebook.com\/EbreXperience\/\" \/>\n<meta property=\"article:modified_time\" content=\"2024-03-21T14:48:11+00:00\" \/>\n<meta property=\"og:image\" content=\"https:\/\/ebrexperience.cat\/wp-content\/uploads\/2024\/03\/fira-alternativa-lametlla-de-mar_0.jpg\" \/>\n\t<meta property=\"og:image:width\" content=\"400\" \/>\n\t<meta property=\"og:image:height\" content=\"400\" \/>\n\t<meta property=\"og:image:type\" content=\"image\/jpeg\" \/>\n<meta name=\"twitter:card\" content=\"summary_large_image\" \/>\n<meta name=\"twitter:site\" content=\"@ebrexperience\" \/>\n<meta name=\"twitter:label1\" content=\"Tiempo de lectura\" \/>\n\t<meta name=\"twitter:data1\" content=\"1 minuto\" \/>\n<script type=\"application\/ld+json\" class=\"yoast-schema-graph\">{\"@context\":\"https:\\\/\\\/schema.org\",\"@graph\":[{\"@type\":\"WebPage\",\"@id\":\"https:\\\/\\\/ebrexperience.cat\\\/es\\\/events\\\/feria-alternativa\\\/\",\"url\":\"https:\\\/\\\/ebrexperience.cat\\\/es\\\/events\\\/feria-alternativa\\\/\",\"name\":\"Feria Alternativa - Ebrexperience\",\"isPartOf\":{\"@id\":\"https:\\\/\\\/ebrexperience.cat\\\/#website\"},\"primaryImageOfPage\":{\"@id\":\"https:\\\/\\\/ebrexperience.cat\\\/es\\\/events\\\/feria-alternativa\\\/#primaryimage\"},\"image\":{\"@id\":\"https:\\\/\\\/ebrexperience.cat\\\/es\\\/events\\\/feria-alternativa\\\/#primaryimage\"},\"thumbnailUrl\":\"https:\\\/\\\/ebrexperience.cat\\\/wp-content\\\/uploads\\\/2024\\\/03\\\/fira-alternativa-lametlla-de-mar_0.jpg\",\"datePublished\":\"2024-03-18T08:47:44+00:00\",\"dateModified\":\"2024-03-21T14:48:11+00:00\",\"breadcrumb\":{\"@id\":\"https:\\\/\\\/ebrexperience.cat\\\/es\\\/events\\\/feria-alternativa\\\/#breadcrumb\"},\"inLanguage\":\"es\",\"potentialAction\":[{\"@type\":\"ReadAction\",\"target\":[\"https:\\\/\\\/ebrexperience.cat\\\/es\\\/events\\\/feria-alternativa\\\/\"]}]},{\"@type\":\"ImageObject\",\"inLanguage\":\"es\",\"@id\":\"https:\\\/\\\/ebrexperience.cat\\\/es\\\/events\\\/feria-alternativa\\\/#primaryimage\",\"url\":\"https:\\\/\\\/ebrexperience.cat\\\/wp-content\\\/uploads\\\/2024\\\/03\\\/fira-alternativa-lametlla-de-mar_0.jpg\",\"contentUrl\":\"https:\\\/\\\/ebrexperience.cat\\\/wp-content\\\/uploads\\\/2024\\\/03\\\/fira-alternativa-lametlla-de-mar_0.jpg\",\"width\":400,\"height\":400,\"caption\":\"fira alternavita ametlla de mar\"},{\"@type\":\"BreadcrumbList\",\"@id\":\"https:\\\/\\\/ebrexperience.cat\\\/es\\\/events\\\/feria-alternativa\\\/#breadcrumb\",\"itemListElement\":[{\"@type\":\"ListItem\",\"position\":1,\"name\":\"Portada\",\"item\":\"https:\\\/\\\/ebrexperience.cat\\\/es\\\/\"},{\"@type\":\"ListItem\",\"position\":2,\"name\":\"Events\",\"item\":\"https:\\\/\\\/ebrexperience.cat\\\/events\\\/\"},{\"@type\":\"ListItem\",\"position\":3,\"name\":\"Feria Alternativa\"}]},{\"@type\":\"WebSite\",\"@id\":\"https:\\\/\\\/ebrexperience.cat\\\/#website\",\"url\":\"https:\\\/\\\/ebrexperience.cat\\\/\",\"name\":\"Ebrexperience\",\"description\":\"\",\"publisher\":{\"@id\":\"https:\\\/\\\/ebrexperience.cat\\\/#organization\"},\"potentialAction\":[{\"@type\":\"SearchAction\",\"target\":{\"@type\":\"EntryPoint\",\"urlTemplate\":\"https:\\\/\\\/ebrexperience.cat\\\/?s={search_term_string}\"},\"query-input\":{\"@type\":\"PropertyValueSpecification\",\"valueRequired\":true,\"valueName\":\"search_term_string\"}}],\"inLanguage\":\"es\"},{\"@type\":\"Organization\",\"@id\":\"https:\\\/\\\/ebrexperience.cat\\\/#organization\",\"name\":\"Ebrexperience\",\"url\":\"https:\\\/\\\/ebrexperience.cat\\\/\",\"logo\":{\"@type\":\"ImageObject\",\"inLanguage\":\"es\",\"@id\":\"https:\\\/\\\/ebrexperience.cat\\\/#\\\/schema\\\/logo\\\/image\\\/\",\"url\":\"https:\\\/\\\/ebrexperience.cat\\\/wp-content\\\/uploads\\\/2023\\\/03\\\/logo.png\",\"contentUrl\":\"https:\\\/\\\/ebrexperience.cat\\\/wp-content\\\/uploads\\\/2023\\\/03\\\/logo.png\",\"width\":252,\"height\":45,\"caption\":\"Ebrexperience\"},\"image\":{\"@id\":\"https:\\\/\\\/ebrexperience.cat\\\/#\\\/schema\\\/logo\\\/image\\\/\"},\"sameAs\":[\"https:\\\/\\\/www.facebook.com\\\/EbreXperience\\\/\",\"https:\\\/\\\/x.com\\\/ebrexperience\",\"https:\\\/\\\/www.instagram.com\\\/ebrexperience\\\/\"]}]}<\/script>\n<!-- \/ Yoast SEO plugin. -->","yoast_head_json":{"title":"Feria Alternativa - Ebrexperience","robots":{"index":"index","follow":"follow","max-snippet":"max-snippet:-1","max-image-preview":"max-image-preview:large","max-video-preview":"max-video-preview:-1"},"canonical":"https:\/\/ebrexperience.cat\/es\/events\/feria-alternativa\/","og_locale":"es_ES","og_type":"article","og_title":"Feria Alternativa - Ebrexperience","og_description":"El fin de semana del 22, 23 y 24 de marzo, y como ya es tradicional, tendr\u00e1 lugar en l&#8217;Ametlla de Mar la Feria Alternativa, mercado de productos naturales y artesanales, que este a\u00f1o cumplir\u00e1 su 31 edici\u00f3n. La feria empezar\u00e1 el viernes a las 18h de la tarde. La Pla\u00e7a Nova, antigua ubicaci\u00f3n del &hellip;","og_url":"https:\/\/ebrexperience.cat\/es\/events\/feria-alternativa\/","og_site_name":"Ebrexperience","article_publisher":"https:\/\/www.facebook.com\/EbreXperience\/","article_modified_time":"2024-03-21T14:48:11+00:00","og_image":[{"width":400,"height":400,"url":"https:\/\/ebrexperience.cat\/wp-content\/uploads\/2024\/03\/fira-alternativa-lametlla-de-mar_0.jpg","type":"image\/jpeg"}],"twitter_card":"summary_large_image","twitter_site":"@ebrexperience","twitter_misc":{"Tiempo de lectura":"1 minuto"},"schema":{"@context":"https:\/\/schema.org","@graph":[{"@type":"WebPage","@id":"https:\/\/ebrexperience.cat\/es\/events\/feria-alternativa\/","url":"https:\/\/ebrexperience.cat\/es\/events\/feria-alternativa\/","name":"Feria Alternativa - Ebrexperience","isPartOf":{"@id":"https:\/\/ebrexperience.cat\/#website"},"primaryImageOfPage":{"@id":"https:\/\/ebrexperience.cat\/es\/events\/feria-alternativa\/#primaryimage"},"image":{"@id":"https:\/\/ebrexperience.cat\/es\/events\/feria-alternativa\/#primaryimage"},"thumbnailUrl":"https:\/\/ebrexperience.cat\/wp-content\/uploads\/2024\/03\/fira-alternativa-lametlla-de-mar_0.jpg","datePublished":"2024-03-18T08:47:44+00:00","dateModified":"2024-03-21T14:48:11+00:00","breadcrumb":{"@id":"https:\/\/ebrexperience.cat\/es\/events\/feria-alternativa\/#breadcrumb"},"inLanguage":"es","potentialAction":[{"@type":"ReadAction","target":["https:\/\/ebrexperience.cat\/es\/events\/feria-alternativa\/"]}]},{"@type":"ImageObject","inLanguage":"es","@id":"https:\/\/ebrexperience.cat\/es\/events\/feria-alternativa\/#primaryimage","url":"https:\/\/ebrexperience.cat\/wp-content\/uploads\/2024\/03\/fira-alternativa-lametlla-de-mar_0.jpg","contentUrl":"https:\/\/ebrexperience.cat\/wp-content\/uploads\/2024\/03\/fira-alternativa-lametlla-de-mar_0.jpg","width":400,"height":400,"caption":"fira alternavita ametlla de mar"},{"@type":"BreadcrumbList","@id":"https:\/\/ebrexperience.cat\/es\/events\/feria-alternativa\/#breadcrumb","itemListElement":[{"@type":"ListItem","position":1,"name":"Portada","item":"https:\/\/ebrexperience.cat\/es\/"},{"@type":"ListItem","position":2,"name":"Events","item":"https:\/\/ebrexperience.cat\/events\/"},{"@type":"ListItem","position":3,"name":"Feria Alternativa"}]},{"@type":"WebSite","@id":"https:\/\/ebrexperience.cat\/#website","url":"https:\/\/ebrexperience.cat\/","name":"Ebrexperience","description":"","publisher":{"@id":"https:\/\/ebrexperience.cat\/#organization"},"potentialAction":[{"@type":"SearchAction","target":{"@type":"EntryPoint","urlTemplate":"https:\/\/ebrexperience.cat\/?s={search_term_string}"},"query-input":{"@type":"PropertyValueSpecification","valueRequired":true,"valueName":"search_term_string"}}],"inLanguage":"es"},{"@type":"Organization","@id":"https:\/\/ebrexperience.cat\/#organization","name":"Ebrexperience","url":"https:\/\/ebrexperience.cat\/","logo":{"@type":"ImageObject","inLanguage":"es","@id":"https:\/\/ebrexperience.cat\/#\/schema\/logo\/image\/","url":"https:\/\/ebrexperience.cat\/wp-content\/uploads\/2023\/03\/logo.png","contentUrl":"https:\/\/ebrexperience.cat\/wp-content\/uploads\/2023\/03\/logo.png","width":252,"height":45,"caption":"Ebrexperience"},"image":{"@id":"https:\/\/ebrexperience.cat\/#\/schema\/logo\/image\/"},"sameAs":["https:\/\/www.facebook.com\/EbreXperience\/","https:\/\/x.com\/ebrexperience","https:\/\/www.instagram.com\/ebrexperience\/"]}]}},"_links":{"self":[{"href":"https:\/\/ebrexperience.cat\/es\/wp-json\/wp\/v2\/ajde_events\/21306","targetHints":{"allow":["GET"]}}],"collection":[{"href":"https:\/\/ebrexperience.cat\/es\/wp-json\/wp\/v2\/ajde_events"}],"about":[{"href":"https:\/\/ebrexperience.cat\/es\/wp-json\/wp\/v2\/types\/ajde_events"}],"author":[{"embeddable":true,"href":"https:\/\/ebrexperience.cat\/es\/wp-json\/wp\/v2\/users\/96"}],"replies":[{"embeddable":true,"href":"https:\/\/ebrexperience.cat\/es\/wp-json\/wp\/v2\/comments?post=21306"}],"wp:featuredmedia":[{"embeddable":true,"href":"https:\/\/ebrexperience.cat\/es\/wp-json\/wp\/v2\/media\/21271"}],"wp:attachment":[{"href":"https:\/\/ebrexperience.cat\/es\/wp-json\/wp\/v2\/media?parent=21306"}],"wp:term":[{"taxonomy":"post_tag","embeddable":true,"href":"https:\/\/ebrexperience.cat\/es\/wp-json\/wp\/v2\/tags?post=21306"},{"taxonomy":"event_type","embeddable":true,"href":"https:\/\/ebrexperience.cat\/es\/wp-json\/wp\/v2\/event_type?post=21306"},{"taxonomy":"event_type_2","embeddable":true,"href":"https:\/\/ebrexperience.cat\/es\/wp-json\/wp\/v2\/event_type_2?post=21306"},{"taxonomy":"event_type_3","embeddable":true,"href":"https:\/\/ebrexperience.cat\/es\/wp-json\/wp\/v2\/event_type_3?post=21306"}],"curies":[{"name":"wp","href":"https:\/\/api.w.org\/{rel}","templated":true}]}}

<p>El fin de semana del 22, 23 y 24 de marzo, y como ya es tradicional, tendrá lugar en l&#8217;Ametlla de Mar la Feria Alternativa, mercado de productos naturales y artesanales, que este año cumplirá su 31 edición. La feria empezará el viernes a las 18h de la tarde. La Plaça Nova, antigua ubicación del mercado, y sus calles cercanas, acogerán la atractiva y original oferta de productos mayoritariamente artesanales y hechos a mano, que conjugarán la influencia sobre nuestros sentidos. La Feria Alternativa nos dará la oportunidad de encontrar todo tipo de productos en vidrio, papel, cartón, juguetes en madera, bisutería, cosmética, gastronomía, arboricultura, ropa, decoración, relajación y masajes, cuero y piel, y otros habituales.&#13;
La encontrará Parc del Bon Repòs&#13;
&#13;
Otros eventos</p>

<!-- This site is optimized with the Yoast SEO plugin v27.5 - https://yoast.com/product/yoast-seo-wordpress/ -->
<title>Feria Alternativa - Ebrexperience</title>
<meta name="robots" content="index, follow, max-snippet:-1, max-image-preview:large, max-video-preview:-1" />
<link rel="canonical" href="https://ebrexperience.cat/es/events/feria-alternativa/" />
<meta property="og:locale" content="es_ES" />
<meta property="og:type" content="article" />
<meta property="og:title" content="Feria Alternativa - Ebrexperience" />
<meta property="og:description" content="El fin de semana del 22, 23 y 24 de marzo, y como ya es tradicional, tendrá lugar en l&#8217;Ametlla de Mar la Feria Alternativa, mercado de productos naturales y artesanales, que este año cumplirá su 31 edición. La feria empezará el viernes a las 18h de la tarde. La Plaça Nova, antigua ubicación del &hellip;" />
<meta property="og:url" content="https://ebrexperience.cat/es/events/feria-alternativa/" />
<meta property="og:site_name" content="Ebrexperience" />
<meta property="article:publisher" content="https://www.facebook.com/EbreXperience/" />
<meta property="article:modified_time" content="2024-03-21T14:48:11+00:00" />
<meta property="og:image" content="https://ebrexperience.cat/wp-content/uploads/2024/03/fira-alternativa-lametlla-de-mar_0.jpg" />
	<meta property="og:image:width" content="400" />
	<meta property="og:image:height" content="400" />
	<meta property="og:image:type" content="image/jpeg" />
<meta name="twitter:card" content="summary_large_image" />
<meta name="twitter:site" content="@ebrexperience" />
<meta name="twitter:label1" content="Tiempo de lectura" />
	<meta name="twitter:data1" content="1 minuto" />
<script type="application/ld+json" class="yoast-schema-graph">{"@context":"https:\/\/schema.org","@graph":[{"@type":"WebPage","@id":"https:\/\/ebrexperience.cat\/es\/events\/feria-alternativa\/","url":"https:\/\/ebrexperience.cat\/es\/events\/feria-alternativa\/","name":"Feria Alternativa - Ebrexperience","isPartOf":{"@id":"https:\/\/ebrexperience.cat\/#website"},"primaryImageOfPage":{"@id":"https:\/\/ebrexperience.cat\/es\/events\/feria-alternativa\/#primaryimage"},"image":{"@id":"https:\/\/ebrexperience.cat\/es\/events\/feria-alternativa\/#primaryimage"},"thumbnailUrl":"https:\/\/ebrexperience.cat\/wp-content\/uploads\/2024\/03\/fira-alternativa-lametlla-de-mar_0.jpg","datePublished":"2024-03-18T08:47:44+00:00","dateModified":"2024-03-21T14:48:11+00:00","breadcrumb":{"@id":"https:\/\/ebrexperience.cat\/es\/events\/feria-alternativa\/#breadcrumb"},"inLanguage":"es","potentialAction":[{"@type":"ReadAction","target":["https:\/\/ebrexperience.cat\/es\/events\/feria-alternativa\/"]}]},{"@type":"ImageObject","inLanguage":"es","@id":"https:\/\/ebrexperience.cat\/es\/events\/feria-alternativa\/#primaryimage","url":"https:\/\/ebrexperience.cat\/wp-content\/uploads\/2024\/03\/fira-alternativa-lametlla-de-mar_0.jpg","contentUrl":"https:\/\/ebrexperience.cat\/wp-content\/uploads\/2024\/03\/fira-alternativa-lametlla-de-mar_0.jpg","width":400,"height":400,"caption":"fira alternavita ametlla de mar"},{"@type":"BreadcrumbList","@id":"https:\/\/ebrexperience.cat\/es\/events\/feria-alternativa\/#breadcrumb","itemListElement":[{"@type":"ListItem","position":1,"name":"Portada","item":"https:\/\/ebrexperience.cat\/es\/"},{"@type":"ListItem","position":2,"name":"Events","item":"https:\/\/ebrexperience.cat\/events\/"},{"@type":"ListItem","position":3,"name":"Feria Alternativa"}]},{"@type":"WebSite","@id":"https:\/\/ebrexperience.cat\/#website","url":"https:\/\/ebrexperience.cat\/","name":"Ebrexperience","description":"","publisher":{"@id":"https:\/\/ebrexperience.cat\/#organization"},"potentialAction":[{"@type":"SearchAction","target":{"@type":"EntryPoint","urlTemplate":"https:\/\/ebrexperience.cat\/?s={search_term_string}"},"query-input":{"@type":"PropertyValueSpecification","valueRequired":true,"valueName":"search_term_string"}}],"inLanguage":"es"},{"@type":"Organization","@id":"https:\/\/ebrexperience.cat\/#organization","name":"Ebrexperience","url":"https:\/\/ebrexperience.cat\/","logo":{"@type":"ImageObject","inLanguage":"es","@id":"https:\/\/ebrexperience.cat\/#\/schema\/logo\/image\/","url":"https:\/\/ebrexperience.cat\/wp-content\/uploads\/2023\/03\/logo.png","contentUrl":"https:\/\/ebrexperience.cat\/wp-content\/uploads\/2023\/03\/logo.png","width":252,"height":45,"caption":"Ebrexperience"},"image":{"@id":"https:\/\/ebrexperience.cat\/#\/schema\/logo\/image\/"},"sameAs":["https:\/\/www.facebook.com\/EbreXperience\/","https:\/\/x.com\/ebrexperience","https:\/\/www.instagram.com\/ebrexperience\/"]}]}</script>
<!-- / Yoast SEO plugin. -->

El fin de semana del 22, 23 y 24 de marzo, y como ya es tradicional, tendrá lugar en l&#8217;Ametlla de Mar la Feria Alternativa, mercado de productos naturales y artesanales, que este año cumplirá su 31 edición. La feria empezará el viernes a las 18h de la tarde. La Plaça Nova, antigua ubicación del &hellip;
