{"id":20965,"date":"2024-02-12T12:50:12","date_gmt":"2024-02-12T11:50:12","guid":{"rendered":"https:\/\/ebrexperience.cat\/events\/jornadas-gastronomicas-del-arroz-y-la-alcachofa\/"},"modified":"2024-02-12T16:58:35","modified_gmt":"2024-02-12T15:58:35","slug":"jornadas-gastronomicas-del-arroz-y-la-alcachofa","status":"publish","type":"ajde_events","link":"https:\/\/ebrexperience.cat\/es\/events\/jornadas-gastronomicas-del-arroz-y-la-alcachofa\/","title":{"rendered":"Jornadas gastron\u00f3micas del arroz y la alcachofa"},"content":{"rendered":"\n<p>Jornadas gastron\u00f3micas del arroz y la alcachofa, dos de los productos estrella del Delta del Ebro, vuelven a ser los protagonistas de la agenda gastron\u00f3mica de <a href=\"https:\/\/www.turismeamposta.cat\/festa-de-larros-i-la-carxofa-2024-2\/\" target=\"_blank\" rel=\"noopener\">Amposta<\/a>. Los amantes de la cocina podr\u00e1n degustar desde tapas elaboradas con alcachofa en la Ruta dels Platerets a los platos m\u00e1s tradicionales.&#13;\nComo ya es tradici\u00f3n, en las Jornadas gastron\u00f3micas del arroz y la alcachofa, se podr\u00e1n disfrutar del 17 de febrero al 17 de marzo, los restaurantes y bares de Amposta ofrecer\u00e1n men\u00fas m\u00e1s elaborados con estos productos como protagonistas. Otra de las ramas de esta fecha es la Ruta dels Platerets, del 15 al 25 de febrero, donde participan nueve restaurantes y bares. En esta edici\u00f3n habr\u00e1 una decena de restauradores participantes, que volver\u00e1n a optar al premio de la mejor tapa. Para votar, la ciudadan\u00eda tendr\u00e1 que probar tres tapas, al menos, y conseguir el sello que lo verifique en los restaurantes, voto que tambi\u00e9n les permitir\u00e1 entrar en el sorteo de una cena para dos personas. Los boletos se podr\u00e1n encontrar en los locales participantes y se depositar\u00e1n en las urnas de la Oficina de Turismo o del Mercado.&#13;\nLa Fiesta del Arroz y la Alcachofa ser\u00e1 el domingo 25 de febrero, a partir de las 11.30 h, en la zona ferial 1 de octubre.&#13;\n<a href=\"http:\/\/ebrexperience.cat\/agenda\">Otros eventos<\/a><\/p>\n","protected":false},"author":96,"featured_media":20953,"menu_order":0,"comment_status":"closed","ping_status":"closed","template":"","meta":{"_acf_changed":false},"tags":[],"event_type":[294],"event_type_2":[],"event_type_3":[],"class_list":["post-20965","ajde_events","type-ajde_events","status-publish","has-post-thumbnail","hentry","event_type-amposta-es"],"acf":[],"yoast_head":"<!-- This site is optimized with the Yoast SEO plugin v27.5 - https:\/\/yoast.com\/product\/yoast-seo-wordpress\/ -->\n<title>Jornadas gastron\u00f3micas del arroz y la alcachofa - Ebrexperience<\/title>\n<meta name=\"robots\" content=\"index, follow, max-snippet:-1, max-image-preview:large, max-video-preview:-1\" \/>\n<link rel=\"canonical\" href=\"https:\/\/ebrexperience.cat\/es\/events\/jornadas-gastronomicas-del-arroz-y-la-alcachofa\/\" \/>\n<meta property=\"og:locale\" content=\"es_ES\" \/>\n<meta property=\"og:type\" content=\"article\" \/>\n<meta property=\"og:title\" content=\"Jornadas gastron\u00f3micas del arroz y la alcachofa - Ebrexperience\" \/>\n<meta property=\"og:description\" content=\"Jornadas gastron\u00f3micas del arroz y la alcachofa, dos de los productos estrella del Delta del Ebro, vuelven a ser los protagonistas de la agenda gastron\u00f3mica de Amposta. Los amantes de la cocina podr\u00e1n degustar desde tapas elaboradas con alcachofa en la Ruta dels Platerets a los platos m\u00e1s tradicionales.&#013; Como ya es tradici\u00f3n, en las &hellip;\" \/>\n<meta property=\"og:url\" content=\"https:\/\/ebrexperience.cat\/es\/events\/jornadas-gastronomicas-del-arroz-y-la-alcachofa\/\" \/>\n<meta property=\"og:site_name\" content=\"Ebrexperience\" \/>\n<meta property=\"article:publisher\" content=\"https:\/\/www.facebook.com\/EbreXperience\/\" \/>\n<meta property=\"article:modified_time\" content=\"2024-02-12T15:58:35+00:00\" \/>\n<meta property=\"og:image\" content=\"https:\/\/ebrexperience.cat\/wp-content\/uploads\/2024\/02\/arros_carxofa.jpg\" \/>\n\t<meta property=\"og:image:width\" content=\"212\" \/>\n\t<meta property=\"og:image:height\" content=\"300\" \/>\n\t<meta property=\"og:image:type\" content=\"image\/jpeg\" \/>\n<meta name=\"twitter:card\" content=\"summary_large_image\" \/>\n<meta name=\"twitter:site\" content=\"@ebrexperience\" \/>\n<meta name=\"twitter:label1\" content=\"Tiempo de lectura\" \/>\n\t<meta name=\"twitter:data1\" content=\"1 minuto\" \/>\n<script type=\"application\/ld+json\" class=\"yoast-schema-graph\">{\"@context\":\"https:\\\/\\\/schema.org\",\"@graph\":[{\"@type\":\"WebPage\",\"@id\":\"https:\\\/\\\/ebrexperience.cat\\\/es\\\/events\\\/jornadas-gastronomicas-del-arroz-y-la-alcachofa\\\/\",\"url\":\"https:\\\/\\\/ebrexperience.cat\\\/es\\\/events\\\/jornadas-gastronomicas-del-arroz-y-la-alcachofa\\\/\",\"name\":\"Jornadas gastron\u00f3micas del arroz y la alcachofa - Ebrexperience\",\"isPartOf\":{\"@id\":\"https:\\\/\\\/ebrexperience.cat\\\/#website\"},\"primaryImageOfPage\":{\"@id\":\"https:\\\/\\\/ebrexperience.cat\\\/es\\\/events\\\/jornadas-gastronomicas-del-arroz-y-la-alcachofa\\\/#primaryimage\"},\"image\":{\"@id\":\"https:\\\/\\\/ebrexperience.cat\\\/es\\\/events\\\/jornadas-gastronomicas-del-arroz-y-la-alcachofa\\\/#primaryimage\"},\"thumbnailUrl\":\"https:\\\/\\\/ebrexperience.cat\\\/wp-content\\\/uploads\\\/2024\\\/02\\\/arros_carxofa.jpg\",\"datePublished\":\"2024-02-12T11:50:12+00:00\",\"dateModified\":\"2024-02-12T15:58:35+00:00\",\"breadcrumb\":{\"@id\":\"https:\\\/\\\/ebrexperience.cat\\\/es\\\/events\\\/jornadas-gastronomicas-del-arroz-y-la-alcachofa\\\/#breadcrumb\"},\"inLanguage\":\"es\",\"potentialAction\":[{\"@type\":\"ReadAction\",\"target\":[\"https:\\\/\\\/ebrexperience.cat\\\/es\\\/events\\\/jornadas-gastronomicas-del-arroz-y-la-alcachofa\\\/\"]}]},{\"@type\":\"ImageObject\",\"inLanguage\":\"es\",\"@id\":\"https:\\\/\\\/ebrexperience.cat\\\/es\\\/events\\\/jornadas-gastronomicas-del-arroz-y-la-alcachofa\\\/#primaryimage\",\"url\":\"https:\\\/\\\/ebrexperience.cat\\\/wp-content\\\/uploads\\\/2024\\\/02\\\/arros_carxofa.jpg\",\"contentUrl\":\"https:\\\/\\\/ebrexperience.cat\\\/wp-content\\\/uploads\\\/2024\\\/02\\\/arros_carxofa.jpg\",\"width\":212,\"height\":300,\"caption\":\"Festa de l'arr\u00f2s i la carxofa\"},{\"@type\":\"BreadcrumbList\",\"@id\":\"https:\\\/\\\/ebrexperience.cat\\\/es\\\/events\\\/jornadas-gastronomicas-del-arroz-y-la-alcachofa\\\/#breadcrumb\",\"itemListElement\":[{\"@type\":\"ListItem\",\"position\":1,\"name\":\"Portada\",\"item\":\"https:\\\/\\\/ebrexperience.cat\\\/es\\\/\"},{\"@type\":\"ListItem\",\"position\":2,\"name\":\"Events\",\"item\":\"https:\\\/\\\/ebrexperience.cat\\\/events\\\/\"},{\"@type\":\"ListItem\",\"position\":3,\"name\":\"Jornadas gastron\u00f3micas del arroz y la alcachofa\"}]},{\"@type\":\"WebSite\",\"@id\":\"https:\\\/\\\/ebrexperience.cat\\\/#website\",\"url\":\"https:\\\/\\\/ebrexperience.cat\\\/\",\"name\":\"Ebrexperience\",\"description\":\"\",\"publisher\":{\"@id\":\"https:\\\/\\\/ebrexperience.cat\\\/#organization\"},\"potentialAction\":[{\"@type\":\"SearchAction\",\"target\":{\"@type\":\"EntryPoint\",\"urlTemplate\":\"https:\\\/\\\/ebrexperience.cat\\\/?s={search_term_string}\"},\"query-input\":{\"@type\":\"PropertyValueSpecification\",\"valueRequired\":true,\"valueName\":\"search_term_string\"}}],\"inLanguage\":\"es\"},{\"@type\":\"Organization\",\"@id\":\"https:\\\/\\\/ebrexperience.cat\\\/#organization\",\"name\":\"Ebrexperience\",\"url\":\"https:\\\/\\\/ebrexperience.cat\\\/\",\"logo\":{\"@type\":\"ImageObject\",\"inLanguage\":\"es\",\"@id\":\"https:\\\/\\\/ebrexperience.cat\\\/#\\\/schema\\\/logo\\\/image\\\/\",\"url\":\"https:\\\/\\\/ebrexperience.cat\\\/wp-content\\\/uploads\\\/2023\\\/03\\\/logo.png\",\"contentUrl\":\"https:\\\/\\\/ebrexperience.cat\\\/wp-content\\\/uploads\\\/2023\\\/03\\\/logo.png\",\"width\":252,\"height\":45,\"caption\":\"Ebrexperience\"},\"image\":{\"@id\":\"https:\\\/\\\/ebrexperience.cat\\\/#\\\/schema\\\/logo\\\/image\\\/\"},\"sameAs\":[\"https:\\\/\\\/www.facebook.com\\\/EbreXperience\\\/\",\"https:\\\/\\\/x.com\\\/ebrexperience\",\"https:\\\/\\\/www.instagram.com\\\/ebrexperience\\\/\"]}]}<\/script>\n<!-- \/ Yoast SEO plugin. -->","yoast_head_json":{"title":"Jornadas gastron\u00f3micas del arroz y la alcachofa - Ebrexperience","robots":{"index":"index","follow":"follow","max-snippet":"max-snippet:-1","max-image-preview":"max-image-preview:large","max-video-preview":"max-video-preview:-1"},"canonical":"https:\/\/ebrexperience.cat\/es\/events\/jornadas-gastronomicas-del-arroz-y-la-alcachofa\/","og_locale":"es_ES","og_type":"article","og_title":"Jornadas gastron\u00f3micas del arroz y la alcachofa - Ebrexperience","og_description":"Jornadas gastron\u00f3micas del arroz y la alcachofa, dos de los productos estrella del Delta del Ebro, vuelven a ser los protagonistas de la agenda gastron\u00f3mica de Amposta. Los amantes de la cocina podr\u00e1n degustar desde tapas elaboradas con alcachofa en la Ruta dels Platerets a los platos m\u00e1s tradicionales.&#13; Como ya es tradici\u00f3n, en las &hellip;","og_url":"https:\/\/ebrexperience.cat\/es\/events\/jornadas-gastronomicas-del-arroz-y-la-alcachofa\/","og_site_name":"Ebrexperience","article_publisher":"https:\/\/www.facebook.com\/EbreXperience\/","article_modified_time":"2024-02-12T15:58:35+00:00","og_image":[{"width":212,"height":300,"url":"https:\/\/ebrexperience.cat\/wp-content\/uploads\/2024\/02\/arros_carxofa.jpg","type":"image\/jpeg"}],"twitter_card":"summary_large_image","twitter_site":"@ebrexperience","twitter_misc":{"Tiempo de lectura":"1 minuto"},"schema":{"@context":"https:\/\/schema.org","@graph":[{"@type":"WebPage","@id":"https:\/\/ebrexperience.cat\/es\/events\/jornadas-gastronomicas-del-arroz-y-la-alcachofa\/","url":"https:\/\/ebrexperience.cat\/es\/events\/jornadas-gastronomicas-del-arroz-y-la-alcachofa\/","name":"Jornadas gastron\u00f3micas del arroz y la alcachofa - Ebrexperience","isPartOf":{"@id":"https:\/\/ebrexperience.cat\/#website"},"primaryImageOfPage":{"@id":"https:\/\/ebrexperience.cat\/es\/events\/jornadas-gastronomicas-del-arroz-y-la-alcachofa\/#primaryimage"},"image":{"@id":"https:\/\/ebrexperience.cat\/es\/events\/jornadas-gastronomicas-del-arroz-y-la-alcachofa\/#primaryimage"},"thumbnailUrl":"https:\/\/ebrexperience.cat\/wp-content\/uploads\/2024\/02\/arros_carxofa.jpg","datePublished":"2024-02-12T11:50:12+00:00","dateModified":"2024-02-12T15:58:35+00:00","breadcrumb":{"@id":"https:\/\/ebrexperience.cat\/es\/events\/jornadas-gastronomicas-del-arroz-y-la-alcachofa\/#breadcrumb"},"inLanguage":"es","potentialAction":[{"@type":"ReadAction","target":["https:\/\/ebrexperience.cat\/es\/events\/jornadas-gastronomicas-del-arroz-y-la-alcachofa\/"]}]},{"@type":"ImageObject","inLanguage":"es","@id":"https:\/\/ebrexperience.cat\/es\/events\/jornadas-gastronomicas-del-arroz-y-la-alcachofa\/#primaryimage","url":"https:\/\/ebrexperience.cat\/wp-content\/uploads\/2024\/02\/arros_carxofa.jpg","contentUrl":"https:\/\/ebrexperience.cat\/wp-content\/uploads\/2024\/02\/arros_carxofa.jpg","width":212,"height":300,"caption":"Festa de l'arr\u00f2s i la carxofa"},{"@type":"BreadcrumbList","@id":"https:\/\/ebrexperience.cat\/es\/events\/jornadas-gastronomicas-del-arroz-y-la-alcachofa\/#breadcrumb","itemListElement":[{"@type":"ListItem","position":1,"name":"Portada","item":"https:\/\/ebrexperience.cat\/es\/"},{"@type":"ListItem","position":2,"name":"Events","item":"https:\/\/ebrexperience.cat\/events\/"},{"@type":"ListItem","position":3,"name":"Jornadas gastron\u00f3micas del arroz y la alcachofa"}]},{"@type":"WebSite","@id":"https:\/\/ebrexperience.cat\/#website","url":"https:\/\/ebrexperience.cat\/","name":"Ebrexperience","description":"","publisher":{"@id":"https:\/\/ebrexperience.cat\/#organization"},"potentialAction":[{"@type":"SearchAction","target":{"@type":"EntryPoint","urlTemplate":"https:\/\/ebrexperience.cat\/?s={search_term_string}"},"query-input":{"@type":"PropertyValueSpecification","valueRequired":true,"valueName":"search_term_string"}}],"inLanguage":"es"},{"@type":"Organization","@id":"https:\/\/ebrexperience.cat\/#organization","name":"Ebrexperience","url":"https:\/\/ebrexperience.cat\/","logo":{"@type":"ImageObject","inLanguage":"es","@id":"https:\/\/ebrexperience.cat\/#\/schema\/logo\/image\/","url":"https:\/\/ebrexperience.cat\/wp-content\/uploads\/2023\/03\/logo.png","contentUrl":"https:\/\/ebrexperience.cat\/wp-content\/uploads\/2023\/03\/logo.png","width":252,"height":45,"caption":"Ebrexperience"},"image":{"@id":"https:\/\/ebrexperience.cat\/#\/schema\/logo\/image\/"},"sameAs":["https:\/\/www.facebook.com\/EbreXperience\/","https:\/\/x.com\/ebrexperience","https:\/\/www.instagram.com\/ebrexperience\/"]}]}},"_links":{"self":[{"href":"https:\/\/ebrexperience.cat\/es\/wp-json\/wp\/v2\/ajde_events\/20965","targetHints":{"allow":["GET"]}}],"collection":[{"href":"https:\/\/ebrexperience.cat\/es\/wp-json\/wp\/v2\/ajde_events"}],"about":[{"href":"https:\/\/ebrexperience.cat\/es\/wp-json\/wp\/v2\/types\/ajde_events"}],"author":[{"embeddable":true,"href":"https:\/\/ebrexperience.cat\/es\/wp-json\/wp\/v2\/users\/96"}],"replies":[{"embeddable":true,"href":"https:\/\/ebrexperience.cat\/es\/wp-json\/wp\/v2\/comments?post=20965"}],"wp:featuredmedia":[{"embeddable":true,"href":"https:\/\/ebrexperience.cat\/es\/wp-json\/wp\/v2\/media\/20953"}],"wp:attachment":[{"href":"https:\/\/ebrexperience.cat\/es\/wp-json\/wp\/v2\/media?parent=20965"}],"wp:term":[{"taxonomy":"post_tag","embeddable":true,"href":"https:\/\/ebrexperience.cat\/es\/wp-json\/wp\/v2\/tags?post=20965"},{"taxonomy":"event_type","embeddable":true,"href":"https:\/\/ebrexperience.cat\/es\/wp-json\/wp\/v2\/event_type?post=20965"},{"taxonomy":"event_type_2","embeddable":true,"href":"https:\/\/ebrexperience.cat\/es\/wp-json\/wp\/v2\/event_type_2?post=20965"},{"taxonomy":"event_type_3","embeddable":true,"href":"https:\/\/ebrexperience.cat\/es\/wp-json\/wp\/v2\/event_type_3?post=20965"}],"curies":[{"name":"wp","href":"https:\/\/api.w.org\/{rel}","templated":true}]}}

Jornadas gastronómicas del arroz y la alcachofa

<p>Jornadas gastronómicas del arroz y la alcachofa, dos de los productos estrella del Delta del Ebro, vuelven a ser los protagonistas de la agenda gastronómica de <a href="https://www.turismeamposta.cat/festa-de-larros-i-la-carxofa-2024-2/" target="_blank" rel="noopener">Amposta</a>. Los amantes de la cocina podrán degustar desde tapas elaboradas con alcachofa en la Ruta dels Platerets a los platos más tradicionales.&#13;
Como ya es tradición, en las Jornadas gastronómicas del arroz y la alcachofa, se podrán disfrutar del 17 de febrero al 17 de marzo, los restaurantes y bares de Amposta ofrecerán menús más elaborados con estos productos como protagonistas. Otra de las ramas de esta fecha es la Ruta dels Platerets, del 15 al 25 de febrero, donde participan nueve restaurantes y bares. En esta edición habrá una decena de restauradores participantes, que volverán a optar al premio de la mejor tapa. Para votar, la ciudadanía tendrá que probar tres tapas, al menos, y conseguir el sello que lo verifique en los restaurantes, voto que también les permitirá entrar en el sorteo de una cena para dos personas. Los boletos se podrán encontrar en los locales participantes y se depositarán en las urnas de la Oficina de Turismo o del Mercado.&#13;
La Fiesta del Arroz y la Alcachofa será el domingo 25 de febrero, a partir de las 11.30 h, en la zona ferial 1 de octubre.&#13;
<a href="http://ebrexperience.cat/agenda">Otros eventos</a></p>

<!-- This site is optimized with the Yoast SEO plugin v27.5 - https://yoast.com/product/yoast-seo-wordpress/ -->
<title>Jornadas gastronómicas del arroz y la alcachofa - Ebrexperience</title>
<meta name="robots" content="index, follow, max-snippet:-1, max-image-preview:large, max-video-preview:-1" />
<link rel="canonical" href="https://ebrexperience.cat/es/events/jornadas-gastronomicas-del-arroz-y-la-alcachofa/" />
<meta property="og:locale" content="es_ES" />
<meta property="og:type" content="article" />
<meta property="og:title" content="Jornadas gastronómicas del arroz y la alcachofa - Ebrexperience" />
<meta property="og:description" content="Jornadas gastronómicas del arroz y la alcachofa, dos de los productos estrella del Delta del Ebro, vuelven a ser los protagonistas de la agenda gastronómica de Amposta. Los amantes de la cocina podrán degustar desde tapas elaboradas con alcachofa en la Ruta dels Platerets a los platos más tradicionales.&#013; Como ya es tradición, en las &hellip;" />
<meta property="og:url" content="https://ebrexperience.cat/es/events/jornadas-gastronomicas-del-arroz-y-la-alcachofa/" />
<meta property="og:site_name" content="Ebrexperience" />
<meta property="article:publisher" content="https://www.facebook.com/EbreXperience/" />
<meta property="article:modified_time" content="2024-02-12T15:58:35+00:00" />
<meta property="og:image" content="https://ebrexperience.cat/wp-content/uploads/2024/02/arros_carxofa.jpg" />
	<meta property="og:image:width" content="212" />
	<meta property="og:image:height" content="300" />
	<meta property="og:image:type" content="image/jpeg" />
<meta name="twitter:card" content="summary_large_image" />
<meta name="twitter:site" content="@ebrexperience" />
<meta name="twitter:label1" content="Tiempo de lectura" />
	<meta name="twitter:data1" content="1 minuto" />
<script type="application/ld+json" class="yoast-schema-graph">{"@context":"https:\/\/schema.org","@graph":[{"@type":"WebPage","@id":"https:\/\/ebrexperience.cat\/es\/events\/jornadas-gastronomicas-del-arroz-y-la-alcachofa\/","url":"https:\/\/ebrexperience.cat\/es\/events\/jornadas-gastronomicas-del-arroz-y-la-alcachofa\/","name":"Jornadas gastronómicas del arroz y la alcachofa - Ebrexperience","isPartOf":{"@id":"https:\/\/ebrexperience.cat\/#website"},"primaryImageOfPage":{"@id":"https:\/\/ebrexperience.cat\/es\/events\/jornadas-gastronomicas-del-arroz-y-la-alcachofa\/#primaryimage"},"image":{"@id":"https:\/\/ebrexperience.cat\/es\/events\/jornadas-gastronomicas-del-arroz-y-la-alcachofa\/#primaryimage"},"thumbnailUrl":"https:\/\/ebrexperience.cat\/wp-content\/uploads\/2024\/02\/arros_carxofa.jpg","datePublished":"2024-02-12T11:50:12+00:00","dateModified":"2024-02-12T15:58:35+00:00","breadcrumb":{"@id":"https:\/\/ebrexperience.cat\/es\/events\/jornadas-gastronomicas-del-arroz-y-la-alcachofa\/#breadcrumb"},"inLanguage":"es","potentialAction":[{"@type":"ReadAction","target":["https:\/\/ebrexperience.cat\/es\/events\/jornadas-gastronomicas-del-arroz-y-la-alcachofa\/"]}]},{"@type":"ImageObject","inLanguage":"es","@id":"https:\/\/ebrexperience.cat\/es\/events\/jornadas-gastronomicas-del-arroz-y-la-alcachofa\/#primaryimage","url":"https:\/\/ebrexperience.cat\/wp-content\/uploads\/2024\/02\/arros_carxofa.jpg","contentUrl":"https:\/\/ebrexperience.cat\/wp-content\/uploads\/2024\/02\/arros_carxofa.jpg","width":212,"height":300,"caption":"Festa de l'arròs i la carxofa"},{"@type":"BreadcrumbList","@id":"https:\/\/ebrexperience.cat\/es\/events\/jornadas-gastronomicas-del-arroz-y-la-alcachofa\/#breadcrumb","itemListElement":[{"@type":"ListItem","position":1,"name":"Portada","item":"https:\/\/ebrexperience.cat\/es\/"},{"@type":"ListItem","position":2,"name":"Events","item":"https:\/\/ebrexperience.cat\/events\/"},{"@type":"ListItem","position":3,"name":"Jornadas gastronómicas del arroz y la alcachofa"}]},{"@type":"WebSite","@id":"https:\/\/ebrexperience.cat\/#website","url":"https:\/\/ebrexperience.cat\/","name":"Ebrexperience","description":"","publisher":{"@id":"https:\/\/ebrexperience.cat\/#organization"},"potentialAction":[{"@type":"SearchAction","target":{"@type":"EntryPoint","urlTemplate":"https:\/\/ebrexperience.cat\/?s={search_term_string}"},"query-input":{"@type":"PropertyValueSpecification","valueRequired":true,"valueName":"search_term_string"}}],"inLanguage":"es"},{"@type":"Organization","@id":"https:\/\/ebrexperience.cat\/#organization","name":"Ebrexperience","url":"https:\/\/ebrexperience.cat\/","logo":{"@type":"ImageObject","inLanguage":"es","@id":"https:\/\/ebrexperience.cat\/#\/schema\/logo\/image\/","url":"https:\/\/ebrexperience.cat\/wp-content\/uploads\/2023\/03\/logo.png","contentUrl":"https:\/\/ebrexperience.cat\/wp-content\/uploads\/2023\/03\/logo.png","width":252,"height":45,"caption":"Ebrexperience"},"image":{"@id":"https:\/\/ebrexperience.cat\/#\/schema\/logo\/image\/"},"sameAs":["https:\/\/www.facebook.com\/EbreXperience\/","https:\/\/x.com\/ebrexperience","https:\/\/www.instagram.com\/ebrexperience\/"]}]}</script>
<!-- / Yoast SEO plugin. -->

Jornadas gastronómicas del arroz y la alcachofa - Ebrexperience

Jornadas gastronómicas del arroz y la alcachofa, dos de los productos estrella del Delta del Ebro, vuelven a ser los protagonistas de la agenda gastronómica de Amposta. Los amantes de la cocina podrán degustar desde tapas elaboradas con alcachofa en la Ruta dels Platerets a los platos más tradicionales.&#13; Como ya es tradición, en las &hellip;

Festa de l'arròs i la carxofa
