{"id":20640,"date":"2024-01-08T16:46:27","date_gmt":"2024-01-08T15:46:27","guid":{"rendered":"https:\/\/ebrexperience.cat\/events\/agenda-cultural\/"},"modified":"2024-01-08T16:48:13","modified_gmt":"2024-01-08T15:48:13","slug":"agenda-cultural","status":"publish","type":"ajde_events","link":"https:\/\/ebrexperience.cat\/es\/events\/agenda-cultural\/","title":{"rendered":"Agenda Cultural"},"content":{"rendered":"\n<p>La Agenda Cultural de Amposta contiene todas las propuestas de enero. Exposiciones, fiestas de Sant Antoni, cursos y talleres, m\u00fasica, encendido de torres por los derechos humanos y muchas m\u00e1s actividades.&#13;\n<a href=\"https:\/\/www.amposta.cat\/documents\/agenda-gener-2024.pdf\">Cons\u00faltalas aqu\u00ed<\/a>&#13;\n<a href=\"http:\/\/ebrexperience.cat\/agenda\">Otras actividades<\/a><\/p>\n","protected":false},"author":96,"featured_media":20639,"menu_order":0,"comment_status":"closed","ping_status":"closed","template":"","meta":{"_acf_changed":false},"tags":[],"event_type":[294],"event_type_2":[],"event_type_3":[],"class_list":["post-20640","ajde_events","type-ajde_events","status-publish","has-post-thumbnail","hentry","event_type-amposta-es"],"acf":[],"yoast_head":"<!-- This site is optimized with the Yoast SEO plugin v27.5 - https:\/\/yoast.com\/product\/yoast-seo-wordpress\/ -->\n<title>Agenda Cultural - Ebrexperience<\/title>\n<meta name=\"robots\" content=\"index, follow, max-snippet:-1, max-image-preview:large, max-video-preview:-1\" \/>\n<link rel=\"canonical\" href=\"https:\/\/ebrexperience.cat\/es\/events\/agenda-cultural\/\" \/>\n<meta property=\"og:locale\" content=\"es_ES\" \/>\n<meta property=\"og:type\" content=\"article\" \/>\n<meta property=\"og:title\" content=\"Agenda Cultural - Ebrexperience\" \/>\n<meta property=\"og:description\" content=\"La Agenda Cultural de Amposta contiene todas las propuestas de enero. Exposiciones, fiestas de Sant Antoni, cursos y talleres, m\u00fasica, encendido de torres por los derechos humanos y muchas m\u00e1s actividades.&#013; Cons\u00faltalas aqu\u00ed&#013; Otras actividades\" \/>\n<meta property=\"og:url\" content=\"https:\/\/ebrexperience.cat\/es\/events\/agenda-cultural\/\" \/>\n<meta property=\"og:site_name\" content=\"Ebrexperience\" \/>\n<meta property=\"article:publisher\" content=\"https:\/\/www.facebook.com\/EbreXperience\/\" \/>\n<meta property=\"article:modified_time\" content=\"2024-01-08T15:48:13+00:00\" \/>\n<meta property=\"og:image\" content=\"https:\/\/ebrexperience.cat\/wp-content\/uploads\/2024\/01\/AGENDA_CULTURAL_AMPOSTA.png\" \/>\n\t<meta property=\"og:image:width\" content=\"582\" \/>\n\t<meta property=\"og:image:height\" content=\"597\" \/>\n\t<meta property=\"og:image:type\" content=\"image\/png\" \/>\n<meta name=\"twitter:card\" content=\"summary_large_image\" \/>\n<meta name=\"twitter:site\" content=\"@ebrexperience\" \/>\n<script type=\"application\/ld+json\" class=\"yoast-schema-graph\">{\"@context\":\"https:\\\/\\\/schema.org\",\"@graph\":[{\"@type\":\"WebPage\",\"@id\":\"https:\\\/\\\/ebrexperience.cat\\\/es\\\/events\\\/agenda-cultural\\\/\",\"url\":\"https:\\\/\\\/ebrexperience.cat\\\/es\\\/events\\\/agenda-cultural\\\/\",\"name\":\"Agenda Cultural - Ebrexperience\",\"isPartOf\":{\"@id\":\"https:\\\/\\\/ebrexperience.cat\\\/#website\"},\"primaryImageOfPage\":{\"@id\":\"https:\\\/\\\/ebrexperience.cat\\\/es\\\/events\\\/agenda-cultural\\\/#primaryimage\"},\"image\":{\"@id\":\"https:\\\/\\\/ebrexperience.cat\\\/es\\\/events\\\/agenda-cultural\\\/#primaryimage\"},\"thumbnailUrl\":\"https:\\\/\\\/ebrexperience.cat\\\/wp-content\\\/uploads\\\/2024\\\/01\\\/AGENDA_CULTURAL_AMPOSTA.png\",\"datePublished\":\"2024-01-08T15:46:27+00:00\",\"dateModified\":\"2024-01-08T15:48:13+00:00\",\"breadcrumb\":{\"@id\":\"https:\\\/\\\/ebrexperience.cat\\\/es\\\/events\\\/agenda-cultural\\\/#breadcrumb\"},\"inLanguage\":\"es\",\"potentialAction\":[{\"@type\":\"ReadAction\",\"target\":[\"https:\\\/\\\/ebrexperience.cat\\\/es\\\/events\\\/agenda-cultural\\\/\"]}]},{\"@type\":\"ImageObject\",\"inLanguage\":\"es\",\"@id\":\"https:\\\/\\\/ebrexperience.cat\\\/es\\\/events\\\/agenda-cultural\\\/#primaryimage\",\"url\":\"https:\\\/\\\/ebrexperience.cat\\\/wp-content\\\/uploads\\\/2024\\\/01\\\/AGENDA_CULTURAL_AMPOSTA.png\",\"contentUrl\":\"https:\\\/\\\/ebrexperience.cat\\\/wp-content\\\/uploads\\\/2024\\\/01\\\/AGENDA_CULTURAL_AMPOSTA.png\",\"width\":582,\"height\":597,\"caption\":\"Agenda cultural amposta\"},{\"@type\":\"BreadcrumbList\",\"@id\":\"https:\\\/\\\/ebrexperience.cat\\\/es\\\/events\\\/agenda-cultural\\\/#breadcrumb\",\"itemListElement\":[{\"@type\":\"ListItem\",\"position\":1,\"name\":\"Portada\",\"item\":\"https:\\\/\\\/ebrexperience.cat\\\/es\\\/\"},{\"@type\":\"ListItem\",\"position\":2,\"name\":\"Events\",\"item\":\"https:\\\/\\\/ebrexperience.cat\\\/events\\\/\"},{\"@type\":\"ListItem\",\"position\":3,\"name\":\"Agenda Cultural\"}]},{\"@type\":\"WebSite\",\"@id\":\"https:\\\/\\\/ebrexperience.cat\\\/#website\",\"url\":\"https:\\\/\\\/ebrexperience.cat\\\/\",\"name\":\"Ebrexperience\",\"description\":\"\",\"publisher\":{\"@id\":\"https:\\\/\\\/ebrexperience.cat\\\/#organization\"},\"potentialAction\":[{\"@type\":\"SearchAction\",\"target\":{\"@type\":\"EntryPoint\",\"urlTemplate\":\"https:\\\/\\\/ebrexperience.cat\\\/?s={search_term_string}\"},\"query-input\":{\"@type\":\"PropertyValueSpecification\",\"valueRequired\":true,\"valueName\":\"search_term_string\"}}],\"inLanguage\":\"es\"},{\"@type\":\"Organization\",\"@id\":\"https:\\\/\\\/ebrexperience.cat\\\/#organization\",\"name\":\"Ebrexperience\",\"url\":\"https:\\\/\\\/ebrexperience.cat\\\/\",\"logo\":{\"@type\":\"ImageObject\",\"inLanguage\":\"es\",\"@id\":\"https:\\\/\\\/ebrexperience.cat\\\/#\\\/schema\\\/logo\\\/image\\\/\",\"url\":\"https:\\\/\\\/ebrexperience.cat\\\/wp-content\\\/uploads\\\/2023\\\/03\\\/logo.png\",\"contentUrl\":\"https:\\\/\\\/ebrexperience.cat\\\/wp-content\\\/uploads\\\/2023\\\/03\\\/logo.png\",\"width\":252,\"height\":45,\"caption\":\"Ebrexperience\"},\"image\":{\"@id\":\"https:\\\/\\\/ebrexperience.cat\\\/#\\\/schema\\\/logo\\\/image\\\/\"},\"sameAs\":[\"https:\\\/\\\/www.facebook.com\\\/EbreXperience\\\/\",\"https:\\\/\\\/x.com\\\/ebrexperience\",\"https:\\\/\\\/www.instagram.com\\\/ebrexperience\\\/\"]}]}<\/script>\n<!-- \/ Yoast SEO plugin. -->","yoast_head_json":{"title":"Agenda Cultural - Ebrexperience","robots":{"index":"index","follow":"follow","max-snippet":"max-snippet:-1","max-image-preview":"max-image-preview:large","max-video-preview":"max-video-preview:-1"},"canonical":"https:\/\/ebrexperience.cat\/es\/events\/agenda-cultural\/","og_locale":"es_ES","og_type":"article","og_title":"Agenda Cultural - Ebrexperience","og_description":"La Agenda Cultural de Amposta contiene todas las propuestas de enero. Exposiciones, fiestas de Sant Antoni, cursos y talleres, m\u00fasica, encendido de torres por los derechos humanos y muchas m\u00e1s actividades.&#13; Cons\u00faltalas aqu\u00ed&#13; Otras actividades","og_url":"https:\/\/ebrexperience.cat\/es\/events\/agenda-cultural\/","og_site_name":"Ebrexperience","article_publisher":"https:\/\/www.facebook.com\/EbreXperience\/","article_modified_time":"2024-01-08T15:48:13+00:00","og_image":[{"width":582,"height":597,"url":"https:\/\/ebrexperience.cat\/wp-content\/uploads\/2024\/01\/AGENDA_CULTURAL_AMPOSTA.png","type":"image\/png"}],"twitter_card":"summary_large_image","twitter_site":"@ebrexperience","schema":{"@context":"https:\/\/schema.org","@graph":[{"@type":"WebPage","@id":"https:\/\/ebrexperience.cat\/es\/events\/agenda-cultural\/","url":"https:\/\/ebrexperience.cat\/es\/events\/agenda-cultural\/","name":"Agenda Cultural - Ebrexperience","isPartOf":{"@id":"https:\/\/ebrexperience.cat\/#website"},"primaryImageOfPage":{"@id":"https:\/\/ebrexperience.cat\/es\/events\/agenda-cultural\/#primaryimage"},"image":{"@id":"https:\/\/ebrexperience.cat\/es\/events\/agenda-cultural\/#primaryimage"},"thumbnailUrl":"https:\/\/ebrexperience.cat\/wp-content\/uploads\/2024\/01\/AGENDA_CULTURAL_AMPOSTA.png","datePublished":"2024-01-08T15:46:27+00:00","dateModified":"2024-01-08T15:48:13+00:00","breadcrumb":{"@id":"https:\/\/ebrexperience.cat\/es\/events\/agenda-cultural\/#breadcrumb"},"inLanguage":"es","potentialAction":[{"@type":"ReadAction","target":["https:\/\/ebrexperience.cat\/es\/events\/agenda-cultural\/"]}]},{"@type":"ImageObject","inLanguage":"es","@id":"https:\/\/ebrexperience.cat\/es\/events\/agenda-cultural\/#primaryimage","url":"https:\/\/ebrexperience.cat\/wp-content\/uploads\/2024\/01\/AGENDA_CULTURAL_AMPOSTA.png","contentUrl":"https:\/\/ebrexperience.cat\/wp-content\/uploads\/2024\/01\/AGENDA_CULTURAL_AMPOSTA.png","width":582,"height":597,"caption":"Agenda cultural amposta"},{"@type":"BreadcrumbList","@id":"https:\/\/ebrexperience.cat\/es\/events\/agenda-cultural\/#breadcrumb","itemListElement":[{"@type":"ListItem","position":1,"name":"Portada","item":"https:\/\/ebrexperience.cat\/es\/"},{"@type":"ListItem","position":2,"name":"Events","item":"https:\/\/ebrexperience.cat\/events\/"},{"@type":"ListItem","position":3,"name":"Agenda Cultural"}]},{"@type":"WebSite","@id":"https:\/\/ebrexperience.cat\/#website","url":"https:\/\/ebrexperience.cat\/","name":"Ebrexperience","description":"","publisher":{"@id":"https:\/\/ebrexperience.cat\/#organization"},"potentialAction":[{"@type":"SearchAction","target":{"@type":"EntryPoint","urlTemplate":"https:\/\/ebrexperience.cat\/?s={search_term_string}"},"query-input":{"@type":"PropertyValueSpecification","valueRequired":true,"valueName":"search_term_string"}}],"inLanguage":"es"},{"@type":"Organization","@id":"https:\/\/ebrexperience.cat\/#organization","name":"Ebrexperience","url":"https:\/\/ebrexperience.cat\/","logo":{"@type":"ImageObject","inLanguage":"es","@id":"https:\/\/ebrexperience.cat\/#\/schema\/logo\/image\/","url":"https:\/\/ebrexperience.cat\/wp-content\/uploads\/2023\/03\/logo.png","contentUrl":"https:\/\/ebrexperience.cat\/wp-content\/uploads\/2023\/03\/logo.png","width":252,"height":45,"caption":"Ebrexperience"},"image":{"@id":"https:\/\/ebrexperience.cat\/#\/schema\/logo\/image\/"},"sameAs":["https:\/\/www.facebook.com\/EbreXperience\/","https:\/\/x.com\/ebrexperience","https:\/\/www.instagram.com\/ebrexperience\/"]}]}},"_links":{"self":[{"href":"https:\/\/ebrexperience.cat\/es\/wp-json\/wp\/v2\/ajde_events\/20640","targetHints":{"allow":["GET"]}}],"collection":[{"href":"https:\/\/ebrexperience.cat\/es\/wp-json\/wp\/v2\/ajde_events"}],"about":[{"href":"https:\/\/ebrexperience.cat\/es\/wp-json\/wp\/v2\/types\/ajde_events"}],"author":[{"embeddable":true,"href":"https:\/\/ebrexperience.cat\/es\/wp-json\/wp\/v2\/users\/96"}],"replies":[{"embeddable":true,"href":"https:\/\/ebrexperience.cat\/es\/wp-json\/wp\/v2\/comments?post=20640"}],"wp:featuredmedia":[{"embeddable":true,"href":"https:\/\/ebrexperience.cat\/es\/wp-json\/wp\/v2\/media\/20639"}],"wp:attachment":[{"href":"https:\/\/ebrexperience.cat\/es\/wp-json\/wp\/v2\/media?parent=20640"}],"wp:term":[{"taxonomy":"post_tag","embeddable":true,"href":"https:\/\/ebrexperience.cat\/es\/wp-json\/wp\/v2\/tags?post=20640"},{"taxonomy":"event_type","embeddable":true,"href":"https:\/\/ebrexperience.cat\/es\/wp-json\/wp\/v2\/event_type?post=20640"},{"taxonomy":"event_type_2","embeddable":true,"href":"https:\/\/ebrexperience.cat\/es\/wp-json\/wp\/v2\/event_type_2?post=20640"},{"taxonomy":"event_type_3","embeddable":true,"href":"https:\/\/ebrexperience.cat\/es\/wp-json\/wp\/v2\/event_type_3?post=20640"}],"curies":[{"name":"wp","href":"https:\/\/api.w.org\/{rel}","templated":true}]}}

<p>La Agenda Cultural de Amposta contiene todas las propuestas de enero. Exposiciones, fiestas de Sant Antoni, cursos y talleres, música, encendido de torres por los derechos humanos y muchas más actividades.&#13;
<a href="https://www.amposta.cat/documents/agenda-gener-2024.pdf">Consúltalas aquí</a>&#13;
<a href="http://ebrexperience.cat/agenda">Otras actividades</a></p>

<!-- This site is optimized with the Yoast SEO plugin v27.5 - https://yoast.com/product/yoast-seo-wordpress/ -->
<title>Agenda Cultural - Ebrexperience</title>
<meta name="robots" content="index, follow, max-snippet:-1, max-image-preview:large, max-video-preview:-1" />
<link rel="canonical" href="https://ebrexperience.cat/es/events/agenda-cultural/" />
<meta property="og:locale" content="es_ES" />
<meta property="og:type" content="article" />
<meta property="og:title" content="Agenda Cultural - Ebrexperience" />
<meta property="og:description" content="La Agenda Cultural de Amposta contiene todas las propuestas de enero. Exposiciones, fiestas de Sant Antoni, cursos y talleres, música, encendido de torres por los derechos humanos y muchas más actividades.&#013; Consúltalas aquí&#013; Otras actividades" />
<meta property="og:url" content="https://ebrexperience.cat/es/events/agenda-cultural/" />
<meta property="og:site_name" content="Ebrexperience" />
<meta property="article:publisher" content="https://www.facebook.com/EbreXperience/" />
<meta property="article:modified_time" content="2024-01-08T15:48:13+00:00" />
<meta property="og:image" content="https://ebrexperience.cat/wp-content/uploads/2024/01/AGENDA_CULTURAL_AMPOSTA.png" />
	<meta property="og:image:width" content="582" />
	<meta property="og:image:height" content="597" />
	<meta property="og:image:type" content="image/png" />
<meta name="twitter:card" content="summary_large_image" />
<meta name="twitter:site" content="@ebrexperience" />
<script type="application/ld+json" class="yoast-schema-graph">{"@context":"https:\/\/schema.org","@graph":[{"@type":"WebPage","@id":"https:\/\/ebrexperience.cat\/es\/events\/agenda-cultural\/","url":"https:\/\/ebrexperience.cat\/es\/events\/agenda-cultural\/","name":"Agenda Cultural - Ebrexperience","isPartOf":{"@id":"https:\/\/ebrexperience.cat\/#website"},"primaryImageOfPage":{"@id":"https:\/\/ebrexperience.cat\/es\/events\/agenda-cultural\/#primaryimage"},"image":{"@id":"https:\/\/ebrexperience.cat\/es\/events\/agenda-cultural\/#primaryimage"},"thumbnailUrl":"https:\/\/ebrexperience.cat\/wp-content\/uploads\/2024\/01\/AGENDA_CULTURAL_AMPOSTA.png","datePublished":"2024-01-08T15:46:27+00:00","dateModified":"2024-01-08T15:48:13+00:00","breadcrumb":{"@id":"https:\/\/ebrexperience.cat\/es\/events\/agenda-cultural\/#breadcrumb"},"inLanguage":"es","potentialAction":[{"@type":"ReadAction","target":["https:\/\/ebrexperience.cat\/es\/events\/agenda-cultural\/"]}]},{"@type":"ImageObject","inLanguage":"es","@id":"https:\/\/ebrexperience.cat\/es\/events\/agenda-cultural\/#primaryimage","url":"https:\/\/ebrexperience.cat\/wp-content\/uploads\/2024\/01\/AGENDA_CULTURAL_AMPOSTA.png","contentUrl":"https:\/\/ebrexperience.cat\/wp-content\/uploads\/2024\/01\/AGENDA_CULTURAL_AMPOSTA.png","width":582,"height":597,"caption":"Agenda cultural amposta"},{"@type":"BreadcrumbList","@id":"https:\/\/ebrexperience.cat\/es\/events\/agenda-cultural\/#breadcrumb","itemListElement":[{"@type":"ListItem","position":1,"name":"Portada","item":"https:\/\/ebrexperience.cat\/es\/"},{"@type":"ListItem","position":2,"name":"Events","item":"https:\/\/ebrexperience.cat\/events\/"},{"@type":"ListItem","position":3,"name":"Agenda Cultural"}]},{"@type":"WebSite","@id":"https:\/\/ebrexperience.cat\/#website","url":"https:\/\/ebrexperience.cat\/","name":"Ebrexperience","description":"","publisher":{"@id":"https:\/\/ebrexperience.cat\/#organization"},"potentialAction":[{"@type":"SearchAction","target":{"@type":"EntryPoint","urlTemplate":"https:\/\/ebrexperience.cat\/?s={search_term_string}"},"query-input":{"@type":"PropertyValueSpecification","valueRequired":true,"valueName":"search_term_string"}}],"inLanguage":"es"},{"@type":"Organization","@id":"https:\/\/ebrexperience.cat\/#organization","name":"Ebrexperience","url":"https:\/\/ebrexperience.cat\/","logo":{"@type":"ImageObject","inLanguage":"es","@id":"https:\/\/ebrexperience.cat\/#\/schema\/logo\/image\/","url":"https:\/\/ebrexperience.cat\/wp-content\/uploads\/2023\/03\/logo.png","contentUrl":"https:\/\/ebrexperience.cat\/wp-content\/uploads\/2023\/03\/logo.png","width":252,"height":45,"caption":"Ebrexperience"},"image":{"@id":"https:\/\/ebrexperience.cat\/#\/schema\/logo\/image\/"},"sameAs":["https:\/\/www.facebook.com\/EbreXperience\/","https:\/\/x.com\/ebrexperience","https:\/\/www.instagram.com\/ebrexperience\/"]}]}</script>
<!-- / Yoast SEO plugin. -->

La Agenda Cultural de Amposta contiene todas las propuestas de enero. Exposiciones, fiestas de Sant Antoni, cursos y talleres, música, encendido de torres por los derechos humanos y muchas más actividades.&#13; Consúltalas aquí&#13; Otras actividades
