{"id":20308,"date":"2023-11-15T19:08:54","date_gmt":"2023-11-15T18:08:54","guid":{"rendered":"https:\/\/ebrexperience.cat\/events\/encuentro-internacional-grup-cavall-bernat\/"},"modified":"2023-11-15T19:13:53","modified_gmt":"2023-11-15T18:13:53","slug":"encuentro-internacional-grup-cavall-bernat","status":"publish","type":"ajde_events","link":"https:\/\/ebrexperience.cat\/es\/events\/encuentro-internacional-grup-cavall-bernat\/","title":{"rendered":"Encuentro  internacional grup Cavall Bernat"},"content":{"rendered":"\n<p>Destino ideal para los amantes de la escalada<\/p>\n\n<p>Los d\u00edas 18 y 19 de noviembre, Tivissa se convertir\u00e1 en el destino ideal para los amantes de la escalada,&#13;\nla aventura y la cultura. Durante este fin de semana, los participantes tendr\u00e1n la oportunidad de conocer&#13;\nel impresionante territorio de Tivissa a trav\u00e9s de cuatro emocionantes excursiones, v\u00edas ferratas y escalada&#13;\nen sus espectaculares paredes naturales. Adem\u00e1s, el evento contar\u00e1 con la destacada&#13;\npresencia de Narciso de Dios y Denis Orubko, los cuales compartir\u00e1n su pasi\u00f3n por el monte en&#13;\na trav\u00e9s de proyecciones de pel\u00edculas y la presentaci\u00f3n de sus libros.<\/p>\n","protected":false},"author":96,"featured_media":20305,"menu_order":0,"comment_status":"closed","ping_status":"closed","template":"","meta":{"_acf_changed":false},"tags":[],"event_type":[334],"event_type_2":[],"event_type_3":[],"class_list":["post-20308","ajde_events","type-ajde_events","status-publish","has-post-thumbnail","hentry","event_type-tivissa-es"],"acf":[],"yoast_head":"<!-- This site is optimized with the Yoast SEO plugin v27.5 - https:\/\/yoast.com\/product\/yoast-seo-wordpress\/ -->\n<title>Encuentro internacional grup Cavall Bernat - Ebrexperience<\/title>\n<meta name=\"robots\" content=\"index, follow, max-snippet:-1, max-image-preview:large, max-video-preview:-1\" \/>\n<link rel=\"canonical\" href=\"https:\/\/ebrexperience.cat\/es\/events\/encuentro-internacional-grup-cavall-bernat\/\" \/>\n<meta property=\"og:locale\" content=\"es_ES\" \/>\n<meta property=\"og:type\" content=\"article\" \/>\n<meta property=\"og:title\" content=\"Encuentro internacional grup Cavall Bernat - Ebrexperience\" \/>\n<meta property=\"og:description\" content=\"Destino ideal para los amantes de la escalada Los d\u00edas 18 y 19 de noviembre, Tivissa se convertir\u00e1 en el destino ideal para los amantes de la escalada,&#013; la aventura y la cultura. Durante este fin de semana, los participantes tendr\u00e1n la oportunidad de conocer&#013; el impresionante territorio de Tivissa a trav\u00e9s de cuatro emocionantes &hellip;\" \/>\n<meta property=\"og:url\" content=\"https:\/\/ebrexperience.cat\/es\/events\/encuentro-internacional-grup-cavall-bernat\/\" \/>\n<meta property=\"og:site_name\" content=\"Ebrexperience\" \/>\n<meta property=\"article:publisher\" content=\"https:\/\/www.facebook.com\/EbreXperience\/\" \/>\n<meta property=\"article:modified_time\" content=\"2023-11-15T18:13:53+00:00\" \/>\n<meta property=\"og:image\" content=\"https:\/\/ebrexperience.cat\/wp-content\/uploads\/2023\/11\/Captura-de-pantalla-2023-11-15-190712.png\" \/>\n\t<meta property=\"og:image:width\" content=\"506\" \/>\n\t<meta property=\"og:image:height\" content=\"358\" \/>\n\t<meta property=\"og:image:type\" content=\"image\/png\" \/>\n<meta name=\"twitter:card\" content=\"summary_large_image\" \/>\n<meta name=\"twitter:site\" content=\"@ebrexperience\" \/>\n<meta name=\"twitter:label1\" content=\"Tiempo de lectura\" \/>\n\t<meta name=\"twitter:data1\" content=\"1 minuto\" \/>\n<script type=\"application\/ld+json\" class=\"yoast-schema-graph\">{\"@context\":\"https:\\\/\\\/schema.org\",\"@graph\":[{\"@type\":\"WebPage\",\"@id\":\"https:\\\/\\\/ebrexperience.cat\\\/es\\\/events\\\/encuentro-internacional-grup-cavall-bernat\\\/\",\"url\":\"https:\\\/\\\/ebrexperience.cat\\\/es\\\/events\\\/encuentro-internacional-grup-cavall-bernat\\\/\",\"name\":\"Encuentro internacional grup Cavall Bernat - Ebrexperience\",\"isPartOf\":{\"@id\":\"https:\\\/\\\/ebrexperience.cat\\\/#website\"},\"primaryImageOfPage\":{\"@id\":\"https:\\\/\\\/ebrexperience.cat\\\/es\\\/events\\\/encuentro-internacional-grup-cavall-bernat\\\/#primaryimage\"},\"image\":{\"@id\":\"https:\\\/\\\/ebrexperience.cat\\\/es\\\/events\\\/encuentro-internacional-grup-cavall-bernat\\\/#primaryimage\"},\"thumbnailUrl\":\"https:\\\/\\\/ebrexperience.cat\\\/wp-content\\\/uploads\\\/2023\\\/11\\\/Captura-de-pantalla-2023-11-15-190712.png\",\"datePublished\":\"2023-11-15T18:08:54+00:00\",\"dateModified\":\"2023-11-15T18:13:53+00:00\",\"breadcrumb\":{\"@id\":\"https:\\\/\\\/ebrexperience.cat\\\/es\\\/events\\\/encuentro-internacional-grup-cavall-bernat\\\/#breadcrumb\"},\"inLanguage\":\"es\",\"potentialAction\":[{\"@type\":\"ReadAction\",\"target\":[\"https:\\\/\\\/ebrexperience.cat\\\/es\\\/events\\\/encuentro-internacional-grup-cavall-bernat\\\/\"]}]},{\"@type\":\"ImageObject\",\"inLanguage\":\"es\",\"@id\":\"https:\\\/\\\/ebrexperience.cat\\\/es\\\/events\\\/encuentro-internacional-grup-cavall-bernat\\\/#primaryimage\",\"url\":\"https:\\\/\\\/ebrexperience.cat\\\/wp-content\\\/uploads\\\/2023\\\/11\\\/Captura-de-pantalla-2023-11-15-190712.png\",\"contentUrl\":\"https:\\\/\\\/ebrexperience.cat\\\/wp-content\\\/uploads\\\/2023\\\/11\\\/Captura-de-pantalla-2023-11-15-190712.png\",\"width\":506,\"height\":358,\"caption\":\"tivissa\"},{\"@type\":\"BreadcrumbList\",\"@id\":\"https:\\\/\\\/ebrexperience.cat\\\/es\\\/events\\\/encuentro-internacional-grup-cavall-bernat\\\/#breadcrumb\",\"itemListElement\":[{\"@type\":\"ListItem\",\"position\":1,\"name\":\"Portada\",\"item\":\"https:\\\/\\\/ebrexperience.cat\\\/es\\\/\"},{\"@type\":\"ListItem\",\"position\":2,\"name\":\"Events\",\"item\":\"https:\\\/\\\/ebrexperience.cat\\\/events\\\/\"},{\"@type\":\"ListItem\",\"position\":3,\"name\":\"Encuentro internacional grup Cavall Bernat\"}]},{\"@type\":\"WebSite\",\"@id\":\"https:\\\/\\\/ebrexperience.cat\\\/#website\",\"url\":\"https:\\\/\\\/ebrexperience.cat\\\/\",\"name\":\"Ebrexperience\",\"description\":\"\",\"publisher\":{\"@id\":\"https:\\\/\\\/ebrexperience.cat\\\/#organization\"},\"potentialAction\":[{\"@type\":\"SearchAction\",\"target\":{\"@type\":\"EntryPoint\",\"urlTemplate\":\"https:\\\/\\\/ebrexperience.cat\\\/?s={search_term_string}\"},\"query-input\":{\"@type\":\"PropertyValueSpecification\",\"valueRequired\":true,\"valueName\":\"search_term_string\"}}],\"inLanguage\":\"es\"},{\"@type\":\"Organization\",\"@id\":\"https:\\\/\\\/ebrexperience.cat\\\/#organization\",\"name\":\"Ebrexperience\",\"url\":\"https:\\\/\\\/ebrexperience.cat\\\/\",\"logo\":{\"@type\":\"ImageObject\",\"inLanguage\":\"es\",\"@id\":\"https:\\\/\\\/ebrexperience.cat\\\/#\\\/schema\\\/logo\\\/image\\\/\",\"url\":\"https:\\\/\\\/ebrexperience.cat\\\/wp-content\\\/uploads\\\/2023\\\/03\\\/logo.png\",\"contentUrl\":\"https:\\\/\\\/ebrexperience.cat\\\/wp-content\\\/uploads\\\/2023\\\/03\\\/logo.png\",\"width\":252,\"height\":45,\"caption\":\"Ebrexperience\"},\"image\":{\"@id\":\"https:\\\/\\\/ebrexperience.cat\\\/#\\\/schema\\\/logo\\\/image\\\/\"},\"sameAs\":[\"https:\\\/\\\/www.facebook.com\\\/EbreXperience\\\/\",\"https:\\\/\\\/x.com\\\/ebrexperience\",\"https:\\\/\\\/www.instagram.com\\\/ebrexperience\\\/\"]}]}<\/script>\n<!-- \/ Yoast SEO plugin. -->","yoast_head_json":{"title":"Encuentro internacional grup Cavall Bernat - Ebrexperience","robots":{"index":"index","follow":"follow","max-snippet":"max-snippet:-1","max-image-preview":"max-image-preview:large","max-video-preview":"max-video-preview:-1"},"canonical":"https:\/\/ebrexperience.cat\/es\/events\/encuentro-internacional-grup-cavall-bernat\/","og_locale":"es_ES","og_type":"article","og_title":"Encuentro internacional grup Cavall Bernat - Ebrexperience","og_description":"Destino ideal para los amantes de la escalada Los d\u00edas 18 y 19 de noviembre, Tivissa se convertir\u00e1 en el destino ideal para los amantes de la escalada,&#13; la aventura y la cultura. Durante este fin de semana, los participantes tendr\u00e1n la oportunidad de conocer&#13; el impresionante territorio de Tivissa a trav\u00e9s de cuatro emocionantes &hellip;","og_url":"https:\/\/ebrexperience.cat\/es\/events\/encuentro-internacional-grup-cavall-bernat\/","og_site_name":"Ebrexperience","article_publisher":"https:\/\/www.facebook.com\/EbreXperience\/","article_modified_time":"2023-11-15T18:13:53+00:00","og_image":[{"width":506,"height":358,"url":"https:\/\/ebrexperience.cat\/wp-content\/uploads\/2023\/11\/Captura-de-pantalla-2023-11-15-190712.png","type":"image\/png"}],"twitter_card":"summary_large_image","twitter_site":"@ebrexperience","twitter_misc":{"Tiempo de lectura":"1 minuto"},"schema":{"@context":"https:\/\/schema.org","@graph":[{"@type":"WebPage","@id":"https:\/\/ebrexperience.cat\/es\/events\/encuentro-internacional-grup-cavall-bernat\/","url":"https:\/\/ebrexperience.cat\/es\/events\/encuentro-internacional-grup-cavall-bernat\/","name":"Encuentro internacional grup Cavall Bernat - Ebrexperience","isPartOf":{"@id":"https:\/\/ebrexperience.cat\/#website"},"primaryImageOfPage":{"@id":"https:\/\/ebrexperience.cat\/es\/events\/encuentro-internacional-grup-cavall-bernat\/#primaryimage"},"image":{"@id":"https:\/\/ebrexperience.cat\/es\/events\/encuentro-internacional-grup-cavall-bernat\/#primaryimage"},"thumbnailUrl":"https:\/\/ebrexperience.cat\/wp-content\/uploads\/2023\/11\/Captura-de-pantalla-2023-11-15-190712.png","datePublished":"2023-11-15T18:08:54+00:00","dateModified":"2023-11-15T18:13:53+00:00","breadcrumb":{"@id":"https:\/\/ebrexperience.cat\/es\/events\/encuentro-internacional-grup-cavall-bernat\/#breadcrumb"},"inLanguage":"es","potentialAction":[{"@type":"ReadAction","target":["https:\/\/ebrexperience.cat\/es\/events\/encuentro-internacional-grup-cavall-bernat\/"]}]},{"@type":"ImageObject","inLanguage":"es","@id":"https:\/\/ebrexperience.cat\/es\/events\/encuentro-internacional-grup-cavall-bernat\/#primaryimage","url":"https:\/\/ebrexperience.cat\/wp-content\/uploads\/2023\/11\/Captura-de-pantalla-2023-11-15-190712.png","contentUrl":"https:\/\/ebrexperience.cat\/wp-content\/uploads\/2023\/11\/Captura-de-pantalla-2023-11-15-190712.png","width":506,"height":358,"caption":"tivissa"},{"@type":"BreadcrumbList","@id":"https:\/\/ebrexperience.cat\/es\/events\/encuentro-internacional-grup-cavall-bernat\/#breadcrumb","itemListElement":[{"@type":"ListItem","position":1,"name":"Portada","item":"https:\/\/ebrexperience.cat\/es\/"},{"@type":"ListItem","position":2,"name":"Events","item":"https:\/\/ebrexperience.cat\/events\/"},{"@type":"ListItem","position":3,"name":"Encuentro internacional grup Cavall Bernat"}]},{"@type":"WebSite","@id":"https:\/\/ebrexperience.cat\/#website","url":"https:\/\/ebrexperience.cat\/","name":"Ebrexperience","description":"","publisher":{"@id":"https:\/\/ebrexperience.cat\/#organization"},"potentialAction":[{"@type":"SearchAction","target":{"@type":"EntryPoint","urlTemplate":"https:\/\/ebrexperience.cat\/?s={search_term_string}"},"query-input":{"@type":"PropertyValueSpecification","valueRequired":true,"valueName":"search_term_string"}}],"inLanguage":"es"},{"@type":"Organization","@id":"https:\/\/ebrexperience.cat\/#organization","name":"Ebrexperience","url":"https:\/\/ebrexperience.cat\/","logo":{"@type":"ImageObject","inLanguage":"es","@id":"https:\/\/ebrexperience.cat\/#\/schema\/logo\/image\/","url":"https:\/\/ebrexperience.cat\/wp-content\/uploads\/2023\/03\/logo.png","contentUrl":"https:\/\/ebrexperience.cat\/wp-content\/uploads\/2023\/03\/logo.png","width":252,"height":45,"caption":"Ebrexperience"},"image":{"@id":"https:\/\/ebrexperience.cat\/#\/schema\/logo\/image\/"},"sameAs":["https:\/\/www.facebook.com\/EbreXperience\/","https:\/\/x.com\/ebrexperience","https:\/\/www.instagram.com\/ebrexperience\/"]}]}},"_links":{"self":[{"href":"https:\/\/ebrexperience.cat\/es\/wp-json\/wp\/v2\/ajde_events\/20308","targetHints":{"allow":["GET"]}}],"collection":[{"href":"https:\/\/ebrexperience.cat\/es\/wp-json\/wp\/v2\/ajde_events"}],"about":[{"href":"https:\/\/ebrexperience.cat\/es\/wp-json\/wp\/v2\/types\/ajde_events"}],"author":[{"embeddable":true,"href":"https:\/\/ebrexperience.cat\/es\/wp-json\/wp\/v2\/users\/96"}],"replies":[{"embeddable":true,"href":"https:\/\/ebrexperience.cat\/es\/wp-json\/wp\/v2\/comments?post=20308"}],"wp:featuredmedia":[{"embeddable":true,"href":"https:\/\/ebrexperience.cat\/es\/wp-json\/wp\/v2\/media\/20305"}],"wp:attachment":[{"href":"https:\/\/ebrexperience.cat\/es\/wp-json\/wp\/v2\/media?parent=20308"}],"wp:term":[{"taxonomy":"post_tag","embeddable":true,"href":"https:\/\/ebrexperience.cat\/es\/wp-json\/wp\/v2\/tags?post=20308"},{"taxonomy":"event_type","embeddable":true,"href":"https:\/\/ebrexperience.cat\/es\/wp-json\/wp\/v2\/event_type?post=20308"},{"taxonomy":"event_type_2","embeddable":true,"href":"https:\/\/ebrexperience.cat\/es\/wp-json\/wp\/v2\/event_type_2?post=20308"},{"taxonomy":"event_type_3","embeddable":true,"href":"https:\/\/ebrexperience.cat\/es\/wp-json\/wp\/v2\/event_type_3?post=20308"}],"curies":[{"name":"wp","href":"https:\/\/api.w.org\/{rel}","templated":true}]}}

<p>Destino ideal para los amantes de la escalada</p>

<p>Los días 18 y 19 de noviembre, Tivissa se convertirá en el destino ideal para los amantes de la escalada,&#13;
la aventura y la cultura. Durante este fin de semana, los participantes tendrán la oportunidad de conocer&#13;
el impresionante territorio de Tivissa a través de cuatro emocionantes excursiones, vías ferratas y escalada&#13;
en sus espectaculares paredes naturales. Además, el evento contará con la destacada&#13;
presencia de Narciso de Dios y Denis Orubko, los cuales compartirán su pasión por el monte en&#13;
a través de proyecciones de películas y la presentación de sus libros.</p>

<!-- This site is optimized with the Yoast SEO plugin v27.5 - https://yoast.com/product/yoast-seo-wordpress/ -->
<title>Encuentro internacional grup Cavall Bernat - Ebrexperience</title>
<meta name="robots" content="index, follow, max-snippet:-1, max-image-preview:large, max-video-preview:-1" />
<link rel="canonical" href="https://ebrexperience.cat/es/events/encuentro-internacional-grup-cavall-bernat/" />
<meta property="og:locale" content="es_ES" />
<meta property="og:type" content="article" />
<meta property="og:title" content="Encuentro internacional grup Cavall Bernat - Ebrexperience" />
<meta property="og:description" content="Destino ideal para los amantes de la escalada Los días 18 y 19 de noviembre, Tivissa se convertirá en el destino ideal para los amantes de la escalada,&#013; la aventura y la cultura. Durante este fin de semana, los participantes tendrán la oportunidad de conocer&#013; el impresionante territorio de Tivissa a través de cuatro emocionantes &hellip;" />
<meta property="og:url" content="https://ebrexperience.cat/es/events/encuentro-internacional-grup-cavall-bernat/" />
<meta property="og:site_name" content="Ebrexperience" />
<meta property="article:publisher" content="https://www.facebook.com/EbreXperience/" />
<meta property="article:modified_time" content="2023-11-15T18:13:53+00:00" />
<meta property="og:image" content="https://ebrexperience.cat/wp-content/uploads/2023/11/Captura-de-pantalla-2023-11-15-190712.png" />
	<meta property="og:image:width" content="506" />
	<meta property="og:image:height" content="358" />
	<meta property="og:image:type" content="image/png" />
<meta name="twitter:card" content="summary_large_image" />
<meta name="twitter:site" content="@ebrexperience" />
<meta name="twitter:label1" content="Tiempo de lectura" />
	<meta name="twitter:data1" content="1 minuto" />
<script type="application/ld+json" class="yoast-schema-graph">{"@context":"https:\/\/schema.org","@graph":[{"@type":"WebPage","@id":"https:\/\/ebrexperience.cat\/es\/events\/encuentro-internacional-grup-cavall-bernat\/","url":"https:\/\/ebrexperience.cat\/es\/events\/encuentro-internacional-grup-cavall-bernat\/","name":"Encuentro internacional grup Cavall Bernat - Ebrexperience","isPartOf":{"@id":"https:\/\/ebrexperience.cat\/#website"},"primaryImageOfPage":{"@id":"https:\/\/ebrexperience.cat\/es\/events\/encuentro-internacional-grup-cavall-bernat\/#primaryimage"},"image":{"@id":"https:\/\/ebrexperience.cat\/es\/events\/encuentro-internacional-grup-cavall-bernat\/#primaryimage"},"thumbnailUrl":"https:\/\/ebrexperience.cat\/wp-content\/uploads\/2023\/11\/Captura-de-pantalla-2023-11-15-190712.png","datePublished":"2023-11-15T18:08:54+00:00","dateModified":"2023-11-15T18:13:53+00:00","breadcrumb":{"@id":"https:\/\/ebrexperience.cat\/es\/events\/encuentro-internacional-grup-cavall-bernat\/#breadcrumb"},"inLanguage":"es","potentialAction":[{"@type":"ReadAction","target":["https:\/\/ebrexperience.cat\/es\/events\/encuentro-internacional-grup-cavall-bernat\/"]}]},{"@type":"ImageObject","inLanguage":"es","@id":"https:\/\/ebrexperience.cat\/es\/events\/encuentro-internacional-grup-cavall-bernat\/#primaryimage","url":"https:\/\/ebrexperience.cat\/wp-content\/uploads\/2023\/11\/Captura-de-pantalla-2023-11-15-190712.png","contentUrl":"https:\/\/ebrexperience.cat\/wp-content\/uploads\/2023\/11\/Captura-de-pantalla-2023-11-15-190712.png","width":506,"height":358,"caption":"tivissa"},{"@type":"BreadcrumbList","@id":"https:\/\/ebrexperience.cat\/es\/events\/encuentro-internacional-grup-cavall-bernat\/#breadcrumb","itemListElement":[{"@type":"ListItem","position":1,"name":"Portada","item":"https:\/\/ebrexperience.cat\/es\/"},{"@type":"ListItem","position":2,"name":"Events","item":"https:\/\/ebrexperience.cat\/events\/"},{"@type":"ListItem","position":3,"name":"Encuentro internacional grup Cavall Bernat"}]},{"@type":"WebSite","@id":"https:\/\/ebrexperience.cat\/#website","url":"https:\/\/ebrexperience.cat\/","name":"Ebrexperience","description":"","publisher":{"@id":"https:\/\/ebrexperience.cat\/#organization"},"potentialAction":[{"@type":"SearchAction","target":{"@type":"EntryPoint","urlTemplate":"https:\/\/ebrexperience.cat\/?s={search_term_string}"},"query-input":{"@type":"PropertyValueSpecification","valueRequired":true,"valueName":"search_term_string"}}],"inLanguage":"es"},{"@type":"Organization","@id":"https:\/\/ebrexperience.cat\/#organization","name":"Ebrexperience","url":"https:\/\/ebrexperience.cat\/","logo":{"@type":"ImageObject","inLanguage":"es","@id":"https:\/\/ebrexperience.cat\/#\/schema\/logo\/image\/","url":"https:\/\/ebrexperience.cat\/wp-content\/uploads\/2023\/03\/logo.png","contentUrl":"https:\/\/ebrexperience.cat\/wp-content\/uploads\/2023\/03\/logo.png","width":252,"height":45,"caption":"Ebrexperience"},"image":{"@id":"https:\/\/ebrexperience.cat\/#\/schema\/logo\/image\/"},"sameAs":["https:\/\/www.facebook.com\/EbreXperience\/","https:\/\/x.com\/ebrexperience","https:\/\/www.instagram.com\/ebrexperience\/"]}]}</script>
<!-- / Yoast SEO plugin. -->

Destino ideal para los amantes de la escalada Los días 18 y 19 de noviembre, Tivissa se convertirá en el destino ideal para los amantes de la escalada,&#13; la aventura y la cultura. Durante este fin de semana, los participantes tendrán la oportunidad de conocer&#13; el impresionante territorio de Tivissa a través de cuatro emocionantes &hellip;
