{"id":20290,"date":"2023-11-14T16:44:29","date_gmt":"2023-11-14T15:44:29","guid":{"rendered":"https:\/\/ebrexperience.cat\/events\/i-jornadas-de-memoria-democratica\/"},"modified":"2023-11-14T16:50:25","modified_gmt":"2023-11-14T15:50:25","slug":"i-jornadas-de-memoria-democratica","status":"publish","type":"ajde_events","link":"https:\/\/ebrexperience.cat\/es\/events\/i-jornadas-de-memoria-democratica\/","title":{"rendered":"I Jornadas de memoria democr\u00e1tica"},"content":{"rendered":"\n<p>\u201cMuros con recuerdos. Memoria del silencio,\u201d<\/p>\n\n<p>El s\u00e1bado 18 de noviembre marca el inicio de las Primeras Jornadas de Memoria Democr\u00e1tica en La S\u00e9nia, una iniciativa que busca acercarse al pasado reciente con el objetivo de mantener viva la llama de los valores democr\u00e1ticos que han marcado la historia de la localidad.<\/p>\n\n<p>Las jornadas, organizadas por el Ayuntamiento de La S\u00e9nia con la colaboraci\u00f3n de diversas entidades locales y territoriales, cuentan con un programa diversificado de actividades para conmemorar el pasado democr\u00e1tico del territorio.&#13;\nDentro del marco de las jornadas, se a\u00f1adir\u00e1 la actividad \u201cMuros con recuerdos Memoria del silencio,\u201d una exposici\u00f3n sobre grafitis de la Guerra Civil en el Ebro, producida por el COMEBE. La exposici\u00f3n se podr\u00e1 visitar en la Sala Central del Centro Marcelino Domingo, desde el 14 de diciembre hasta el 14 de enero de 2024.&#13;\nM\u00e1s informaci\u00f3n y programa<\/p>\n\n<p><\/p>\n","protected":false},"author":96,"featured_media":20288,"menu_order":0,"comment_status":"closed","ping_status":"closed","template":"","meta":{"_acf_changed":false},"tags":[],"event_type":[393],"event_type_2":[],"event_type_3":[],"class_list":["post-20290","ajde_events","type-ajde_events","status-publish","has-post-thumbnail","hentry","event_type-la-senia-es"],"acf":[],"yoast_head":"<!-- This site is optimized with the Yoast SEO plugin v27.5 - https:\/\/yoast.com\/product\/yoast-seo-wordpress\/ -->\n<title>I Jornadas de memoria democr\u00e1tica - Ebrexperience<\/title>\n<meta name=\"robots\" content=\"index, follow, max-snippet:-1, max-image-preview:large, max-video-preview:-1\" \/>\n<link rel=\"canonical\" href=\"https:\/\/ebrexperience.cat\/es\/events\/i-jornadas-de-memoria-democratica\/\" \/>\n<meta property=\"og:locale\" content=\"es_ES\" \/>\n<meta property=\"og:type\" content=\"article\" \/>\n<meta property=\"og:title\" content=\"I Jornadas de memoria democr\u00e1tica - Ebrexperience\" \/>\n<meta property=\"og:description\" content=\"\u201cMuros con recuerdos. Memoria del silencio,\u201d El s\u00e1bado 18 de noviembre marca el inicio de las Primeras Jornadas de Memoria Democr\u00e1tica en La S\u00e9nia, una iniciativa que busca acercarse al pasado reciente con el objetivo de mantener viva la llama de los valores democr\u00e1ticos que han marcado la historia de la localidad. Las jornadas, organizadas &hellip;\" \/>\n<meta property=\"og:url\" content=\"https:\/\/ebrexperience.cat\/es\/events\/i-jornadas-de-memoria-democratica\/\" \/>\n<meta property=\"og:site_name\" content=\"Ebrexperience\" \/>\n<meta property=\"article:publisher\" content=\"https:\/\/www.facebook.com\/EbreXperience\/\" \/>\n<meta property=\"article:modified_time\" content=\"2023-11-14T15:50:25+00:00\" \/>\n<meta property=\"og:image\" content=\"https:\/\/ebrexperience.cat\/wp-content\/uploads\/2023\/11\/cartell-I-jornades-memoria-democratica-la-senia.jpeg\" \/>\n\t<meta property=\"og:image:width\" content=\"1131\" \/>\n\t<meta property=\"og:image:height\" content=\"1600\" \/>\n\t<meta property=\"og:image:type\" content=\"image\/jpeg\" \/>\n<meta name=\"twitter:card\" content=\"summary_large_image\" \/>\n<meta name=\"twitter:site\" content=\"@ebrexperience\" \/>\n<meta name=\"twitter:label1\" content=\"Tiempo de lectura\" \/>\n\t<meta name=\"twitter:data1\" content=\"1 minuto\" \/>\n<script type=\"application\/ld+json\" class=\"yoast-schema-graph\">{\"@context\":\"https:\\\/\\\/schema.org\",\"@graph\":[{\"@type\":\"WebPage\",\"@id\":\"https:\\\/\\\/ebrexperience.cat\\\/es\\\/events\\\/i-jornadas-de-memoria-democratica\\\/\",\"url\":\"https:\\\/\\\/ebrexperience.cat\\\/es\\\/events\\\/i-jornadas-de-memoria-democratica\\\/\",\"name\":\"I Jornadas de memoria democr\u00e1tica - Ebrexperience\",\"isPartOf\":{\"@id\":\"https:\\\/\\\/ebrexperience.cat\\\/#website\"},\"primaryImageOfPage\":{\"@id\":\"https:\\\/\\\/ebrexperience.cat\\\/es\\\/events\\\/i-jornadas-de-memoria-democratica\\\/#primaryimage\"},\"image\":{\"@id\":\"https:\\\/\\\/ebrexperience.cat\\\/es\\\/events\\\/i-jornadas-de-memoria-democratica\\\/#primaryimage\"},\"thumbnailUrl\":\"https:\\\/\\\/ebrexperience.cat\\\/wp-content\\\/uploads\\\/2023\\\/11\\\/cartell-I-jornades-memoria-democratica-la-senia.jpeg\",\"datePublished\":\"2023-11-14T15:44:29+00:00\",\"dateModified\":\"2023-11-14T15:50:25+00:00\",\"breadcrumb\":{\"@id\":\"https:\\\/\\\/ebrexperience.cat\\\/es\\\/events\\\/i-jornadas-de-memoria-democratica\\\/#breadcrumb\"},\"inLanguage\":\"es\",\"potentialAction\":[{\"@type\":\"ReadAction\",\"target\":[\"https:\\\/\\\/ebrexperience.cat\\\/es\\\/events\\\/i-jornadas-de-memoria-democratica\\\/\"]}]},{\"@type\":\"ImageObject\",\"inLanguage\":\"es\",\"@id\":\"https:\\\/\\\/ebrexperience.cat\\\/es\\\/events\\\/i-jornadas-de-memoria-democratica\\\/#primaryimage\",\"url\":\"https:\\\/\\\/ebrexperience.cat\\\/wp-content\\\/uploads\\\/2023\\\/11\\\/cartell-I-jornades-memoria-democratica-la-senia.jpeg\",\"contentUrl\":\"https:\\\/\\\/ebrexperience.cat\\\/wp-content\\\/uploads\\\/2023\\\/11\\\/cartell-I-jornades-memoria-democratica-la-senia.jpeg\",\"width\":1131,\"height\":1600,\"caption\":\"Jornades mem\u00f2ria democr\u00e0tica la S\u00e9nia\"},{\"@type\":\"BreadcrumbList\",\"@id\":\"https:\\\/\\\/ebrexperience.cat\\\/es\\\/events\\\/i-jornadas-de-memoria-democratica\\\/#breadcrumb\",\"itemListElement\":[{\"@type\":\"ListItem\",\"position\":1,\"name\":\"Portada\",\"item\":\"https:\\\/\\\/ebrexperience.cat\\\/es\\\/\"},{\"@type\":\"ListItem\",\"position\":2,\"name\":\"Events\",\"item\":\"https:\\\/\\\/ebrexperience.cat\\\/events\\\/\"},{\"@type\":\"ListItem\",\"position\":3,\"name\":\"I Jornadas de memoria democr\u00e1tica\"}]},{\"@type\":\"WebSite\",\"@id\":\"https:\\\/\\\/ebrexperience.cat\\\/#website\",\"url\":\"https:\\\/\\\/ebrexperience.cat\\\/\",\"name\":\"Ebrexperience\",\"description\":\"\",\"publisher\":{\"@id\":\"https:\\\/\\\/ebrexperience.cat\\\/#organization\"},\"potentialAction\":[{\"@type\":\"SearchAction\",\"target\":{\"@type\":\"EntryPoint\",\"urlTemplate\":\"https:\\\/\\\/ebrexperience.cat\\\/?s={search_term_string}\"},\"query-input\":{\"@type\":\"PropertyValueSpecification\",\"valueRequired\":true,\"valueName\":\"search_term_string\"}}],\"inLanguage\":\"es\"},{\"@type\":\"Organization\",\"@id\":\"https:\\\/\\\/ebrexperience.cat\\\/#organization\",\"name\":\"Ebrexperience\",\"url\":\"https:\\\/\\\/ebrexperience.cat\\\/\",\"logo\":{\"@type\":\"ImageObject\",\"inLanguage\":\"es\",\"@id\":\"https:\\\/\\\/ebrexperience.cat\\\/#\\\/schema\\\/logo\\\/image\\\/\",\"url\":\"https:\\\/\\\/ebrexperience.cat\\\/wp-content\\\/uploads\\\/2023\\\/03\\\/logo.png\",\"contentUrl\":\"https:\\\/\\\/ebrexperience.cat\\\/wp-content\\\/uploads\\\/2023\\\/03\\\/logo.png\",\"width\":252,\"height\":45,\"caption\":\"Ebrexperience\"},\"image\":{\"@id\":\"https:\\\/\\\/ebrexperience.cat\\\/#\\\/schema\\\/logo\\\/image\\\/\"},\"sameAs\":[\"https:\\\/\\\/www.facebook.com\\\/EbreXperience\\\/\",\"https:\\\/\\\/x.com\\\/ebrexperience\",\"https:\\\/\\\/www.instagram.com\\\/ebrexperience\\\/\"]}]}<\/script>\n<!-- \/ Yoast SEO plugin. -->","yoast_head_json":{"title":"I Jornadas de memoria democr\u00e1tica - Ebrexperience","robots":{"index":"index","follow":"follow","max-snippet":"max-snippet:-1","max-image-preview":"max-image-preview:large","max-video-preview":"max-video-preview:-1"},"canonical":"https:\/\/ebrexperience.cat\/es\/events\/i-jornadas-de-memoria-democratica\/","og_locale":"es_ES","og_type":"article","og_title":"I Jornadas de memoria democr\u00e1tica - Ebrexperience","og_description":"\u201cMuros con recuerdos. Memoria del silencio,\u201d El s\u00e1bado 18 de noviembre marca el inicio de las Primeras Jornadas de Memoria Democr\u00e1tica en La S\u00e9nia, una iniciativa que busca acercarse al pasado reciente con el objetivo de mantener viva la llama de los valores democr\u00e1ticos que han marcado la historia de la localidad. Las jornadas, organizadas &hellip;","og_url":"https:\/\/ebrexperience.cat\/es\/events\/i-jornadas-de-memoria-democratica\/","og_site_name":"Ebrexperience","article_publisher":"https:\/\/www.facebook.com\/EbreXperience\/","article_modified_time":"2023-11-14T15:50:25+00:00","og_image":[{"width":1131,"height":1600,"url":"https:\/\/ebrexperience.cat\/wp-content\/uploads\/2023\/11\/cartell-I-jornades-memoria-democratica-la-senia.jpeg","type":"image\/jpeg"}],"twitter_card":"summary_large_image","twitter_site":"@ebrexperience","twitter_misc":{"Tiempo de lectura":"1 minuto"},"schema":{"@context":"https:\/\/schema.org","@graph":[{"@type":"WebPage","@id":"https:\/\/ebrexperience.cat\/es\/events\/i-jornadas-de-memoria-democratica\/","url":"https:\/\/ebrexperience.cat\/es\/events\/i-jornadas-de-memoria-democratica\/","name":"I Jornadas de memoria democr\u00e1tica - Ebrexperience","isPartOf":{"@id":"https:\/\/ebrexperience.cat\/#website"},"primaryImageOfPage":{"@id":"https:\/\/ebrexperience.cat\/es\/events\/i-jornadas-de-memoria-democratica\/#primaryimage"},"image":{"@id":"https:\/\/ebrexperience.cat\/es\/events\/i-jornadas-de-memoria-democratica\/#primaryimage"},"thumbnailUrl":"https:\/\/ebrexperience.cat\/wp-content\/uploads\/2023\/11\/cartell-I-jornades-memoria-democratica-la-senia.jpeg","datePublished":"2023-11-14T15:44:29+00:00","dateModified":"2023-11-14T15:50:25+00:00","breadcrumb":{"@id":"https:\/\/ebrexperience.cat\/es\/events\/i-jornadas-de-memoria-democratica\/#breadcrumb"},"inLanguage":"es","potentialAction":[{"@type":"ReadAction","target":["https:\/\/ebrexperience.cat\/es\/events\/i-jornadas-de-memoria-democratica\/"]}]},{"@type":"ImageObject","inLanguage":"es","@id":"https:\/\/ebrexperience.cat\/es\/events\/i-jornadas-de-memoria-democratica\/#primaryimage","url":"https:\/\/ebrexperience.cat\/wp-content\/uploads\/2023\/11\/cartell-I-jornades-memoria-democratica-la-senia.jpeg","contentUrl":"https:\/\/ebrexperience.cat\/wp-content\/uploads\/2023\/11\/cartell-I-jornades-memoria-democratica-la-senia.jpeg","width":1131,"height":1600,"caption":"Jornades mem\u00f2ria democr\u00e0tica la S\u00e9nia"},{"@type":"BreadcrumbList","@id":"https:\/\/ebrexperience.cat\/es\/events\/i-jornadas-de-memoria-democratica\/#breadcrumb","itemListElement":[{"@type":"ListItem","position":1,"name":"Portada","item":"https:\/\/ebrexperience.cat\/es\/"},{"@type":"ListItem","position":2,"name":"Events","item":"https:\/\/ebrexperience.cat\/events\/"},{"@type":"ListItem","position":3,"name":"I Jornadas de memoria democr\u00e1tica"}]},{"@type":"WebSite","@id":"https:\/\/ebrexperience.cat\/#website","url":"https:\/\/ebrexperience.cat\/","name":"Ebrexperience","description":"","publisher":{"@id":"https:\/\/ebrexperience.cat\/#organization"},"potentialAction":[{"@type":"SearchAction","target":{"@type":"EntryPoint","urlTemplate":"https:\/\/ebrexperience.cat\/?s={search_term_string}"},"query-input":{"@type":"PropertyValueSpecification","valueRequired":true,"valueName":"search_term_string"}}],"inLanguage":"es"},{"@type":"Organization","@id":"https:\/\/ebrexperience.cat\/#organization","name":"Ebrexperience","url":"https:\/\/ebrexperience.cat\/","logo":{"@type":"ImageObject","inLanguage":"es","@id":"https:\/\/ebrexperience.cat\/#\/schema\/logo\/image\/","url":"https:\/\/ebrexperience.cat\/wp-content\/uploads\/2023\/03\/logo.png","contentUrl":"https:\/\/ebrexperience.cat\/wp-content\/uploads\/2023\/03\/logo.png","width":252,"height":45,"caption":"Ebrexperience"},"image":{"@id":"https:\/\/ebrexperience.cat\/#\/schema\/logo\/image\/"},"sameAs":["https:\/\/www.facebook.com\/EbreXperience\/","https:\/\/x.com\/ebrexperience","https:\/\/www.instagram.com\/ebrexperience\/"]}]}},"_links":{"self":[{"href":"https:\/\/ebrexperience.cat\/es\/wp-json\/wp\/v2\/ajde_events\/20290","targetHints":{"allow":["GET"]}}],"collection":[{"href":"https:\/\/ebrexperience.cat\/es\/wp-json\/wp\/v2\/ajde_events"}],"about":[{"href":"https:\/\/ebrexperience.cat\/es\/wp-json\/wp\/v2\/types\/ajde_events"}],"author":[{"embeddable":true,"href":"https:\/\/ebrexperience.cat\/es\/wp-json\/wp\/v2\/users\/96"}],"replies":[{"embeddable":true,"href":"https:\/\/ebrexperience.cat\/es\/wp-json\/wp\/v2\/comments?post=20290"}],"wp:featuredmedia":[{"embeddable":true,"href":"https:\/\/ebrexperience.cat\/es\/wp-json\/wp\/v2\/media\/20288"}],"wp:attachment":[{"href":"https:\/\/ebrexperience.cat\/es\/wp-json\/wp\/v2\/media?parent=20290"}],"wp:term":[{"taxonomy":"post_tag","embeddable":true,"href":"https:\/\/ebrexperience.cat\/es\/wp-json\/wp\/v2\/tags?post=20290"},{"taxonomy":"event_type","embeddable":true,"href":"https:\/\/ebrexperience.cat\/es\/wp-json\/wp\/v2\/event_type?post=20290"},{"taxonomy":"event_type_2","embeddable":true,"href":"https:\/\/ebrexperience.cat\/es\/wp-json\/wp\/v2\/event_type_2?post=20290"},{"taxonomy":"event_type_3","embeddable":true,"href":"https:\/\/ebrexperience.cat\/es\/wp-json\/wp\/v2\/event_type_3?post=20290"}],"curies":[{"name":"wp","href":"https:\/\/api.w.org\/{rel}","templated":true}]}}

I Jornadas de memoria democrática

<p>“Muros con recuerdos. Memoria del silencio,”</p>

<p>El sábado 18 de noviembre marca el inicio de las Primeras Jornadas de Memoria Democrática en La Sénia, una iniciativa que busca acercarse al pasado reciente con el objetivo de mantener viva la llama de los valores democráticos que han marcado la historia de la localidad.</p>

<p>Las jornadas, organizadas por el Ayuntamiento de La Sénia con la colaboración de diversas entidades locales y territoriales, cuentan con un programa diversificado de actividades para conmemorar el pasado democrático del territorio.&#13;
Dentro del marco de las jornadas, se añadirá la actividad “Muros con recuerdos Memoria del silencio,” una exposición sobre grafitis de la Guerra Civil en el Ebro, producida por el COMEBE. La exposición se podrá visitar en la Sala Central del Centro Marcelino Domingo, desde el 14 de diciembre hasta el 14 de enero de 2024.&#13;
Más información y programa</p>

<p></p>

<!-- This site is optimized with the Yoast SEO plugin v27.5 - https://yoast.com/product/yoast-seo-wordpress/ -->
<title>I Jornadas de memoria democrática - Ebrexperience</title>
<meta name="robots" content="index, follow, max-snippet:-1, max-image-preview:large, max-video-preview:-1" />
<link rel="canonical" href="https://ebrexperience.cat/es/events/i-jornadas-de-memoria-democratica/" />
<meta property="og:locale" content="es_ES" />
<meta property="og:type" content="article" />
<meta property="og:title" content="I Jornadas de memoria democrática - Ebrexperience" />
<meta property="og:description" content="“Muros con recuerdos. Memoria del silencio,” El sábado 18 de noviembre marca el inicio de las Primeras Jornadas de Memoria Democrática en La Sénia, una iniciativa que busca acercarse al pasado reciente con el objetivo de mantener viva la llama de los valores democráticos que han marcado la historia de la localidad. Las jornadas, organizadas &hellip;" />
<meta property="og:url" content="https://ebrexperience.cat/es/events/i-jornadas-de-memoria-democratica/" />
<meta property="og:site_name" content="Ebrexperience" />
<meta property="article:publisher" content="https://www.facebook.com/EbreXperience/" />
<meta property="article:modified_time" content="2023-11-14T15:50:25+00:00" />
<meta property="og:image" content="https://ebrexperience.cat/wp-content/uploads/2023/11/cartell-I-jornades-memoria-democratica-la-senia.jpeg" />
	<meta property="og:image:width" content="1131" />
	<meta property="og:image:height" content="1600" />
	<meta property="og:image:type" content="image/jpeg" />
<meta name="twitter:card" content="summary_large_image" />
<meta name="twitter:site" content="@ebrexperience" />
<meta name="twitter:label1" content="Tiempo de lectura" />
	<meta name="twitter:data1" content="1 minuto" />
<script type="application/ld+json" class="yoast-schema-graph">{"@context":"https:\/\/schema.org","@graph":[{"@type":"WebPage","@id":"https:\/\/ebrexperience.cat\/es\/events\/i-jornadas-de-memoria-democratica\/","url":"https:\/\/ebrexperience.cat\/es\/events\/i-jornadas-de-memoria-democratica\/","name":"I Jornadas de memoria democrática - Ebrexperience","isPartOf":{"@id":"https:\/\/ebrexperience.cat\/#website"},"primaryImageOfPage":{"@id":"https:\/\/ebrexperience.cat\/es\/events\/i-jornadas-de-memoria-democratica\/#primaryimage"},"image":{"@id":"https:\/\/ebrexperience.cat\/es\/events\/i-jornadas-de-memoria-democratica\/#primaryimage"},"thumbnailUrl":"https:\/\/ebrexperience.cat\/wp-content\/uploads\/2023\/11\/cartell-I-jornades-memoria-democratica-la-senia.jpeg","datePublished":"2023-11-14T15:44:29+00:00","dateModified":"2023-11-14T15:50:25+00:00","breadcrumb":{"@id":"https:\/\/ebrexperience.cat\/es\/events\/i-jornadas-de-memoria-democratica\/#breadcrumb"},"inLanguage":"es","potentialAction":[{"@type":"ReadAction","target":["https:\/\/ebrexperience.cat\/es\/events\/i-jornadas-de-memoria-democratica\/"]}]},{"@type":"ImageObject","inLanguage":"es","@id":"https:\/\/ebrexperience.cat\/es\/events\/i-jornadas-de-memoria-democratica\/#primaryimage","url":"https:\/\/ebrexperience.cat\/wp-content\/uploads\/2023\/11\/cartell-I-jornades-memoria-democratica-la-senia.jpeg","contentUrl":"https:\/\/ebrexperience.cat\/wp-content\/uploads\/2023\/11\/cartell-I-jornades-memoria-democratica-la-senia.jpeg","width":1131,"height":1600,"caption":"Jornades memòria democràtica la Sénia"},{"@type":"BreadcrumbList","@id":"https:\/\/ebrexperience.cat\/es\/events\/i-jornadas-de-memoria-democratica\/#breadcrumb","itemListElement":[{"@type":"ListItem","position":1,"name":"Portada","item":"https:\/\/ebrexperience.cat\/es\/"},{"@type":"ListItem","position":2,"name":"Events","item":"https:\/\/ebrexperience.cat\/events\/"},{"@type":"ListItem","position":3,"name":"I Jornadas de memoria democrática"}]},{"@type":"WebSite","@id":"https:\/\/ebrexperience.cat\/#website","url":"https:\/\/ebrexperience.cat\/","name":"Ebrexperience","description":"","publisher":{"@id":"https:\/\/ebrexperience.cat\/#organization"},"potentialAction":[{"@type":"SearchAction","target":{"@type":"EntryPoint","urlTemplate":"https:\/\/ebrexperience.cat\/?s={search_term_string}"},"query-input":{"@type":"PropertyValueSpecification","valueRequired":true,"valueName":"search_term_string"}}],"inLanguage":"es"},{"@type":"Organization","@id":"https:\/\/ebrexperience.cat\/#organization","name":"Ebrexperience","url":"https:\/\/ebrexperience.cat\/","logo":{"@type":"ImageObject","inLanguage":"es","@id":"https:\/\/ebrexperience.cat\/#\/schema\/logo\/image\/","url":"https:\/\/ebrexperience.cat\/wp-content\/uploads\/2023\/03\/logo.png","contentUrl":"https:\/\/ebrexperience.cat\/wp-content\/uploads\/2023\/03\/logo.png","width":252,"height":45,"caption":"Ebrexperience"},"image":{"@id":"https:\/\/ebrexperience.cat\/#\/schema\/logo\/image\/"},"sameAs":["https:\/\/www.facebook.com\/EbreXperience\/","https:\/\/x.com\/ebrexperience","https:\/\/www.instagram.com\/ebrexperience\/"]}]}</script>
<!-- / Yoast SEO plugin. -->

I Jornadas de memoria democrática - Ebrexperience

“Muros con recuerdos. Memoria del silencio,” El sábado 18 de noviembre marca el inicio de las Primeras Jornadas de Memoria Democrática en La Sénia, una iniciativa que busca acercarse al pasado reciente con el objetivo de mantener viva la llama de los valores democráticos que han marcado la historia de la localidad. Las jornadas, organizadas &hellip;

Jornades memòria democràtica la Sénia
