{"id":20068,"date":"2023-10-24T13:44:25","date_gmt":"2023-10-24T11:44:25","guid":{"rendered":"https:\/\/ebrexperience.cat\/events\/la-queta\/"},"modified":"2023-10-24T17:15:00","modified_gmt":"2023-10-24T15:15:00","slug":"la-queta","status":"publish","type":"ajde_events","link":"https:\/\/ebrexperience.cat\/es\/events\/la-queta\/","title":{"rendered":"El podcast de la Queta en Tortosa"},"content":{"rendered":"\n<p>Participa&#13;\nEl podcast de la Queta en Tortosa. Es una acci\u00f3n itinerante que impulsa el Govern para concienciar a la ciudadan\u00eda sobre el uso del catal\u00e1n, en el marco de la campa\u00f1a &#8216;Provemoslo en catal\u00e1n. Muy por&#13;\nhablar, mucho por vivir&#8217; de fomento de la lengua. El podcast de la Queta se graba en una cabina de radio m\u00f3vil en la que pueden participar todos los ciudadanos de Catalu\u00f1a, con la voluntad de acabar haciendo el&#13;\nmayor podcast que se haya grabado nunca en Catalu\u00f1a, con el m\u00e1ximo n\u00famero de voces.&#13;\n<a href=\"https:\/\/ebrexperience.cat\/es\/el-podcast-de-la-queta-llega-a-tortosa\/\">Ir a la noticia entera<\/a>&#13;\n<a href=\"https:\/\/moltperparlar.cat\/el-podcast-de-la-queta\/\">M\u00e1s info de la Queta<\/a>&#13;\n<a href=\"https:\/\/ebrexperience.cat\/es\/agenda\/\">Agenda<\/a><\/p>\n","protected":false},"author":96,"featured_media":20067,"menu_order":0,"comment_status":"closed","ping_status":"closed","template":"","meta":{"_acf_changed":false},"tags":[],"event_type":[253],"event_type_2":[],"event_type_3":[],"class_list":["post-20068","ajde_events","type-ajde_events","status-publish","has-post-thumbnail","hentry","event_type-tortosa-es"],"acf":[],"yoast_head":"<!-- This site is optimized with the Yoast SEO plugin v27.5 - https:\/\/yoast.com\/product\/yoast-seo-wordpress\/ -->\n<title>El podcast de la Queta en Tortosa - Ebrexperience<\/title>\n<meta name=\"robots\" content=\"index, follow, max-snippet:-1, max-image-preview:large, max-video-preview:-1\" \/>\n<link rel=\"canonical\" href=\"https:\/\/ebrexperience.cat\/es\/events\/la-queta\/\" \/>\n<meta property=\"og:locale\" content=\"es_ES\" \/>\n<meta property=\"og:type\" content=\"article\" \/>\n<meta property=\"og:title\" content=\"El podcast de la Queta en Tortosa - Ebrexperience\" \/>\n<meta property=\"og:description\" content=\"Participa&#013; El podcast de la Queta en Tortosa. Es una acci\u00f3n itinerante que impulsa el Govern para concienciar a la ciudadan\u00eda sobre el uso del catal\u00e1n, en el marco de la campa\u00f1a &#8216;Provemoslo en catal\u00e1n. Muy por&#013; hablar, mucho por vivir&#8217; de fomento de la lengua. El podcast de la Queta se graba en una &hellip;\" \/>\n<meta property=\"og:url\" content=\"https:\/\/ebrexperience.cat\/es\/events\/la-queta\/\" \/>\n<meta property=\"og:site_name\" content=\"Ebrexperience\" \/>\n<meta property=\"article:publisher\" content=\"https:\/\/www.facebook.com\/EbreXperience\/\" \/>\n<meta property=\"article:modified_time\" content=\"2023-10-24T15:15:00+00:00\" \/>\n<meta property=\"og:image\" content=\"https:\/\/ebrexperience.cat\/wp-content\/uploads\/2023\/10\/LA-QUETA-A-TORTOSA.png\" \/>\n\t<meta property=\"og:image:width\" content=\"724\" \/>\n\t<meta property=\"og:image:height\" content=\"1024\" \/>\n\t<meta property=\"og:image:type\" content=\"image\/png\" \/>\n<meta name=\"twitter:card\" content=\"summary_large_image\" \/>\n<meta name=\"twitter:site\" content=\"@ebrexperience\" \/>\n<meta name=\"twitter:label1\" content=\"Tiempo de lectura\" \/>\n\t<meta name=\"twitter:data1\" content=\"1 minuto\" \/>\n<script type=\"application\/ld+json\" class=\"yoast-schema-graph\">{\"@context\":\"https:\\\/\\\/schema.org\",\"@graph\":[{\"@type\":\"WebPage\",\"@id\":\"https:\\\/\\\/ebrexperience.cat\\\/es\\\/events\\\/la-queta\\\/\",\"url\":\"https:\\\/\\\/ebrexperience.cat\\\/es\\\/events\\\/la-queta\\\/\",\"name\":\"El podcast de la Queta en Tortosa - Ebrexperience\",\"isPartOf\":{\"@id\":\"https:\\\/\\\/ebrexperience.cat\\\/#website\"},\"primaryImageOfPage\":{\"@id\":\"https:\\\/\\\/ebrexperience.cat\\\/es\\\/events\\\/la-queta\\\/#primaryimage\"},\"image\":{\"@id\":\"https:\\\/\\\/ebrexperience.cat\\\/es\\\/events\\\/la-queta\\\/#primaryimage\"},\"thumbnailUrl\":\"https:\\\/\\\/ebrexperience.cat\\\/wp-content\\\/uploads\\\/2023\\\/10\\\/LA-QUETA-A-TORTOSA.png\",\"datePublished\":\"2023-10-24T11:44:25+00:00\",\"dateModified\":\"2023-10-24T15:15:00+00:00\",\"breadcrumb\":{\"@id\":\"https:\\\/\\\/ebrexperience.cat\\\/es\\\/events\\\/la-queta\\\/#breadcrumb\"},\"inLanguage\":\"es\",\"potentialAction\":[{\"@type\":\"ReadAction\",\"target\":[\"https:\\\/\\\/ebrexperience.cat\\\/es\\\/events\\\/la-queta\\\/\"]}]},{\"@type\":\"ImageObject\",\"inLanguage\":\"es\",\"@id\":\"https:\\\/\\\/ebrexperience.cat\\\/es\\\/events\\\/la-queta\\\/#primaryimage\",\"url\":\"https:\\\/\\\/ebrexperience.cat\\\/wp-content\\\/uploads\\\/2023\\\/10\\\/LA-QUETA-A-TORTOSA.png\",\"contentUrl\":\"https:\\\/\\\/ebrexperience.cat\\\/wp-content\\\/uploads\\\/2023\\\/10\\\/LA-QUETA-A-TORTOSA.png\",\"width\":724,\"height\":1024,\"caption\":\"la queta podcast tortosa\"},{\"@type\":\"BreadcrumbList\",\"@id\":\"https:\\\/\\\/ebrexperience.cat\\\/es\\\/events\\\/la-queta\\\/#breadcrumb\",\"itemListElement\":[{\"@type\":\"ListItem\",\"position\":1,\"name\":\"Portada\",\"item\":\"https:\\\/\\\/ebrexperience.cat\\\/es\\\/\"},{\"@type\":\"ListItem\",\"position\":2,\"name\":\"Events\",\"item\":\"https:\\\/\\\/ebrexperience.cat\\\/events\\\/\"},{\"@type\":\"ListItem\",\"position\":3,\"name\":\"El podcast de la Queta en Tortosa\"}]},{\"@type\":\"WebSite\",\"@id\":\"https:\\\/\\\/ebrexperience.cat\\\/#website\",\"url\":\"https:\\\/\\\/ebrexperience.cat\\\/\",\"name\":\"Ebrexperience\",\"description\":\"\",\"publisher\":{\"@id\":\"https:\\\/\\\/ebrexperience.cat\\\/#organization\"},\"potentialAction\":[{\"@type\":\"SearchAction\",\"target\":{\"@type\":\"EntryPoint\",\"urlTemplate\":\"https:\\\/\\\/ebrexperience.cat\\\/?s={search_term_string}\"},\"query-input\":{\"@type\":\"PropertyValueSpecification\",\"valueRequired\":true,\"valueName\":\"search_term_string\"}}],\"inLanguage\":\"es\"},{\"@type\":\"Organization\",\"@id\":\"https:\\\/\\\/ebrexperience.cat\\\/#organization\",\"name\":\"Ebrexperience\",\"url\":\"https:\\\/\\\/ebrexperience.cat\\\/\",\"logo\":{\"@type\":\"ImageObject\",\"inLanguage\":\"es\",\"@id\":\"https:\\\/\\\/ebrexperience.cat\\\/#\\\/schema\\\/logo\\\/image\\\/\",\"url\":\"https:\\\/\\\/ebrexperience.cat\\\/wp-content\\\/uploads\\\/2023\\\/03\\\/logo.png\",\"contentUrl\":\"https:\\\/\\\/ebrexperience.cat\\\/wp-content\\\/uploads\\\/2023\\\/03\\\/logo.png\",\"width\":252,\"height\":45,\"caption\":\"Ebrexperience\"},\"image\":{\"@id\":\"https:\\\/\\\/ebrexperience.cat\\\/#\\\/schema\\\/logo\\\/image\\\/\"},\"sameAs\":[\"https:\\\/\\\/www.facebook.com\\\/EbreXperience\\\/\",\"https:\\\/\\\/x.com\\\/ebrexperience\",\"https:\\\/\\\/www.instagram.com\\\/ebrexperience\\\/\"]}]}<\/script>\n<!-- \/ Yoast SEO plugin. -->","yoast_head_json":{"title":"El podcast de la Queta en Tortosa - Ebrexperience","robots":{"index":"index","follow":"follow","max-snippet":"max-snippet:-1","max-image-preview":"max-image-preview:large","max-video-preview":"max-video-preview:-1"},"canonical":"https:\/\/ebrexperience.cat\/es\/events\/la-queta\/","og_locale":"es_ES","og_type":"article","og_title":"El podcast de la Queta en Tortosa - Ebrexperience","og_description":"Participa&#13; El podcast de la Queta en Tortosa. Es una acci\u00f3n itinerante que impulsa el Govern para concienciar a la ciudadan\u00eda sobre el uso del catal\u00e1n, en el marco de la campa\u00f1a &#8216;Provemoslo en catal\u00e1n. Muy por&#13; hablar, mucho por vivir&#8217; de fomento de la lengua. El podcast de la Queta se graba en una &hellip;","og_url":"https:\/\/ebrexperience.cat\/es\/events\/la-queta\/","og_site_name":"Ebrexperience","article_publisher":"https:\/\/www.facebook.com\/EbreXperience\/","article_modified_time":"2023-10-24T15:15:00+00:00","og_image":[{"width":724,"height":1024,"url":"https:\/\/ebrexperience.cat\/wp-content\/uploads\/2023\/10\/LA-QUETA-A-TORTOSA.png","type":"image\/png"}],"twitter_card":"summary_large_image","twitter_site":"@ebrexperience","twitter_misc":{"Tiempo de lectura":"1 minuto"},"schema":{"@context":"https:\/\/schema.org","@graph":[{"@type":"WebPage","@id":"https:\/\/ebrexperience.cat\/es\/events\/la-queta\/","url":"https:\/\/ebrexperience.cat\/es\/events\/la-queta\/","name":"El podcast de la Queta en Tortosa - Ebrexperience","isPartOf":{"@id":"https:\/\/ebrexperience.cat\/#website"},"primaryImageOfPage":{"@id":"https:\/\/ebrexperience.cat\/es\/events\/la-queta\/#primaryimage"},"image":{"@id":"https:\/\/ebrexperience.cat\/es\/events\/la-queta\/#primaryimage"},"thumbnailUrl":"https:\/\/ebrexperience.cat\/wp-content\/uploads\/2023\/10\/LA-QUETA-A-TORTOSA.png","datePublished":"2023-10-24T11:44:25+00:00","dateModified":"2023-10-24T15:15:00+00:00","breadcrumb":{"@id":"https:\/\/ebrexperience.cat\/es\/events\/la-queta\/#breadcrumb"},"inLanguage":"es","potentialAction":[{"@type":"ReadAction","target":["https:\/\/ebrexperience.cat\/es\/events\/la-queta\/"]}]},{"@type":"ImageObject","inLanguage":"es","@id":"https:\/\/ebrexperience.cat\/es\/events\/la-queta\/#primaryimage","url":"https:\/\/ebrexperience.cat\/wp-content\/uploads\/2023\/10\/LA-QUETA-A-TORTOSA.png","contentUrl":"https:\/\/ebrexperience.cat\/wp-content\/uploads\/2023\/10\/LA-QUETA-A-TORTOSA.png","width":724,"height":1024,"caption":"la queta podcast tortosa"},{"@type":"BreadcrumbList","@id":"https:\/\/ebrexperience.cat\/es\/events\/la-queta\/#breadcrumb","itemListElement":[{"@type":"ListItem","position":1,"name":"Portada","item":"https:\/\/ebrexperience.cat\/es\/"},{"@type":"ListItem","position":2,"name":"Events","item":"https:\/\/ebrexperience.cat\/events\/"},{"@type":"ListItem","position":3,"name":"El podcast de la Queta en Tortosa"}]},{"@type":"WebSite","@id":"https:\/\/ebrexperience.cat\/#website","url":"https:\/\/ebrexperience.cat\/","name":"Ebrexperience","description":"","publisher":{"@id":"https:\/\/ebrexperience.cat\/#organization"},"potentialAction":[{"@type":"SearchAction","target":{"@type":"EntryPoint","urlTemplate":"https:\/\/ebrexperience.cat\/?s={search_term_string}"},"query-input":{"@type":"PropertyValueSpecification","valueRequired":true,"valueName":"search_term_string"}}],"inLanguage":"es"},{"@type":"Organization","@id":"https:\/\/ebrexperience.cat\/#organization","name":"Ebrexperience","url":"https:\/\/ebrexperience.cat\/","logo":{"@type":"ImageObject","inLanguage":"es","@id":"https:\/\/ebrexperience.cat\/#\/schema\/logo\/image\/","url":"https:\/\/ebrexperience.cat\/wp-content\/uploads\/2023\/03\/logo.png","contentUrl":"https:\/\/ebrexperience.cat\/wp-content\/uploads\/2023\/03\/logo.png","width":252,"height":45,"caption":"Ebrexperience"},"image":{"@id":"https:\/\/ebrexperience.cat\/#\/schema\/logo\/image\/"},"sameAs":["https:\/\/www.facebook.com\/EbreXperience\/","https:\/\/x.com\/ebrexperience","https:\/\/www.instagram.com\/ebrexperience\/"]}]}},"_links":{"self":[{"href":"https:\/\/ebrexperience.cat\/es\/wp-json\/wp\/v2\/ajde_events\/20068","targetHints":{"allow":["GET"]}}],"collection":[{"href":"https:\/\/ebrexperience.cat\/es\/wp-json\/wp\/v2\/ajde_events"}],"about":[{"href":"https:\/\/ebrexperience.cat\/es\/wp-json\/wp\/v2\/types\/ajde_events"}],"author":[{"embeddable":true,"href":"https:\/\/ebrexperience.cat\/es\/wp-json\/wp\/v2\/users\/96"}],"replies":[{"embeddable":true,"href":"https:\/\/ebrexperience.cat\/es\/wp-json\/wp\/v2\/comments?post=20068"}],"wp:featuredmedia":[{"embeddable":true,"href":"https:\/\/ebrexperience.cat\/es\/wp-json\/wp\/v2\/media\/20067"}],"wp:attachment":[{"href":"https:\/\/ebrexperience.cat\/es\/wp-json\/wp\/v2\/media?parent=20068"}],"wp:term":[{"taxonomy":"post_tag","embeddable":true,"href":"https:\/\/ebrexperience.cat\/es\/wp-json\/wp\/v2\/tags?post=20068"},{"taxonomy":"event_type","embeddable":true,"href":"https:\/\/ebrexperience.cat\/es\/wp-json\/wp\/v2\/event_type?post=20068"},{"taxonomy":"event_type_2","embeddable":true,"href":"https:\/\/ebrexperience.cat\/es\/wp-json\/wp\/v2\/event_type_2?post=20068"},{"taxonomy":"event_type_3","embeddable":true,"href":"https:\/\/ebrexperience.cat\/es\/wp-json\/wp\/v2\/event_type_3?post=20068"}],"curies":[{"name":"wp","href":"https:\/\/api.w.org\/{rel}","templated":true}]}}

<p>Participa&#13;
El podcast de la Queta en Tortosa. Es una acción itinerante que impulsa el Govern para concienciar a la ciudadanía sobre el uso del catalán, en el marco de la campaña &#8216;Provemoslo en catalán. Muy por&#13;
hablar, mucho por vivir&#8217; de fomento de la lengua. El podcast de la Queta se graba en una cabina de radio móvil en la que pueden participar todos los ciudadanos de Cataluña, con la voluntad de acabar haciendo el&#13;
mayor podcast que se haya grabado nunca en Cataluña, con el máximo número de voces.&#13;
<a href="https://ebrexperience.cat/es/el-podcast-de-la-queta-llega-a-tortosa/">Ir a la noticia entera</a>&#13;
<a href="https://moltperparlar.cat/el-podcast-de-la-queta/">Más info de la Queta</a>&#13;
<a href="https://ebrexperience.cat/es/agenda/">Agenda</a></p>

<!-- This site is optimized with the Yoast SEO plugin v27.5 - https://yoast.com/product/yoast-seo-wordpress/ -->
<title>El podcast de la Queta en Tortosa - Ebrexperience</title>
<meta name="robots" content="index, follow, max-snippet:-1, max-image-preview:large, max-video-preview:-1" />
<link rel="canonical" href="https://ebrexperience.cat/es/events/la-queta/" />
<meta property="og:locale" content="es_ES" />
<meta property="og:type" content="article" />
<meta property="og:title" content="El podcast de la Queta en Tortosa - Ebrexperience" />
<meta property="og:description" content="Participa&#013; El podcast de la Queta en Tortosa. Es una acción itinerante que impulsa el Govern para concienciar a la ciudadanía sobre el uso del catalán, en el marco de la campaña &#8216;Provemoslo en catalán. Muy por&#013; hablar, mucho por vivir&#8217; de fomento de la lengua. El podcast de la Queta se graba en una &hellip;" />
<meta property="og:url" content="https://ebrexperience.cat/es/events/la-queta/" />
<meta property="og:site_name" content="Ebrexperience" />
<meta property="article:publisher" content="https://www.facebook.com/EbreXperience/" />
<meta property="article:modified_time" content="2023-10-24T15:15:00+00:00" />
<meta property="og:image" content="https://ebrexperience.cat/wp-content/uploads/2023/10/LA-QUETA-A-TORTOSA.png" />
	<meta property="og:image:width" content="724" />
	<meta property="og:image:height" content="1024" />
	<meta property="og:image:type" content="image/png" />
<meta name="twitter:card" content="summary_large_image" />
<meta name="twitter:site" content="@ebrexperience" />
<meta name="twitter:label1" content="Tiempo de lectura" />
	<meta name="twitter:data1" content="1 minuto" />
<script type="application/ld+json" class="yoast-schema-graph">{"@context":"https:\/\/schema.org","@graph":[{"@type":"WebPage","@id":"https:\/\/ebrexperience.cat\/es\/events\/la-queta\/","url":"https:\/\/ebrexperience.cat\/es\/events\/la-queta\/","name":"El podcast de la Queta en Tortosa - Ebrexperience","isPartOf":{"@id":"https:\/\/ebrexperience.cat\/#website"},"primaryImageOfPage":{"@id":"https:\/\/ebrexperience.cat\/es\/events\/la-queta\/#primaryimage"},"image":{"@id":"https:\/\/ebrexperience.cat\/es\/events\/la-queta\/#primaryimage"},"thumbnailUrl":"https:\/\/ebrexperience.cat\/wp-content\/uploads\/2023\/10\/LA-QUETA-A-TORTOSA.png","datePublished":"2023-10-24T11:44:25+00:00","dateModified":"2023-10-24T15:15:00+00:00","breadcrumb":{"@id":"https:\/\/ebrexperience.cat\/es\/events\/la-queta\/#breadcrumb"},"inLanguage":"es","potentialAction":[{"@type":"ReadAction","target":["https:\/\/ebrexperience.cat\/es\/events\/la-queta\/"]}]},{"@type":"ImageObject","inLanguage":"es","@id":"https:\/\/ebrexperience.cat\/es\/events\/la-queta\/#primaryimage","url":"https:\/\/ebrexperience.cat\/wp-content\/uploads\/2023\/10\/LA-QUETA-A-TORTOSA.png","contentUrl":"https:\/\/ebrexperience.cat\/wp-content\/uploads\/2023\/10\/LA-QUETA-A-TORTOSA.png","width":724,"height":1024,"caption":"la queta podcast tortosa"},{"@type":"BreadcrumbList","@id":"https:\/\/ebrexperience.cat\/es\/events\/la-queta\/#breadcrumb","itemListElement":[{"@type":"ListItem","position":1,"name":"Portada","item":"https:\/\/ebrexperience.cat\/es\/"},{"@type":"ListItem","position":2,"name":"Events","item":"https:\/\/ebrexperience.cat\/events\/"},{"@type":"ListItem","position":3,"name":"El podcast de la Queta en Tortosa"}]},{"@type":"WebSite","@id":"https:\/\/ebrexperience.cat\/#website","url":"https:\/\/ebrexperience.cat\/","name":"Ebrexperience","description":"","publisher":{"@id":"https:\/\/ebrexperience.cat\/#organization"},"potentialAction":[{"@type":"SearchAction","target":{"@type":"EntryPoint","urlTemplate":"https:\/\/ebrexperience.cat\/?s={search_term_string}"},"query-input":{"@type":"PropertyValueSpecification","valueRequired":true,"valueName":"search_term_string"}}],"inLanguage":"es"},{"@type":"Organization","@id":"https:\/\/ebrexperience.cat\/#organization","name":"Ebrexperience","url":"https:\/\/ebrexperience.cat\/","logo":{"@type":"ImageObject","inLanguage":"es","@id":"https:\/\/ebrexperience.cat\/#\/schema\/logo\/image\/","url":"https:\/\/ebrexperience.cat\/wp-content\/uploads\/2023\/03\/logo.png","contentUrl":"https:\/\/ebrexperience.cat\/wp-content\/uploads\/2023\/03\/logo.png","width":252,"height":45,"caption":"Ebrexperience"},"image":{"@id":"https:\/\/ebrexperience.cat\/#\/schema\/logo\/image\/"},"sameAs":["https:\/\/www.facebook.com\/EbreXperience\/","https:\/\/x.com\/ebrexperience","https:\/\/www.instagram.com\/ebrexperience\/"]}]}</script>
<!-- / Yoast SEO plugin. -->

Participa&#13; El podcast de la Queta en Tortosa. Es una acción itinerante que impulsa el Govern para concienciar a la ciudadanía sobre el uso del catalán, en el marco de la campaña &#8216;Provemoslo en catalán. Muy por&#13; hablar, mucho por vivir&#8217; de fomento de la lengua. El podcast de la Queta se graba en una &hellip;
