{"version":"1.0","provider_name":"Ebrexperience","provider_url":"https:\/\/ebrexperience.cat\/es\/","author_name":"EbreXperience","author_url":"https:\/\/ebrexperience.cat\/es\/author\/ebrexperience\/","title":"I Jornadas de memoria democr\u00e1tica - Ebrexperience","type":"rich","width":600,"height":338,"html":"<blockquote class=\"wp-embedded-content\" data-secret=\"rwKjOp5GNY\"><a href=\"https:\/\/ebrexperience.cat\/es\/events\/i-jornadas-de-memoria-democratica\/\">I Jornadas de memoria democr\u00e1tica<\/a><\/blockquote><iframe sandbox=\"allow-scripts\" security=\"restricted\" src=\"https:\/\/ebrexperience.cat\/es\/events\/i-jornadas-de-memoria-democratica\/embed\/#?secret=rwKjOp5GNY\" width=\"600\" height=\"338\" title=\"\u00abI Jornadas de memoria democr\u00e1tica\u00bb \u2014 Ebrexperience\" data-secret=\"rwKjOp5GNY\" frameborder=\"0\" marginwidth=\"0\" marginheight=\"0\" scrolling=\"no\" class=\"wp-embedded-content\"><\/iframe><script type=\"text\/javascript\">\n\/* <![CDATA[ *\/\n\/*! This file is auto-generated *\/\n!function(d,l){\"use strict\";l.querySelector&&d.addEventListener&&\"undefined\"!=typeof URL&&(d.wp=d.wp||{},d.wp.receiveEmbedMessage||(d.wp.receiveEmbedMessage=function(e){var t=e.data;if((t||t.secret||t.message||t.value)&&!\/[^a-zA-Z0-9]\/.test(t.secret)){for(var s,r,n,a=l.querySelectorAll('iframe[data-secret=\"'+t.secret+'\"]'),o=l.querySelectorAll('blockquote[data-secret=\"'+t.secret+'\"]'),c=new RegExp(\"^https?:$\",\"i\"),i=0;i<o.length;i++)o[i].style.display=\"none\";for(i=0;i<a.length;i++)s=a[i],e.source===s.contentWindow&&(s.removeAttribute(\"style\"),\"height\"===t.message?(1e3<(r=parseInt(t.value,10))?r=1e3:~~r<200&&(r=200),s.height=r):\"link\"===t.message&&(r=new URL(s.getAttribute(\"src\")),n=new URL(t.value),c.test(n.protocol))&&n.host===r.host&&l.activeElement===s&&(d.top.location.href=t.value))}},d.addEventListener(\"message\",d.wp.receiveEmbedMessage,!1),l.addEventListener(\"DOMContentLoaded\",function(){for(var e,t,s=l.querySelectorAll(\"iframe.wp-embedded-content\"),r=0;r<s.length;r++)(t=(e=s[r]).getAttribute(\"data-secret\"))||(t=Math.random().toString(36).substring(2,12),e.src+=\"#?secret=\"+t,e.setAttribute(\"data-secret\",t)),e.contentWindow.postMessage({message:\"ready\",secret:t},\"*\")},!1)))}(window,document);\n\/\/# sourceURL=https:\/\/ebrexperience.cat\/wp-includes\/js\/wp-embed.min.js\n\/* ]]> *\/\n<\/script>\n","thumbnail_url":"https:\/\/ebrexperience.cat\/wp-content\/uploads\/2023\/11\/cartell-I-jornades-memoria-democratica-la-senia.jpeg","thumbnail_width":1131,"thumbnail_height":1600,"description":"\u201cMuros con recuerdos. Memoria del silencio,\u201d El s\u00e1bado 18 de noviembre marca el inicio de las Primeras Jornadas de Memoria Democr\u00e1tica en La S\u00e9nia, una iniciativa que busca acercarse al pasado reciente con el objetivo de mantener viva la llama de los valores democr\u00e1ticos que han marcado la historia de la localidad. Las jornadas, organizadas &hellip;"}

I Jornadas de memoria democrática - Ebrexperience

<blockquote class="wp-embedded-content" data-secret="rwKjOp5GNY"><a href="https://ebrexperience.cat/es/events/i-jornadas-de-memoria-democratica/">I Jornadas de memoria democrática</a></blockquote><iframe sandbox="allow-scripts" security="restricted" src="https://ebrexperience.cat/es/events/i-jornadas-de-memoria-democratica/embed/#?secret=rwKjOp5GNY" width="600" height="338" title="«I Jornadas de memoria democrática» — Ebrexperience" data-secret="rwKjOp5GNY" frameborder="0" marginwidth="0" marginheight="0" scrolling="no" class="wp-embedded-content"></iframe><script type="text/javascript">
/* <![CDATA[ */
/*! This file is auto-generated */
!function(d,l){"use strict";l.querySelector&&d.addEventListener&&"undefined"!=typeof URL&&(d.wp=d.wp||{},d.wp.receiveEmbedMessage||(d.wp.receiveEmbedMessage=function(e){var t=e.data;if((t||t.secret||t.message||t.value)&&!/[^a-zA-Z0-9]/.test(t.secret)){for(var s,r,n,a=l.querySelectorAll('iframe[data-secret="'+t.secret+'"]'),o=l.querySelectorAll('blockquote[data-secret="'+t.secret+'"]'),c=new RegExp("^https?:$","i"),i=0;i<o.length;i++)o[i].style.display="none";for(i=0;i<a.length;i++)s=a[i],e.source===s.contentWindow&&(s.removeAttribute("style"),"height"===t.message?(1e3<(r=parseInt(t.value,10))?r=1e3:~~r<200&&(r=200),s.height=r):"link"===t.message&&(r=new URL(s.getAttribute("src")),n=new URL(t.value),c.test(n.protocol))&&n.host===r.host&&l.activeElement===s&&(d.top.location.href=t.value))}},d.addEventListener("message",d.wp.receiveEmbedMessage,!1),l.addEventListener("DOMContentLoaded",function(){for(var e,t,s=l.querySelectorAll("iframe.wp-embedded-content"),r=0;r<s.length;r++)(t=(e=s[r]).getAttribute("data-secret"))||(t=Math.random().toString(36).substring(2,12),e.src+="#?secret="+t,e.setAttribute("data-secret",t)),e.contentWindow.postMessage({message:"ready",secret:t},"*")},!1)))}(window,document);
//# sourceURL=https://ebrexperience.cat/wp-includes/js/wp-embed.min.js
/* ]]> */
</script>

“Muros con recuerdos. Memoria del silencio,” El sábado 18 de noviembre marca el inicio de las Primeras Jornadas de Memoria Democrática en La Sénia, una iniciativa que busca acercarse al pasado reciente con el objetivo de mantener viva la llama de los valores democráticos que han marcado la historia de la localidad. Las jornadas, organizadas &hellip;
